703
CDUS46 KLOX 270901
CLIPRB


CLIMATE REPORT
NATIONAL WEATHER SERVICE LOS ANGELES/OXNARD CA
201 AM PDT TUE SEP 27 2016


...................................

...THE PASO ROBLES AIRPORT CA CLIMATE SUMMARY FOR SEPTEMBER 26 2016...

CLIMATE NORMAL PERIOD 1981 TO 2010
CLIMATE RECORD PERIOD 1948 TO 2016


WEATHER ITEM   OBSERVED TIME   RECORD YEAR NORMAL DEPARTURE LAST
                VALUE   (LST)  VALUE       VALUE  FROM      YEAR
                                                  NORMAL
..................................................................
TEMPERATURE (F)
 YESTERDAY
  MAXIMUM        102    225 PM 107    2009  86     16       97
  MINIMUM         50    602 AM  34    1948  49      1       54
  AVERAGE         76                        67      9       76

PRECIPITATION (IN)
  YESTERDAY        0.00          0.01 2005   0.02  -0.02     0.00
  MONTH TO DATE    0.00                      0.17  -0.17     0.05
  SINCE OCT 1      8.06                     12.73  -4.67    11.03
  SINCE JAN 1      6.00                      9.07  -3.07     5.31

SNOWFALL (IN)
  YESTERDAY        0.0
  MONTH TO DATE    0.0
  SINCE SEP 1      0.0
  SINCE JUL 1      0.0

DEGREE DAYS
 HEATING
  YESTERDAY        0                         2     -2        0
  MONTH TO DATE   18                        15      3        4
  SINCE SEP 1     18                        15      3        4
  SINCE JUL 1     18                        23     -5        4

 COOLING
  YESTERDAY       11                         4      7       11
  MONTH TO DATE  137                       145     -8      219
  SINCE SEP 1    137                       145     -8      219
  SINCE JAN 1   1026                       878    148     1158
..................................................................


WIND (MPH)
  HIGHEST WIND SPEED    18   HIGHEST WIND DIRECTION     E (90)
  HIGHEST GUST SPEED    24   HIGHEST GUST DIRECTION     E (80)
  AVERAGE WIND SPEED     4.1


SKY COVER
  POSSIBLE SUNSHINE  MM
  AVERAGE SKY COVER 0.0


WEATHER CONDITIONS
 THE FOLLOWING WEATHER WAS RECORDED YESTERDAY.
  NO SIGNIFICANT WEATHER WAS OBSERVED.


RELATIVE HUMIDITY (PERCENT)
 HIGHEST    52           600 AM
 LOWEST      6           200 PM
 AVERAGE    29

..........................................................


THE PASO ROBLES AIRPORT CA CLIMATE NORMALS FOR TODAY
                         NORMAL    RECORD    YEAR
 MAXIMUM TEMPERATURE (F)   85       108      2010
 MINIMUM TEMPERATURE (F)   49        38      2013


SUNRISE AND SUNSET
SEPTEMBER 27 2016.....SUNRISE   655 AM PDT   SUNSET   651 PM PDT
SEPTEMBER 28 2016.....SUNRISE   656 AM PDT   SUNSET   650 PM PDT


-  INDICATES NEGATIVE NUMBERS.
R  INDICATES RECORD WAS SET OR TIED.
MM INDICATES DATA IS MISSING.
T  INDICATES TRACE AMOUNT.




$$
