120
CDUS46 KLOX 220128
CLIPRB


CLIMATE REPORT
NATIONAL WEATHER SERVICE LOS ANGELES/OXNARD CA
628 PM PDT SAT OCT 21 2017


...................................

...THE PASO ROBLES AIRPORT CA CLIMATE SUMMARY FOR OCTOBER 21 2017...
VALID TODAY AS OF 0600 PM LOCAL TIME.

CLIMATE NORMAL PERIOD 1981 TO 2010
CLIMATE RECORD PERIOD 1948 TO 2017


WEATHER ITEM   OBSERVED TIME   RECORD YEAR NORMAL DEPARTURE LAST
                VALUE   (LST)  VALUE       VALUE  FROM      YEAR
                                                  NORMAL
..................................................................
TEMPERATURE (F)
 TODAY
  MAXIMUM         74    354 PM  98    2003  77     -3       89
  MINIMUM         37    629 AM  27    1949  43     -6       45
  AVERAGE         56                        60     -4       67

PRECIPITATION (IN)
  TODAY            0.00          0.43 1985   0.02  -0.02     0.00
  MONTH TO DATE    0.08                      0.33  -0.25     0.15
  SINCE OCT 1      0.08                      0.33  -0.25     0.15
  SINCE JAN 1     12.57                      9.45   3.12     6.15

SNOWFALL (IN)
  TODAY            0.0
  MONTH TO DATE    0.0
  SINCE SEP 1      0.0
  SINCE JUL 1      0.0

DEGREE DAYS
 HEATING
  TODAY            9                         5      4        0
  MONTH TO DATE   73                        72      1       65
  SINCE SEP 1     89                        96     -7       83
  SINCE JUL 1     90                       104    -14       83

 COOLING
  TODAY            0                         0      0        2
  MONTH TO DATE   16                        34    -18       12
  SINCE SEP 1    240                       192     48      176
  SINCE JAN 1   1340                       925    415     1065
..................................................................


WIND (MPH)
  HIGHEST WIND SPEED    17   HIGHEST WIND DIRECTION     E (90)
  HIGHEST GUST SPEED    22   HIGHEST GUST DIRECTION     E (90)
  AVERAGE WIND SPEED     6.5


SKY COVER
  POSSIBLE SUNSHINE  MM
  AVERAGE SKY COVER 0.0


WEATHER CONDITIONS
 THE FOLLOWING WEATHER WAS RECORDED TODAY.
  NO SIGNIFICANT WEATHER WAS OBSERVED.


RELATIVE HUMIDITY (PERCENT)
 HIGHEST   100           600 AM
 LOWEST     25           400 PM
 AVERAGE    63

..........................................................


THE PASO ROBLES AIRPORT CA CLIMATE NORMALS FOR TOMORROW
                         NORMAL    RECORD    YEAR
 MAXIMUM TEMPERATURE (F)   77        94      1965
 MINIMUM TEMPERATURE (F)   43        28      1996


SUNRISE AND SUNSET
OCTOBER 21 2017.......SUNRISE   715 AM PDT   SUNSET   619 PM PDT
OCTOBER 22 2017.......SUNRISE   716 AM PDT   SUNSET   618 PM PDT


-  INDICATES NEGATIVE NUMBERS.
R  INDICATES RECORD WAS SET OR TIED.
MM INDICATES DATA IS MISSING.
T  INDICATES TRACE AMOUNT.




$$
