553
CDUS46 KLOX 310126
CLIPRB


CLIMATE REPORT
NATIONAL WEATHER SERVICE LOS ANGELES/OXNARD CA
626 PM PDT THU MAR 30 2017


...................................

...THE PASO ROBLES AIRPORT CA CLIMATE SUMMARY FOR MARCH 30 2017...
VALID TODAY AS OF 0600 PM LOCAL TIME.

CLIMATE NORMAL PERIOD 1981 TO 2010
CLIMATE RECORD PERIOD 1948 TO 2017


WEATHER ITEM   OBSERVED TIME   RECORD YEAR NORMAL DEPARTURE LAST
                VALUE   (LST)  VALUE       VALUE  FROM      YEAR
                                                  NORMAL
..................................................................
TEMPERATURE (F)
 TODAY
  MAXIMUM         69    259 PM  90    2015  69      0       70
  MINIMUM         48    627 AM  30    1977  40      8       31
  AVERAGE         59                        54      5       51

PRECIPITATION (IN)
  TODAY            0.00          0.46 1978   0.05  -0.05     0.00
  MONTH TO DATE    0.53                      2.44  -1.91     2.03
  SINCE OCT 1     15.01                     11.44   3.57     7.90
  SINCE JAN 1     11.33                      7.78   3.55     5.84

SNOWFALL (IN)
  TODAY            0.0
  MONTH TO DATE    0.0
  SINCE MAR 1      0.0
  SINCE JUL 1      0.0

DEGREE DAYS
 HEATING
  TODAY            6                        11     -5       14
  MONTH TO DATE  275                       356    -81      270
  SINCE MAR 1    275                       356    -81      270
  SINCE JUL 1   2076                      2449   -373     2057

 COOLING
  TODAY            0                         0      0        0
  MONTH TO DATE    0                         0      0        0
  SINCE MAR 1      0                         0      0        0
  SINCE JAN 1      0                         0      0        0
..................................................................


WIND (MPH)
  HIGHEST WIND SPEED    28   HIGHEST WIND DIRECTION    NW (310)
  HIGHEST GUST SPEED    35   HIGHEST GUST DIRECTION    NW (320)
  AVERAGE WIND SPEED    13.6


SKY COVER
  POSSIBLE SUNSHINE  MM
  AVERAGE SKY COVER 0.2


WEATHER CONDITIONS
 THE FOLLOWING WEATHER WAS RECORDED TODAY.
  NO SIGNIFICANT WEATHER WAS OBSERVED.


RELATIVE HUMIDITY (PERCENT)
 HIGHEST   100           300 AM
 LOWEST     24           200 PM
 AVERAGE    62

..........................................................


THE PASO ROBLES AIRPORT CA CLIMATE NORMALS FOR TOMORROW
                         NORMAL    RECORD    YEAR
 MAXIMUM TEMPERATURE (F)   69        91      1966
 MINIMUM TEMPERATURE (F)   40        27      1977


SUNRISE AND SUNSET
MARCH 30 2017.........SUNRISE   651 AM PDT   SUNSET   723 PM PDT
MARCH 31 2017.........SUNRISE   650 AM PDT   SUNSET   724 PM PDT


-  INDICATES NEGATIVE NUMBERS.
R  INDICATES RECORD WAS SET OR TIED.
MM INDICATES DATA IS MISSING.
T  INDICATES TRACE AMOUNT.




$$
