000
CDUS46 KLOX 280915
CLIPRB


CLIMATE REPORT
NATIONAL WEATHER SERVICE LOS ANGELES/OXNARD CA
215 AM PDT SAT MAR 28 2015


...................................

...THE PASO ROBLES AIRPORT CA CLIMATE SUMMARY FOR MARCH 27 2015...

CLIMATE NORMAL PERIOD 1981 TO 2010
CLIMATE RECORD PERIOD 1948 TO 2015


WEATHER ITEM   OBSERVED TIME   RECORD YEAR NORMAL DEPARTURE LAST
                VALUE   (LST)  VALUE       VALUE  FROM      YEAR
                                                  NORMAL
..................................................................
TEMPERATURE (F)
 YESTERDAY
  MAXIMUM         93R   235 PM  83    1969  68     25       68
  MINIMUM         44    529 AM  25    1972  40      4       39
  AVERAGE         69                        54     15       54

PRECIPITATION (IN)
  YESTERDAY        0.00          1.04 1958   0.06  -0.06     0.00
  MONTH TO DATE    0.02                      2.28  -2.26     0.82
  SINCE OCT 1      8.05                     11.28  -3.23     3.94
  SINCE JAN 1      2.33                      7.62  -5.29     3.48

SNOWFALL (IN)
  YESTERDAY        0.0
  MONTH TO DATE    0.0
  SINCE MAR 1      0.0
  SINCE JUL 1      0.0

DEGREE DAYS
 HEATING
  YESTERDAY        0                        11    -11       11
  MONTH TO DATE  157                       323   -166      194
  SINCE MAR 1    157                       323   -166      194
  SINCE JUL 1   1517                      2416   -899     1899

 COOLING
  YESTERDAY        4                         0      4        0
  MONTH TO DATE   16                         0     16        0
  SINCE MAR 1     16                         0     16        0
  SINCE JAN 1     16                         0     16        0
..................................................................


WIND (MPH)
  HIGHEST WIND SPEED    18   HIGHEST WIND DIRECTION    NW (310)
  HIGHEST GUST SPEED    23   HIGHEST GUST DIRECTION     W (290)
  AVERAGE WIND SPEED     5.8


SKY COVER
  POSSIBLE SUNSHINE  MM
  AVERAGE SKY COVER 0.0


WEATHER CONDITIONS
 THE FOLLOWING WEATHER WAS RECORDED YESTERDAY.
  NO SIGNIFICANT WEATHER WAS OBSERVED.


RELATIVE HUMIDITY (PERCENT)
 HIGHEST    77          1100 PM
 LOWEST     12           300 PM
 AVERAGE    45

..........................................................


THE PASO ROBLES AIRPORT CA CLIMATE NORMALS FOR TODAY
                         NORMAL    RECORD    YEAR
 MAXIMUM TEMPERATURE (F)   68        85      1969
 MINIMUM TEMPERATURE (F)   40        25      1975


SUNRISE AND SUNSET
MARCH 28 2015.........SUNRISE   655 AM PDT   SUNSET   721 PM PDT
MARCH 29 2015.........SUNRISE   653 AM PDT   SUNSET   722 PM PDT


-  INDICATES NEGATIVE NUMBERS.
R  INDICATES RECORD WAS SET OR TIED.
MM INDICATES DATA IS MISSING.
T  INDICATES TRACE AMOUNT.




$$
