000
CDUS46 KLOX 280111
CLIPRB


CLIMATE REPORT
NATIONAL WEATHER SERVICE LOS ANGELES/OXNARD CA
511 PM PST SAT DEC 27 2014


...................................

...THE PASO ROBLES AIRPORT CA CLIMATE SUMMARY FOR DECEMBER 27 2014...
VALID TODAY AS OF 0500 PM LOCAL TIME.

CLIMATE NORMAL PERIOD 1981 TO 2010
CLIMATE RECORD PERIOD 1948 TO 2014


WEATHER ITEM   OBSERVED TIME   RECORD YEAR NORMAL DEPARTURE LAST
                VALUE   (LST)  VALUE       VALUE  FROM      YEAR
                                                  NORMAL
..................................................................
TEMPERATURE (F)
 TODAY
  MAXIMUM         58    254 PM  75    1999  59     -1       71
  MINIMUM         29    730 AM  17    1990  33     -4       26
  AVERAGE         44                        46     -2       49

PRECIPITATION (IN)
  TODAY            0.00          2.05 1977   0.08  -0.08     0.00
  MONTH TO DATE    4.45                      1.69   2.76     0.17
  SINCE JUL 1      5.67                      3.67   2.00     0.46
  SINCE JAN 1     10.13                     12.46  -2.33     1.92

SNOWFALL (IN)
  TODAY            0.0
  MONTH TO DATE    0.0
  SINCE DEC 1      0.0
  SINCE JUL 1      0.0

DEGREE DAYS
 HEATING
  TODAY           21                        19      2       16
  MONTH TO DATE  299                       500   -201      519
  SINCE DEC 1    299                       500   -201      519
  SINCE JUL 1    578                      1049   -471      971

 COOLING
  TODAY            0                         0      0        0
  MONTH TO DATE    0                         0      0        0
  SINCE DEC 1      0                         0      0        0
  SINCE JAN 1   1357                       927    430     1173
..................................................................


WIND (MPH)
  HIGHEST WIND SPEED     8   HIGHEST WIND DIRECTION    SW (240)
  HIGHEST GUST SPEED    10   HIGHEST GUST DIRECTION    SW (230)
  AVERAGE WIND SPEED     1.2


SKY COVER
  POSSIBLE SUNSHINE  MM
  AVERAGE SKY COVER 0.0


WEATHER CONDITIONS
 THE FOLLOWING WEATHER WAS RECORDED TODAY.
  NO SIGNIFICANT WEATHER WAS OBSERVED.


RELATIVE HUMIDITY (PERCENT)
 HIGHEST    92           700 AM
 LOWEST     47           300 PM
 AVERAGE    70

..........................................................


THE PASO ROBLES AIRPORT CA CLIMATE NORMALS FOR TOMORROW
                         NORMAL    RECORD    YEAR
 MAXIMUM TEMPERATURE (F)   59        73      1956
 MINIMUM TEMPERATURE (F)   34        18      1990


SUNRISE AND SUNSET
DECEMBER 27 2014......SUNRISE   711 AM PST   SUNSET   456 PM PST
DECEMBER 28 2014......SUNRISE   711 AM PST   SUNSET   457 PM PST


-  INDICATES NEGATIVE NUMBERS.
R  INDICATES RECORD WAS SET OR TIED.
MM INDICATES DATA IS MISSING.
T  INDICATES TRACE AMOUNT.




$$
