000
CDUS46 KLOX 110905
CLIPRB


CLIMATE REPORT
NATIONAL WEATHER SERVICE LOS ANGELES/OXNARD CA
105 AM PST MON DEC 11 2017


...................................

...THE PASO ROBLES AIRPORT CA CLIMATE SUMMARY FOR DECEMBER 10 2017...

CLIMATE NORMAL PERIOD 1981 TO 2010
CLIMATE RECORD PERIOD 1948 TO 2017


WEATHER ITEM   OBSERVED TIME   RECORD YEAR NORMAL DEPARTURE LAST
                VALUE   (LST)  VALUE       VALUE  FROM      YEAR
                                                  NORMAL
..................................................................
TEMPERATURE (F)
 YESTERDAY
  MAXIMUM         75R   305 PM  74    1958  59     16       69
  MINIMUM         27    724 AM  19    2013  34     -7       54
                                      1956
  AVERAGE         51                        47      4       62

PRECIPITATION (IN)
  YESTERDAY        0.00          1.32 1996   0.06  -0.06      T
  MONTH TO DATE    0.00                      0.50  -0.50     0.03
  SINCE OCT 1      0.25                      2.15  -1.90     2.68
  SINCE JAN 1     12.74                     11.27   1.47     8.68

SNOWFALL (IN)
  YESTERDAY        0.0
  MONTH TO DATE    0.0
  SINCE DEC 1      0.0
  SINCE JUL 1      0.0

DEGREE DAYS
 HEATING
  YESTERDAY       14                        18     -4        3
  MONTH TO DATE  169                       177     -8      151
  SINCE DEC 1    169                       177     -8      151
  SINCE JUL 1    546                       726   -180      535

 COOLING
  YESTERDAY        0                         0      0        0
  MONTH TO DATE    0                         0      0        0
  SINCE DEC 1      0                         0      0        0
  SINCE JAN 1   1370                       927    443     1073
..................................................................


WIND (MPH)
  HIGHEST WIND SPEED    17   HIGHEST WIND DIRECTION     E (90)
  HIGHEST GUST SPEED    23   HIGHEST GUST DIRECTION    SE (120)
  AVERAGE WIND SPEED     4.0


SKY COVER
  POSSIBLE SUNSHINE  MM
  AVERAGE SKY COVER 0.0


WEATHER CONDITIONS
 THE FOLLOWING WEATHER WAS RECORDED YESTERDAY.
  NO SIGNIFICANT WEATHER WAS OBSERVED.


RELATIVE HUMIDITY (PERCENT)
 HIGHEST    63           400 AM
 LOWEST      8           300 PM
 AVERAGE    36

..........................................................


THE PASO ROBLES AIRPORT CA CLIMATE NORMALS FOR TODAY
                         NORMAL    RECORD    YEAR
 MAXIMUM TEMPERATURE (F)   59        76      1958
 MINIMUM TEMPERATURE (F)   34        23      1963


SUNRISE AND SUNSET
DECEMBER 11 2017......SUNRISE   702 AM PST   SUNSET   450 PM PST
DECEMBER 12 2017......SUNRISE   703 AM PST   SUNSET   450 PM PST


-  INDICATES NEGATIVE NUMBERS.
R  INDICATES RECORD WAS SET OR TIED.
MM INDICATES DATA IS MISSING.
T  INDICATES TRACE AMOUNT.




$$
