000
CDUS46 KLOX 270906
CLIPRB


CLIMATE REPORT
NATIONAL WEATHER SERVICE LOS ANGELES/OXNARD CA
106 AM PST TUE JAN 27 2015


...................................

...THE PASO ROBLES AIRPORT CA CLIMATE SUMMARY FOR JANUARY 26 2015...

CLIMATE NORMAL PERIOD 1981 TO 2010
CLIMATE RECORD PERIOD 1948 TO 2015


WEATHER ITEM   OBSERVED TIME   RECORD YEAR NORMAL DEPARTURE LAST
                VALUE   (LST)  VALUE       VALUE  FROM      YEAR
                                                  NORMAL
..................................................................
TEMPERATURE (F)
 YESTERDAY
  MAXIMUM         61    319 PM  75    2011  60      1       71
  MINIMUM         37    543 AM  20    1949  36      1       39
  AVERAGE         49                        48      1       55

PRECIPITATION (IN)
  YESTERDAY        0.01          1.35 1983   0.09  -0.08     0.00
  MONTH TO DATE    0.09                      2.30  -2.21     0.00
  SINCE OCT 1      5.81                      5.96  -0.15     0.46
  SINCE JAN 1      0.09                      2.30  -2.21     0.00

SNOWFALL (IN)
  YESTERDAY       MM
  MONTH TO DATE    0.0
  SINCE DEC 1      0.0
  SINCE JUL 1      0.0

DEGREE DAYS
 HEATING
  YESTERDAY       16                        17     -1       10
  MONTH TO DATE  380                       467    -87      321
  SINCE DEC 1    769                      1042   -273      904
  SINCE JUL 1   1048                      1591   -543     1356

 COOLING
  YESTERDAY        0                         0      0        0
  MONTH TO DATE    0                         0      0        0
  SINCE DEC 1      0                         0      0        0
  SINCE JAN 1      0                         0      0        0
..................................................................


WIND (MPH)
  HIGHEST WIND SPEED    10   HIGHEST WIND DIRECTION     S (190)
  HIGHEST GUST SPEED    15   HIGHEST GUST DIRECTION    SW (230)
  AVERAGE WIND SPEED     2.6


SKY COVER
  POSSIBLE SUNSHINE  MM
  AVERAGE SKY COVER 0.4


WEATHER CONDITIONS
 THE FOLLOWING WEATHER WAS RECORDED YESTERDAY.
  LIGHT RAIN


RELATIVE HUMIDITY (PERCENT)
 HIGHEST    85           500 AM
 LOWEST     51           100 PM
 AVERAGE    68

..........................................................


THE PASO ROBLES AIRPORT CA CLIMATE NORMALS FOR TODAY
                         NORMAL    RECORD    YEAR
 MAXIMUM TEMPERATURE (F)   60        75      1988
 MINIMUM TEMPERATURE (F)   36        23      1979


SUNRISE AND SUNSET
JANUARY 27 2015.......SUNRISE   706 AM PST   SUNSET   525 PM PST
JANUARY 28 2015.......SUNRISE   705 AM PST   SUNSET   526 PM PST


-  INDICATES NEGATIVE NUMBERS.
R  INDICATES RECORD WAS SET OR TIED.
MM INDICATES DATA IS MISSING.
T  INDICATES TRACE AMOUNT.




$$
