000
CDUS45 KFGZ 280802
CLIPRC
CLIMATE REPORT
NATIONAL WEATHER SERVICE FLAGSTAFF, AZ
100 AM MST FRI AUG 28 2015


...................................

...THE PRESCOTT AZ AIRPORT CLIMATE SUMMARY FOR AUGUST 27 2015...

CLIMATE NORMAL PERIOD 1981 TO 2010
CLIMATE RECORD PERIOD 1948 TO 2015


WEATHER ITEM   OBSERVED TIME   RECORD YEAR NORMAL DEPARTURE LAST
                VALUE   (LST)  VALUE       VALUE  FROM      YEAR
                                                  NORMAL
..................................................................
TEMPERATURE (F)
 YESTERDAY
  MAXIMUM         86   1200 PM  95    2001  86      0       82
  MINIMUM         61    613 AM  48    1987  59      2       57
  AVERAGE         74                        72      2

PRECIPITATION (IN)
  YESTERDAY        0.40          1.24 1953   0.07   0.33     0.13
  MONTH TO DATE    1.54                      2.32  -0.78     4.67
  SINCE SEP 1     16.95                     13.67   3.28    12.19
  SINCE JAN 1     12.27                      9.36   2.91     7.47

DEGREE DAYS
 HEATING
  YESTERDAY        0                                0
  MONTH TO DATE    0                                0
  SINCE JUL 1      0                                0

 COOLING
  YESTERDAY        9                                1
  MONTH TO DATE  321                               82
  SINCE JAN 1    922                              128
..................................................................


WIND (MPH)
  HIGHEST WIND SPEED    36   HIGHEST WIND DIRECTION    SW (240)
  HIGHEST GUST SPEED    43   HIGHEST GUST DIRECTION    SW (230)
  AVERAGE WIND SPEED     4.8


SKY COVER
  AVERAGE SKY COVER 0.2


WEATHER CONDITIONS
 THE FOLLOWING WEATHER WAS RECORDED YESTERDAY.
  THUNDERSTORM
  HEAVY RAIN
  LIGHT RAIN
  HAZE


RELATIVE HUMIDITY (PERCENT)
 HIGHEST    87
 LOWEST     37

..........................................................


THE PRESCOTT AZ AIRPORT CLIMATE NORMALS FOR TODAY
                         NORMAL    RECORD    YEAR
 MAXIMUM TEMPERATURE (F)   86        95      1990
 MINIMUM TEMPERATURE (F)   59        49      1989


SUNRISE AND SUNSET
AUGUST 28 2015........SUNRISE   600 AM MST   SUNSET   702 PM MST
AUGUST 29 2015........SUNRISE   600 AM MST   SUNSET   700 PM MST


-  INDICATES NEGATIVE NUMBERS.
R  INDICATES RECORD WAS SET OR TIED.
MM INDICATES DATA IS MISSING.
T  INDICATES TRACE AMOUNT.




$$
