000
CDUS45 KFGZ 180747
CLIPRC
CLIMATE REPORT
NATIONAL WEATHER SERVICE FLAGSTAFF, AZ
1246 AM MST FRI APR 18 2014


...................................

...THE PRESCOTT AZ AIRPORT CLIMATE SUMMARY FOR APRIL 17 2014...

CLIMATE NORMAL PERIOD 1981 TO 2010
CLIMATE RECORD PERIOD 1948 TO 2014


WEATHER ITEM   OBSERVED TIME   RECORD YEAR NORMAL DEPARTURE LAST
                VALUE   (LST)  VALUE       VALUE  FROM      YEAR
                                                  NORMAL
..................................................................
TEMPERATURE (F)
 YESTERDAY
  MAXIMUM         78    350 PM  85    1962  68     10       55
  MINIMUM         41    619 AM  25    1978  38      3       32
  AVERAGE         60                        53      7

PRECIPITATION (IN)
  YESTERDAY        0.00          0.31 1988   0.02  -0.02     0.00
  MONTH TO DATE    T                         0.33  -0.33     0.08
  SINCE SEP 1      5.40                      8.22  -2.82     4.43
  SINCE JAN 1      0.68                      3.91  -3.23     2.47

DEGREE DAYS
 HEATING
  YESTERDAY        5                               -7
  MONTH TO DATE  184                              -55
  SINCE JUL 1   3558                             -428

 COOLING
  YESTERDAY        0                                0
  MONTH TO DATE    0                                0
  SINCE JAN 1      0                                0
..................................................................


WIND (MPH)
  HIGHEST WIND SPEED    20   HIGHEST WIND DIRECTION    SW (230)
  HIGHEST GUST SPEED    24   HIGHEST GUST DIRECTION    SW (230)
  AVERAGE WIND SPEED     7.2


SKY COVER
  AVERAGE SKY COVER 0.0


WEATHER CONDITIONS
 THE FOLLOWING WEATHER WAS RECORDED YESTERDAY.
  NO SIGNIFICANT WEATHER WAS OBSERVED.


RELATIVE HUMIDITY (PERCENT)
 HIGHEST    45
 LOWEST     10

..........................................................


THE PRESCOTT AZ AIRPORT CLIMATE NORMALS FOR TODAY
                         NORMAL    RECORD    YEAR
 MAXIMUM TEMPERATURE (F)   68        87      1962
 MINIMUM TEMPERATURE (F)   39        25      1963


SUNRISE AND SUNSET
APRIL 18 2014.........SUNRISE   554 AM MST   SUNSET   704 PM MST
APRIL 19 2014.........SUNRISE   553 AM MST   SUNSET   705 PM MST


-  INDICATES NEGATIVE NUMBERS.
R  INDICATES RECORD WAS SET OR TIED.
MM INDICATES DATA IS MISSING.
T  INDICATES TRACE AMOUNT.




$$
