029
CDUS45 KFGZ 100822
CLIPRC
CLIMATE REPORT
NATIONAL WEATHER SERVICE FLAGSTAFF, AZ
120 AM MST SAT DEC 10 2016


...................................

...THE PRESCOTT AZ AIRPORT CLIMATE SUMMARY FOR DECEMBER 9 2016...

CLIMATE NORMAL PERIOD 1981 TO 2010
CLIMATE RECORD PERIOD 1948 TO 2016


WEATHER ITEM   OBSERVED TIME   RECORD YEAR NORMAL DEPARTURE LAST
                VALUE   (LST)  VALUE       VALUE  FROM      YEAR
                                                  NORMAL
..................................................................
TEMPERATURE (F)
 YESTERDAY
  MAXIMUM         56    321 PM  72    1950  52      4       63
  MINIMUM         28    539 AM   2    1978  26      2       33
  AVERAGE         42                        39      3

PRECIPITATION (IN)
  YESTERDAY        0.00          1.62 1965   0.03  -0.03     0.00
  MONTH TO DATE    0.00                      0.27  -0.27     0.00
  SINCE SEP 1      4.09                      3.62   0.47     3.19
  SINCE JAN 1     14.85                     13.28   1.57    15.53

DEGREE DAYS
 HEATING
  YESTERDAY       23                               -3
  MONTH TO DATE  228                                0
  SINCE JUL 1    863                             -239

 COOLING
  YESTERDAY        0                                0
  MONTH TO DATE    0                                0
  SINCE JAN 1   1092                              151
..................................................................


WIND (MPH)
  HIGHEST WIND SPEED    12   HIGHEST WIND DIRECTION     S (190)
  HIGHEST GUST SPEED    13   HIGHEST GUST DIRECTION     S (190)
  AVERAGE WIND SPEED     3.4


SKY COVER
  AVERAGE SKY COVER 0.0


WEATHER CONDITIONS
 THE FOLLOWING WEATHER WAS RECORDED YESTERDAY.
  NO SIGNIFICANT WEATHER WAS OBSERVED.


RELATIVE HUMIDITY (PERCENT)
 HIGHEST    92
 LOWEST     43

..........................................................


THE PRESCOTT AZ AIRPORT CLIMATE NORMALS FOR TODAY
                         NORMAL    RECORD    YEAR
 MAXIMUM TEMPERATURE (F)   52        71      1950
 MINIMUM TEMPERATURE (F)   25        10      2013
                                             1972


SUNRISE AND SUNSET
DECEMBER 10 2016......SUNRISE   726 AM MST   SUNSET   519 PM MST
DECEMBER 11 2016......SUNRISE   727 AM MST   SUNSET   519 PM MST


-  INDICATES NEGATIVE NUMBERS.
R  INDICATES RECORD WAS SET OR TIED.
MM INDICATES DATA IS MISSING.
T  INDICATES TRACE AMOUNT.




$$
