000
CDUS45 KFGZ 200818
CLIPRC
CLIMATE REPORT
NATIONAL WEATHER SERVICE FLAGSTAFF, AZ
116 AM MST MON FEB 20 2017


...................................

...THE PRESCOTT AZ AIRPORT CLIMATE SUMMARY FOR FEBRUARY 19 2017...

CLIMATE NORMAL PERIOD 1981 TO 2010
CLIMATE RECORD PERIOD 1948 TO 2017


WEATHER ITEM   OBSERVED TIME   RECORD YEAR NORMAL DEPARTURE LAST
                VALUE   (LST)  VALUE       VALUE  FROM      YEAR
                                                  NORMAL
..................................................................
TEMPERATURE (F)
 YESTERDAY
  MAXIMUM         48    252 PM  72    2015  56     -8       69
                                      1981
  MINIMUM         36    722 AM  12    1955  29      7       39
  AVERAGE         42                        42      0

PRECIPITATION (IN)
  YESTERDAY        0.02          1.15 1993   0.06  -0.04     0.00
  MONTH TO DATE    0.48                      0.91  -0.43     0.09
  SINCE SEP 1      9.16                      6.34   2.82     4.97
  SINCE JAN 1      2.41                      2.03   0.38     1.48

DEGREE DAYS
 HEATING
  YESTERDAY       23                                0
  MONTH TO DATE  320                             -137
  SINCE JUL 1   2503                             -471

 COOLING
  YESTERDAY        0                                0
  MONTH TO DATE    0                                0
  SINCE JAN 1      0                                0
..................................................................


WIND (MPH)
  HIGHEST WIND SPEED    16   HIGHEST WIND DIRECTION    SW (230)
  HIGHEST GUST SPEED    21   HIGHEST GUST DIRECTION    SW (240)
  AVERAGE WIND SPEED     7.1


SKY COVER
  AVERAGE SKY COVER 0.9


WEATHER CONDITIONS
 THE FOLLOWING WEATHER WAS RECORDED YESTERDAY.
  LIGHT RAIN
  FOG
  HAZE


RELATIVE HUMIDITY (PERCENT)
 HIGHEST   100
 LOWEST     71

..........................................................


THE PRESCOTT AZ AIRPORT CLIMATE NORMALS FOR TODAY
                         NORMAL    RECORD    YEAR
 MAXIMUM TEMPERATURE (F)   56        72      1981
 MINIMUM TEMPERATURE (F)   29         8      1955


SUNRISE AND SUNSET
FEBRUARY 20 2017......SUNRISE   709 AM MST   SUNSET   618 PM MST
FEBRUARY 21 2017......SUNRISE   708 AM MST   SUNSET   619 PM MST


-  INDICATES NEGATIVE NUMBERS.
R  INDICATES RECORD WAS SET OR TIED.
MM INDICATES DATA IS MISSING.
T  INDICATES TRACE AMOUNT.




$$
