000
CDUS45 KFGZ 190845
CLIPRC
CLIMATE REPORT
NATIONAL WEATHER SERVICE FLAGSTAFF, AZ
1241 AM MST SUN NOV 19 2017


...................................

...THE PRESCOTT AZ AIRPORT CLIMATE SUMMARY FOR NOVEMBER 18 2017...

CLIMATE NORMAL PERIOD 1981 TO 2010
CLIMATE RECORD PERIOD 1948 TO 2017


WEATHER ITEM   OBSERVED TIME   RECORD YEAR NORMAL DEPARTURE LAST
                VALUE   (LST)  VALUE       VALUE  FROM      YEAR
                                                  NORMAL
..................................................................
TEMPERATURE (F)
 YESTERDAY
  MAXIMUM         61    359 PM  75    2007  60      1       61
  MINIMUM         28   1155 PM  10    1958  31     -3       23
  AVERAGE         45                        45      0

PRECIPITATION (IN)
  YESTERDAY        0.00          0.54 1973   0.04  -0.04     0.00
  MONTH TO DATE    T                         0.53  -0.53     0.08
  SINCE SEP 1      0.53                      2.96  -2.43     3.11
  SINCE JAN 1     12.38                     12.62  -0.24    13.87

DEGREE DAYS
 HEATING
  YESTERDAY       20                                0
  MONTH TO DATE  200                             -103
  SINCE JUL 1    410                             -199

 COOLING
  YESTERDAY        0                                0
  MONTH TO DATE    0                                0
  SINCE JAN 1   1145                              204
..................................................................


WIND (MPH)
  HIGHEST WIND SPEED     8   HIGHEST WIND DIRECTION     S (200)
  HIGHEST GUST SPEED    12   HIGHEST GUST DIRECTION     N (20)
  AVERAGE WIND SPEED     3.2


SKY COVER
  AVERAGE SKY COVER 0.0


WEATHER CONDITIONS
 THE FOLLOWING WEATHER WAS RECORDED YESTERDAY.
  NO SIGNIFICANT WEATHER WAS OBSERVED.


RELATIVE HUMIDITY (PERCENT)
 HIGHEST    85
 LOWEST      9

..........................................................


THE PRESCOTT AZ AIRPORT CLIMATE NORMALS FOR TODAY
                         NORMAL    RECORD    YEAR
 MAXIMUM TEMPERATURE (F)   59        75      2007
 MINIMUM TEMPERATURE (F)   30        13      1964


SUNRISE AND SUNSET
NOVEMBER 19 2017......SUNRISE   708 AM MST   SUNSET   522 PM MST
NOVEMBER 20 2017......SUNRISE   709 AM MST   SUNSET   522 PM MST


-  INDICATES NEGATIVE NUMBERS.
R  INDICATES RECORD WAS SET OR TIED.
MM INDICATES DATA IS MISSING.
T  INDICATES TRACE AMOUNT.




$$
