000
CDUS45 KFGZ 050748
CLIPRC
CLIMATE REPORT
NATIONAL WEATHER SERVICE FLAGSTAFF, AZ
1247 AM MST FRI FEB 5 2016


...................................

...THE PRESCOTT AZ AIRPORT CLIMATE SUMMARY FOR FEBRUARY 4 2016...

CLIMATE NORMAL PERIOD 1981 TO 2010
CLIMATE RECORD PERIOD 1948 TO 2016


WEATHER ITEM   OBSERVED TIME   RECORD YEAR NORMAL DEPARTURE LAST
                VALUE   (LST)  VALUE       VALUE  FROM      YEAR
                                                  NORMAL
..................................................................
TEMPERATURE (F)
 YESTERDAY
  MAXIMUM         50    452 PM  75    1963  54     -4       69
  MINIMUM         18    506 AM  10    1955  27     -9       33
  AVERAGE         34                        40     -6

PRECIPITATION (IN)
  YESTERDAY        0.00          0.90 1958   0.04  -0.04     0.00
  MONTH TO DATE    0.09                      0.16  -0.07     0.00
  SINCE SEP 1      4.97                      5.59  -0.62     6.18
  SINCE JAN 1      1.48                      1.28   0.20     1.50

DEGREE DAYS
 HEATING
  YESTERDAY       31                                6
  MONTH TO DATE  143                               43
  SINCE JUL 1   2568                              -49

 COOLING
  YESTERDAY        0                                0
  MONTH TO DATE    0                                0
  SINCE JAN 1      0                                0
..................................................................


WIND (MPH)
  HIGHEST WIND SPEED    17   HIGHEST WIND DIRECTION     N (350)
  HIGHEST GUST SPEED    24   HIGHEST GUST DIRECTION     N (350)
  AVERAGE WIND SPEED     5.6


SKY COVER
  AVERAGE SKY COVER 0.0


WEATHER CONDITIONS
 THE FOLLOWING WEATHER WAS RECORDED YESTERDAY.
  NO SIGNIFICANT WEATHER WAS OBSERVED.


RELATIVE HUMIDITY (PERCENT)
 HIGHEST    77
 LOWEST     16

..........................................................


THE PRESCOTT AZ AIRPORT CLIMATE NORMALS FOR TODAY
                         NORMAL    RECORD    YEAR
 MAXIMUM TEMPERATURE (F)   54        76      1963
 MINIMUM TEMPERATURE (F)   27        -1      1985


SUNRISE AND SUNSET
FEBRUARY  5 2016......SUNRISE   725 AM MST   SUNSET   603 PM MST
FEBRUARY  6 2016......SUNRISE   724 AM MST   SUNSET   604 PM MST


-  INDICATES NEGATIVE NUMBERS.
R  INDICATES RECORD WAS SET OR TIED.
MM INDICATES DATA IS MISSING.
T  INDICATES TRACE AMOUNT.




$$
