000
CDUS45 KFGZ 270837
CLIPRC
CLIMATE REPORT
NATIONAL WEATHER SERVICE FLAGSTAFF, AZ
136 AM MST WED AUG 27 2014


...................................

...THE PRESCOTT AZ AIRPORT CLIMATE SUMMARY FOR AUGUST 26 2014...

CLIMATE NORMAL PERIOD 1981 TO 2010
CLIMATE RECORD PERIOD 1948 TO 2014


WEATHER ITEM   OBSERVED TIME   RECORD YEAR NORMAL DEPARTURE LAST
                VALUE   (LST)  VALUE       VALUE  FROM      YEAR
                                                  NORMAL
..................................................................
TEMPERATURE (F)
 YESTERDAY
  MAXIMUM         75   1037 AM  95    2001  86    -11       81
  MINIMUM         58    313 PM  50    1990  59     -1       62
  AVERAGE         67                        73     -6

PRECIPITATION (IN)
  YESTERDAY        0.89          1.07 1963   0.08   0.81     1.00
  MONTH TO DATE    4.54                      2.25   2.29     2.03
  SINCE SEP 1     12.06                     13.60  -1.54     9.82
  SINCE JAN 1      7.34                      9.29  -1.95     7.86

DEGREE DAYS
 HEATING
  YESTERDAY        0                                0
  MONTH TO DATE    3                                3
  SINCE JUL 1      3                                3

 COOLING
  YESTERDAY        2                               -6
  MONTH TO DATE  181                              -50
  SINCE JAN 1    861                               75
..................................................................


WIND (MPH)
  HIGHEST WIND SPEED    26   HIGHEST WIND DIRECTION     W (290)
  HIGHEST GUST SPEED    35   HIGHEST GUST DIRECTION     W (290)
  AVERAGE WIND SPEED     3.7


SKY COVER
  AVERAGE SKY COVER 0.4


WEATHER CONDITIONS
 THE FOLLOWING WEATHER WAS RECORDED YESTERDAY.
  THUNDERSTORM
  HEAVY RAIN
  RAIN
  LIGHT RAIN
  FOG


RELATIVE HUMIDITY (PERCENT)
 HIGHEST    90
 LOWEST     53

..........................................................


THE PRESCOTT AZ AIRPORT CLIMATE NORMALS FOR TODAY
                         NORMAL    RECORD    YEAR
 MAXIMUM TEMPERATURE (F)   86        95      2001
 MINIMUM TEMPERATURE (F)   59        48      1987


SUNRISE AND SUNSET
AUGUST 27 2014........SUNRISE   559 AM MST   SUNSET   703 PM MST
AUGUST 28 2014........SUNRISE   600 AM MST   SUNSET   701 PM MST


-  INDICATES NEGATIVE NUMBERS.
R  INDICATES RECORD WAS SET OR TIED.
MM INDICATES DATA IS MISSING.
T  INDICATES TRACE AMOUNT.




$$
