000
CDUS45 KFGZ 280830
CLIPRC
CLIMATE REPORT
NATIONAL WEATHER SERVICE FLAGSTAFF, AZ
121 AM MST THU MAY 28 2015


...................................

...THE PRESCOTT AZ AIRPORT CLIMATE SUMMARY FOR MAY 27 2015...

CLIMATE NORMAL PERIOD 1981 TO 2010
CLIMATE RECORD PERIOD 1948 TO 2015


WEATHER ITEM   OBSERVED TIME   RECORD YEAR NORMAL DEPARTURE LAST
                VALUE   (LST)  VALUE       VALUE  FROM      YEAR
                                                  NORMAL
..................................................................
TEMPERATURE (F)
 YESTERDAY
  MAXIMUM         77    410 PM  96    2003  80     -3       91
  MINIMUM         48    335 AM  35    1987  49     -1       59
  AVERAGE         63                        65     -2

PRECIPITATION (IN)
  YESTERDAY        0.00          T    1999   0.01  -0.01     0.00
  MONTH TO DATE    1.03                      0.40   0.63      T
  SINCE SEP 1      9.80                      8.79   1.01     5.69
  SINCE JAN 1      5.12                      4.48   0.64     0.97

DEGREE DAYS
 HEATING
  YESTERDAY        2                                0
  MONTH TO DATE  218                               82
  SINCE JUL 1   3477                             -778

 COOLING
  YESTERDAY        0                               -2
  MONTH TO DATE    2                              -27
  SINCE JAN 1      3                              -28
..................................................................


WIND (MPH)
  HIGHEST WIND SPEED    16   HIGHEST WIND DIRECTION    SE (150)
  HIGHEST GUST SPEED    22   HIGHEST GUST DIRECTION    SE (150)
  AVERAGE WIND SPEED     4.8


SKY COVER
  AVERAGE SKY COVER 0.1


WEATHER CONDITIONS
 THE FOLLOWING WEATHER WAS RECORDED YESTERDAY.
  NO SIGNIFICANT WEATHER WAS OBSERVED.


RELATIVE HUMIDITY (PERCENT)
 HIGHEST    50
 LOWEST     19

..........................................................


THE PRESCOTT AZ AIRPORT CLIMATE NORMALS FOR TODAY
                         NORMAL    RECORD    YEAR
 MAXIMUM TEMPERATURE (F)   81        95      1984
 MINIMUM TEMPERATURE (F)   50        36      1971


SUNRISE AND SUNSET
MAY 28 2015...........SUNRISE   519 AM MST   SUNSET   735 PM MST
MAY 29 2015...........SUNRISE   519 AM MST   SUNSET   736 PM MST


-  INDICATES NEGATIVE NUMBERS.
R  INDICATES RECORD WAS SET OR TIED.
MM INDICATES DATA IS MISSING.
T  INDICATES TRACE AMOUNT.




$$
