876
CDUS45 KFGZ 300757
CLIPRC
CLIMATE REPORT
NATIONAL WEATHER SERVICE FLAGSTAFF, AZ
1256 AM MST THU MAR 30 2017


...................................

...THE PRESCOTT AZ AIRPORT CLIMATE SUMMARY FOR MARCH 29 2017...

CLIMATE NORMAL PERIOD 1981 TO 2010
CLIMATE RECORD PERIOD 1948 TO 2017


WEATHER ITEM   OBSERVED TIME   RECORD YEAR NORMAL DEPARTURE LAST
                VALUE   (LST)  VALUE       VALUE  FROM      YEAR
                                                  NORMAL
..................................................................
TEMPERATURE (F)
 YESTERDAY
  MAXIMUM         70    426 PM  78    2015  63      7       50
                                      1971
  MINIMUM         36    422 AM  16    1975  34      2       37
  AVERAGE         53                        49      4

PRECIPITATION (IN)
  YESTERDAY        0.00          0.40 1967   0.03  -0.03      T
  MONTH TO DATE    0.55                      1.02  -0.47     0.16
  SINCE SEP 1     10.76                      7.84   2.92     5.13
  SINCE JAN 1      4.01                      3.53   0.48     1.64

DEGREE DAYS
 HEATING
  YESTERDAY       12                               -4
  MONTH TO DATE  356                             -188
  SINCE JUL 1   3065                             -651

 COOLING
  YESTERDAY        0                                0
  MONTH TO DATE    0                                0
  SINCE JAN 1      0                                0
..................................................................


WIND (MPH)
  HIGHEST WIND SPEED    17   HIGHEST WIND DIRECTION    NW (330)
  HIGHEST GUST SPEED    22   HIGHEST GUST DIRECTION    NW (310)
  AVERAGE WIND SPEED     8.8


SKY COVER
  AVERAGE SKY COVER 0.0


WEATHER CONDITIONS
 THE FOLLOWING WEATHER WAS RECORDED YESTERDAY.
  NO SIGNIFICANT WEATHER WAS OBSERVED.


RELATIVE HUMIDITY (PERCENT)
 HIGHEST    59
 LOWEST     12

..........................................................


THE PRESCOTT AZ AIRPORT CLIMATE NORMALS FOR TODAY
                         NORMAL    RECORD    YEAR
 MAXIMUM TEMPERATURE (F)   63        81      1971
 MINIMUM TEMPERATURE (F)   35        19      1987


SUNRISE AND SUNSET
MARCH 30 2017.........SUNRISE   619 AM MST   SUNSET   650 PM MST
MARCH 31 2017.........SUNRISE   618 AM MST   SUNSET   650 PM MST


-  INDICATES NEGATIVE NUMBERS.
R  INDICATES RECORD WAS SET OR TIED.
MM INDICATES DATA IS MISSING.
T  INDICATES TRACE AMOUNT.




$$
