000
CDUS45 KFGZ 260811
CLIPRC
CLIMATE REPORT
NATIONAL WEATHER SERVICE FLAGSTAFF, AZ
109 AM MST FRI MAY 26 2017


...................................

...THE PRESCOTT AZ AIRPORT CLIMATE SUMMARY FOR MAY 25 2017...

CLIMATE NORMAL PERIOD 1981 TO 2010
CLIMATE RECORD PERIOD 1948 TO 2017


WEATHER ITEM   OBSERVED TIME   RECORD YEAR NORMAL DEPARTURE LAST
                VALUE   (LST)  VALUE       VALUE  FROM      YEAR
                                                  NORMAL
..................................................................
TEMPERATURE (F)
 YESTERDAY
  MAXIMUM         83    113 PM  94    1951  80      3       71
  MINIMUM         56    223 AM  33    1980  49      7       41
  AVERAGE         70                        64      6

PRECIPITATION (IN)
  YESTERDAY        0.00          0.24 1994   0.01  -0.01     0.00
  MONTH TO DATE    0.40                      0.37   0.03     0.48
  SINCE SEP 1     11.40                      8.76   2.64     7.27
  SINCE JAN 1      4.65                      4.45   0.20     3.78

DEGREE DAYS
 HEATING
  YESTERDAY        0                               -3
  MONTH TO DATE  150                               19
  SINCE JUL 1   3536                             -714

 COOLING
  YESTERDAY        5                                3
  MONTH TO DATE   21                               -4
  SINCE JAN 1     21                               -6
..................................................................


WIND (MPH)
  HIGHEST WIND SPEED    24   HIGHEST WIND DIRECTION    SW (230)
  HIGHEST GUST SPEED    36   HIGHEST GUST DIRECTION     W (250)
  AVERAGE WIND SPEED    11.1


SKY COVER
  AVERAGE SKY COVER 0.0


WEATHER CONDITIONS
 THE FOLLOWING WEATHER WAS RECORDED YESTERDAY.
  NO SIGNIFICANT WEATHER WAS OBSERVED.


RELATIVE HUMIDITY (PERCENT)
 HIGHEST    22
 LOWEST      6

..........................................................


THE PRESCOTT AZ AIRPORT CLIMATE NORMALS FOR TODAY
                         NORMAL    RECORD    YEAR
 MAXIMUM TEMPERATURE (F)   80        97      1951
 MINIMUM TEMPERATURE (F)   49        33      1996


SUNRISE AND SUNSET
MAY 26 2017...........SUNRISE   520 AM MST   SUNSET   734 PM MST
MAY 27 2017...........SUNRISE   520 AM MST   SUNSET   735 PM MST


-  INDICATES NEGATIVE NUMBERS.
R  INDICATES RECORD WAS SET OR TIED.
MM INDICATES DATA IS MISSING.
T  INDICATES TRACE AMOUNT.




$$
