000
CDUS45 KFGZ 260750
CLIPRC
CLIMATE REPORT
NATIONAL WEATHER SERVICE FLAGSTAFF, AZ
1248 AM MST MON JAN 26 2015


...................................

...THE PRESCOTT AZ AIRPORT CLIMATE SUMMARY FOR JANUARY 25 2015...

CLIMATE NORMAL PERIOD 1981 TO 2010
CLIMATE RECORD PERIOD 1948 TO 2015


WEATHER ITEM   OBSERVED TIME   RECORD YEAR NORMAL DEPARTURE LAST
                VALUE   (LST)  VALUE       VALUE  FROM      YEAR
                                                  NORMAL
..................................................................
TEMPERATURE (F)
 YESTERDAY
  MAXIMUM         68R   419 PM  68    1975  53     15       62
  MINIMUM         25    716 AM  12    1949  26     -1       35
  AVERAGE         47                        39      8

PRECIPITATION (IN)
  YESTERDAY        0.00          0.82 1949   0.03  -0.03     0.00
  MONTH TO DATE    0.70                      0.91  -0.21     0.00
  SINCE SEP 1      5.38                      5.22   0.16     4.72
  SINCE JAN 1      0.70                      0.91  -0.21     0.00

DEGREE DAYS
 HEATING
  YESTERDAY       18                               -8
  MONTH TO DATE  601                              -61
  SINCE JUL 1   1986                             -379

 COOLING
  YESTERDAY        0                                0
  MONTH TO DATE    0                                0
  SINCE JAN 1      0                                0
..................................................................


WIND (MPH)
  HIGHEST WIND SPEED    13   HIGHEST WIND DIRECTION    NE (30)
  HIGHEST GUST SPEED    16   HIGHEST GUST DIRECTION     N (20)
  AVERAGE WIND SPEED     4.4


SKY COVER
  AVERAGE SKY COVER 0.0


WEATHER CONDITIONS
 THE FOLLOWING WEATHER WAS RECORDED YESTERDAY.
  NO SIGNIFICANT WEATHER WAS OBSERVED.


RELATIVE HUMIDITY (PERCENT)
 HIGHEST    63
 LOWEST     14

..........................................................


THE PRESCOTT AZ AIRPORT CLIMATE NORMALS FOR TODAY
                         NORMAL    RECORD    YEAR
 MAXIMUM TEMPERATURE (F)   53        69      1951
 MINIMUM TEMPERATURE (F)   26         4      1949


SUNRISE AND SUNSET
JANUARY 26 2015.......SUNRISE   732 AM MST   SUNSET   553 PM MST
JANUARY 27 2015.......SUNRISE   731 AM MST   SUNSET   554 PM MST


-  INDICATES NEGATIVE NUMBERS.
R  INDICATES RECORD WAS SET OR TIED.
MM INDICATES DATA IS MISSING.
T  INDICATES TRACE AMOUNT.




$$
