000
CDUS46 KPDT 170832
CLIPSC

CLIMATE REPORT
NATIONAL WEATHER SERVICE PENDLETON OR
128 AM PDT THU AUG 17 2017


...................................

...THE PASCO WA CLIMATE SUMMARY FOR AUGUST 16 2017...

CLIMATE NORMAL PERIOD 1981 TO 2010
CLIMATE RECORD PERIOD 1948 TO 2017


WEATHER ITEM   OBSERVED TIME   RECORD YEAR NORMAL DEPARTURE LAST
                VALUE   (LST)  VALUE       VALUE  FROM      YEAR
                                                  NORMAL
..................................................................
TEMPERATURE (F)
 YESTERDAY
  MAXIMUM         93    457 PM 106    1942  90      3       99
  MINIMUM         50    503 AM  42    1910  56     -6       54
  AVERAGE         72                        73     -1       77

PRECIPITATION (IN)
  YESTERDAY        0.00          0.38 1993   0.01  -0.01     0.00
                                      1972
  MONTH TO DATE    0.05                      0.11  -0.06     0.04
  SINCE OCT 1      9.99                      8.27   1.72     8.14
  SINCE JAN 1      6.22                      5.32   0.90     5.38

SNOWFALL (IN)
  YESTERDAY        0.0
  SNOW DEPTH       0

DEGREE DAYS
 HEATING
  YESTERDAY        0                         0      0        0
  MONTH TO DATE    0                         0      0        0
  SINCE JUN 1     26                        37    -11       30
  SINCE JUL 1      0                         5     -5        0

 COOLING
  YESTERDAY        7                         8     -1       12
  MONTH TO DATE  214                       151     63      148
  SINCE JUN 1    725                       528    197      600
  SINCE JAN 1    774                       561    213      633
..................................................................


WIND (MPH)
  RESULTANT WIND SPEED   1   RESULTANT WIND DIRECTION   W (290)
  HIGHEST WIND SPEED    23   HIGHEST WIND DIRECTION    NW (320)
  HIGHEST GUST SPEED    28   HIGHEST GUST DIRECTION    NW (320)


SKY COVER
  POSSIBLE SUNSHINE  MM
  AVERAGE SKY COVER 0.0


WEATHER CONDITIONS
 THE FOLLOWING WEATHER WAS RECORDED YESTERDAY.
  HAZE


RELATIVE HUMIDITY (PERCENT)
 HIGHEST    89
 LOWEST     19
 AVERAGE    54

..........................................................


THE PASCO WA CLIMATE NORMALS FOR TODAY
                         NORMAL    RECORD    YEAR
 MAXIMUM TEMPERATURE (F)   90       110      1977
 MINIMUM TEMPERATURE (F)   56        45      1969
                                             1910


SUNRISE AND SUNSET
AUGUST 17 2017........SUNRISE   558 AM PDT   SUNSET   802 PM PDT
AUGUST 18 2017........SUNRISE   600 AM PDT   SUNSET   800 PM PDT


-  INDICATES NEGATIVE NUMBERS.
R  INDICATES RECORD WAS SET OR TIED.
MM INDICATES DATA IS MISSING.
T  INDICATES TRACE AMOUNT.




$$
