000
CDUS46 KPDT 210030 RRB
CLIPSC

CLIMATE REPORT
NATIONAL WEATHER SERVICE PENDLETON OR
542 PM PDT THU OCT 19 2017


...................................

...THE PASCO WA CLIMATE SUMMARY FOR OCTOBER 19 2017...
VALID TODAY AS OF 0500 PM LOCAL TIME.

CLIMATE NORMAL PERIOD 1981 TO 2010
CLIMATE RECORD PERIOD 1948 TO 2017


WEATHER ITEM   OBSERVED TIME   RECORD YEAR NORMAL DEPARTURE LAST
                VALUE   (LST)  VALUE       VALUE  FROM      YEAR
                                                  NORMAL
..................................................................
TEMPERATURE (F)
 TODAY
  MAXIMUM         68    150 PM  80    1940  64      4       66
  MINIMUM         55    524 AM  22    1949  37     18       40
  AVERAGE         62                        51     11       53

PRECIPITATION (IN)
  TODAY            0.00          0.85 1899   0.02  -0.02      T
  MONTH TO DATE    0.12                      0.41  -0.29     1.31
  SINCE OCT 1      0.12                      0.41  -0.29     1.31
  SINCE JAN 1      6.47                      6.29   0.18     6.93

SNOWFALL (IN)
  TODAY            0.0
  SNOW DEPTH       0

DEGREE DAYS
 HEATING
  TODAY            3                        14    -11       12
  MONTH TO DATE  232                       208     24      163
  SINCE SEP 1    320                       307     13      242
  SINCE JUL 1    320                       319      1      242

 COOLING
  TODAY            0                         0      0        0
  MONTH TO DATE    0                         0      0        0
  SINCE SEP 1    103                        52     51       27
  SINCE JAN 1    981                       709    272      778
..................................................................


WIND (MPH)
  RESULTANT WIND SPEED   2   RESULTANT WIND DIRECTION  SW (210)
  HIGHEST WIND SPEED    13   HIGHEST WIND DIRECTION     S (190)
  HIGHEST GUST SPEED    15   HIGHEST GUST DIRECTION     S (200)


SKY COVER
  POSSIBLE SUNSHINE  MM
  AVERAGE SKY COVER 0.8


WEATHER CONDITIONS
 THE FOLLOWING WEATHER WAS RECORDED TODAY.
  NO SIGNIFICANT WEATHER WAS OBSERVED.


RELATIVE HUMIDITY (PERCENT)
 HIGHEST    77
 LOWEST     45
 AVERAGE    61

..........................................................


THE PASCO WA CLIMATE NORMALS FOR TOMORROW
                         NORMAL    RECORD    YEAR
 MAXIMUM TEMPERATURE (F)   64        84      1907
 MINIMUM TEMPERATURE (F)   37        21      1949
                                             1911


SUNRISE AND SUNSET
OCTOBER 19 2017.......SUNRISE   720 AM PDT   SUNSET   602 PM PDT
OCTOBER 20 2017.......SUNRISE   721 AM PDT   SUNSET   601 PM PDT


-  INDICATES NEGATIVE NUMBERS.
R  INDICATES RECORD WAS SET OR TIED.
MM INDICATES DATA IS MISSING.
T  INDICATES TRACE AMOUNT.




$$
