000
CDUS46 KPDT 010934
CLIPSC

CLIMATE REPORT
NATIONAL WEATHER SERVICE PENDLETON OR
234 AM PDT WED JUL 1 2015


...................................

...THE PASCO WA CLIMATE SUMMARY FOR JUNE 30 2015...

CLIMATE NORMAL PERIOD 1981 TO 2010
CLIMATE RECORD PERIOD 1948 TO 2015


WEATHER ITEM   OBSERVED TIME   RECORD YEAR NORMAL DEPARTURE LAST
                VALUE   (LST)  VALUE       VALUE  FROM      YEAR
                                                  NORMAL
..................................................................
TEMPERATURE (F)
 YESTERDAY
  MAXIMUM        102    440 PM 104    2008  87     15       86
  MINIMUM         67    433 AM  44    2010  53     14       47
  AVERAGE         85                        70     15       67

PRECIPITATION (IN)
  YESTERDAY        0.00          0.08 1953   0.01  -0.01     0.00
  MONTH TO DATE    T                         0.68  -0.68     0.18
  SINCE OCT 1      5.57                      7.88  -2.31     3.14
  SINCE JAN 1      3.20                      4.93  -1.73     2.56

SNOWFALL (IN)
  YESTERDAY        0.0
  SNOW DEPTH       0

DEGREE DAYS
 HEATING
  YESTERDAY        0                         1     -1        0
  MONTH TO DATE    1                        38    -37       18
  SINCE JUN 1      1                        32    -31       18
  SINCE JUL 1   4392                      5022   -630     5225

 COOLING
  YESTERDAY       20                         6     14        2
  MONTH TO DATE  316                       109    207      111
  SINCE JUN 1    316                       109    207      111
  SINCE JAN 1    398                       142    256      145
..................................................................


WIND (MPH)
  RESULTANT WIND SPEED   2   RESULTANT WIND DIRECTION   N (10)
  HIGHEST WIND SPEED    16   HIGHEST WIND DIRECTION    NW (310)
  HIGHEST GUST SPEED    20   HIGHEST GUST DIRECTION    NW (310)


SKY COVER
  POSSIBLE SUNSHINE  MM
  AVERAGE SKY COVER 0.0


WEATHER CONDITIONS
 THE FOLLOWING WEATHER WAS RECORDED YESTERDAY.
  NO SIGNIFICANT WEATHER WAS OBSERVED.


RELATIVE HUMIDITY (PERCENT)
 HIGHEST    76
 LOWEST     19
 AVERAGE    48

..........................................................


THE PASCO WA CLIMATE NORMALS FOR TODAY
                         NORMAL    RECORD    YEAR
 MAXIMUM TEMPERATURE (F)   88       107      2013
 MINIMUM TEMPERATURE (F)   53        44      2011


SUNRISE AND SUNSET
JULY  1 2015..........SUNRISE   508 AM PDT   SUNSET   852 PM PDT
JULY  2 2015..........SUNRISE   509 AM PDT   SUNSET   852 PM PDT


-  INDICATES NEGATIVE NUMBERS.
R  INDICATES RECORD WAS SET OR TIED.
MM INDICATES DATA IS MISSING.
T  INDICATES TRACE AMOUNT.

$$
