000
CDUS46 KPDT 280838
CLIPSC

CLIMATE REPORT
NATIONAL WEATHER SERVICE PENDLETON OR
131 AM PDT FRI APR 28 2017


...................................

...THE PASCO WA CLIMATE SUMMARY FOR APRIL 27 2017...

CLIMATE NORMAL PERIOD 1981 TO 2010
CLIMATE RECORD PERIOD 1948 TO 2017


WEATHER ITEM   OBSERVED TIME   RECORD YEAR NORMAL DEPARTURE LAST
                VALUE   (LST)  VALUE       VALUE  FROM      YEAR
                                                  NORMAL
..................................................................
TEMPERATURE (F)
 YESTERDAY
  MAXIMUM         63    432 PM  83    2004  71     -8       65
  MINIMUM         39    226 AM  34    2009  40     -1       47
  AVERAGE         51                        55     -4       56

PRECIPITATION (IN)
  YESTERDAY        0.00          0.22 1990   0.02  -0.02      T
  MONTH TO DATE    1.19                      0.59   0.60     0.28
  SINCE OCT 1      8.96                      6.41   2.55     5.79
  SINCE JAN 1      5.19                      3.46   1.73     3.03

SNOWFALL (IN)
  YESTERDAY        0.0
  SNOW DEPTH       0

DEGREE DAYS
 HEATING
  YESTERDAY       14                        10      4        9
  MONTH TO DATE  336                       334      2      175
  SINCE MAR 1    869                       912    -43      704
  SINCE JUL 1   5191                      4795    396     4222

 COOLING
  YESTERDAY        0                         0      0        0
  MONTH TO DATE    0                         0      0        4
  SINCE MAR 1      0                         0      0        4
  SINCE JAN 1      0                         0      0        4
..................................................................


WIND (MPH)
  RESULTANT WIND SPEED   9   RESULTANT WIND DIRECTION   W (260)
  HIGHEST WIND SPEED    22   HIGHEST WIND DIRECTION    SW (240)
  HIGHEST GUST SPEED    26   HIGHEST GUST DIRECTION    SW (240)


SKY COVER
  POSSIBLE SUNSHINE  MM
  AVERAGE SKY COVER 0.3


WEATHER CONDITIONS
 THE FOLLOWING WEATHER WAS RECORDED YESTERDAY.
  NO SIGNIFICANT WEATHER WAS OBSERVED.


RELATIVE HUMIDITY (PERCENT)
 HIGHEST    73
 LOWEST     25
 AVERAGE    49

..........................................................


THE PASCO WA CLIMATE NORMALS FOR TODAY
                         NORMAL    RECORD    YEAR
 MAXIMUM TEMPERATURE (F)   71        86      2015
 MINIMUM TEMPERATURE (F)   40        30      1996


SUNRISE AND SUNSET
APRIL 28 2017.........SUNRISE   547 AM PDT   SUNSET   802 PM PDT
APRIL 29 2017.........SUNRISE   545 AM PDT   SUNSET   803 PM PDT


-  INDICATES NEGATIVE NUMBERS.
R  INDICATES RECORD WAS SET OR TIED.
MM INDICATES DATA IS MISSING.
T  INDICATES TRACE AMOUNT.

$$
