913
CDUS46 KPDT 300832 RRA
CLIPSC

CLIMATE REPORT
NATIONAL WEATHER SERVICE PENDLETON OR
130 AM PDT TUE AUG 30 2016


...................................

...THE PASCO WA CLIMATE SUMMARY FOR AUGUST 29 2016...

CLIMATE NORMAL PERIOD 1981 TO 2010
CLIMATE RECORD PERIOD 1948 TO 2016


WEATHER ITEM   OBSERVED TIME   RECORD YEAR NORMAL DEPARTURE LAST
                VALUE   (LST)  VALUE       VALUE  FROM      YEAR
                                                  NORMAL
..................................................................
TEMPERATURE (F)
 YESTERDAY
  MAXIMUM         94    440 PM 103    1998  87      7       85
  MINIMUM         55    602 AM  45    2010  52      3       59
  AVERAGE         75                        70      5       72

PRECIPITATION (IN)
  YESTERDAY        0.00          0.05 1951   0.02  -0.02     0.00
  MONTH TO DATE    0.04                      0.25  -0.21     0.03
  SINCE OCT 1      8.14                      8.41  -0.27     5.60
  SINCE JAN 1      5.38                      5.46  -0.08     3.23

SNOWFALL (IN)
  YESTERDAY        0.0
  SNOW DEPTH       0

DEGREE DAYS
 HEATING
  YESTERDAY        0                         1     -1        0
  MONTH TO DATE    0                         4     -4        0
  SINCE JUN 1     30                        41    -11        1
  SINCE JUL 1      0                         9     -9        0

 COOLING
  YESTERDAY       10                         5      5        7
  MONTH TO DATE  252                       237     15      270
  SINCE JUN 1    704                       614     90      981
  SINCE JAN 1    737                       647     90     1063
..................................................................


WIND (MPH)
  RESULTANT WIND SPEED   3   RESULTANT WIND DIRECTION   N (360)
  HIGHEST WIND SPEED     9   HIGHEST WIND DIRECTION     E (80)
  HIGHEST GUST SPEED    13   HIGHEST GUST DIRECTION     N (360)


SKY COVER
  POSSIBLE SUNSHINE  MM
  AVERAGE SKY COVER 0.0


WEATHER CONDITIONS
 THE FOLLOWING WEATHER WAS RECORDED YESTERDAY.
  HAZE


RELATIVE HUMIDITY (PERCENT)
 HIGHEST    77
 LOWEST     16
 AVERAGE    47

..........................................................


THE PASCO WA CLIMATE NORMALS FOR TODAY
                         NORMAL    RECORD    YEAR
 MAXIMUM TEMPERATURE (F)   87        99      2007
 MINIMUM TEMPERATURE (F)   52        45      2012


SUNRISE AND SUNSET
AUGUST 30 2016........SUNRISE   615 AM PDT   SUNSET   738 PM PDT
AUGUST 31 2016........SUNRISE   616 AM PDT   SUNSET   736 PM PDT


-  INDICATES NEGATIVE NUMBERS.
R  INDICATES RECORD WAS SET OR TIED.
MM INDICATES DATA IS MISSING.
T  INDICATES TRACE AMOUNT.




$$
