000
CDUS46 KPDT 110834
CLIPSC

CLIMATE REPORT
NATIONAL WEATHER SERVICE PENDLETON OR
1234 AM PST SUN DEC 11 2016


...................................

...THE PASCO WA CLIMATE SUMMARY FOR DECEMBER 10 2016...

CLIMATE NORMAL PERIOD 1981 TO 2010
CLIMATE RECORD PERIOD 1948 TO 2016


WEATHER ITEM   OBSERVED TIME   RECORD YEAR NORMAL DEPARTURE LAST
                VALUE   (LST)  VALUE       VALUE  FROM      YEAR
                                                  NORMAL
..................................................................
TEMPERATURE (F)
 YESTERDAY
  MAXIMUM         31    206 PM  65    1993  40     -9       53
  MINIMUM         18   1159 PM  -2    2009  27     -9       34
  AVERAGE         25                        34     -9       44

PRECIPITATION (IN)
  YESTERDAY        T             0.49 1990   0.03  -0.03     0.23
  MONTH TO DATE    0.15                      0.30  -0.15     1.20
  SINCE OCT 1      3.27                      2.04   1.23     2.23
  SINCE JAN 1      8.89                      7.92   0.97     5.58

SNOWFALL (IN)
  YESTERDAY       MM
  SNOW DEPTH      MM

DEGREE DAYS
 HEATING
  YESTERDAY       40                        31      9       21
  MONTH TO DATE  330                       303     27      243
  SINCE DEC 1    330                       303     27      243
  SINCE JUL 1   1276                      1532   -256     1345

 COOLING
  YESTERDAY        0                         0      0        0
  MONTH TO DATE    0                         0      0        0
  SINCE DEC 1      0                         0      0        0
  SINCE JAN 1    778                       710     68     1122
..................................................................


WIND (MPH)
  RESULTANT WIND SPEED   1   RESULTANT WIND DIRECTION  SE (130)
  HIGHEST WIND SPEED    10   HIGHEST WIND DIRECTION    SE (140)
  HIGHEST GUST SPEED    11   HIGHEST GUST DIRECTION    SE (140)


SKY COVER
  POSSIBLE SUNSHINE  MM
  AVERAGE SKY COVER 0.9


WEATHER CONDITIONS
 THE FOLLOWING WEATHER WAS RECORDED YESTERDAY.
  LIGHT SNOW
  FOG


RELATIVE HUMIDITY (PERCENT)
 HIGHEST   100
 LOWEST     78
 AVERAGE    89

..........................................................


THE PASCO WA CLIMATE NORMALS FOR TODAY
                         NORMAL    RECORD    YEAR
 MAXIMUM TEMPERATURE (F)   40        63      2014
 MINIMUM TEMPERATURE (F)   27         0      2009


SUNRISE AND SUNSET
DECEMBER 11 2016......SUNRISE   730 AM PST   SUNSET   410 PM PST
DECEMBER 12 2016......SUNRISE   731 AM PST   SUNSET   410 PM PST


-  INDICATES NEGATIVE NUMBERS.
R  INDICATES RECORD WAS SET OR TIED.
MM INDICATES DATA IS MISSING.
T  INDICATES TRACE AMOUNT.


$$
