000
CDUS46 KPDT 290043
CLIPSC

CLIMATE REPORT
NATIONAL WEATHER SERVICE PENDLETON OR
427 PM PST FRI NOV 28 2014


...................................

...THE PASCO WA CLIMATE SUMMARY FOR NOVEMBER 28 2014...
VALID TODAY AS OF 0400 PM LOCAL TIME.

CLIMATE NORMAL PERIOD 1981 TO 2010
CLIMATE RECORD PERIOD 1948 TO 2014


WEATHER ITEM   OBSERVED TIME   RECORD YEAR NORMAL DEPARTURE LAST
                VALUE   (LST)  VALUE       VALUE  FROM      YEAR
                                                  NORMAL
..................................................................
TEMPERATURE (F)
 TODAY
  MAXIMUM         65R  1245 PM  63    1995  44     21       33
  MINIMUM         53   1206 AM  16    2013  30     23       16
  AVERAGE         59                        37     22       25

PRECIPITATION (IN)
  TODAY            T             0.33 1986   0.04  -0.04     0.00
  MONTH TO DATE    0.48                      0.99  -0.51     0.40
  SINCE OCT 1      1.19                      1.64  -0.45     0.44
  SINCE JAN 1      4.30                      7.52  -3.22     4.75

SNOWFALL (IN)
  TODAY            0.0
  SNOW DEPTH       0

DEGREE DAYS
 HEATING
  TODAY            6                        28    -22       40
  MONTH TO DATE  705                       653     52      725
  SINCE SEP 1    986                      1159   -173     1278
  SINCE JUL 1    986                      1171   -185     1278

 COOLING
  TODAY            0                         0      0        0
  MONTH TO DATE    0                         0      0        0
  SINCE SEP 1     73                        53     20      133
  SINCE JAN 1    991                       710    281      995
..................................................................


WIND (MPH)
  RESULTANT WIND SPEED   6   RESULTANT WIND DIRECTION   S (170)
  HIGHEST WIND SPEED    36   HIGHEST WIND DIRECTION    SW (220)
  HIGHEST GUST SPEED    46   HIGHEST GUST DIRECTION    SW (230)


SKY COVER
  POSSIBLE SUNSHINE  MM
  AVERAGE SKY COVER 0.7


WEATHER CONDITIONS
THE FOLLOWING WEATHER WAS RECORDED TODAY.
  LIGHT RAIN


RELATIVE HUMIDITY (PERCENT)
 HIGHEST    77
 LOWEST     48
 AVERAGE    63

..........................................................


THE PASCO WA CLIMATE NORMALS FOR TOMORROW
                         NORMAL    RECORD    YEAR
 MAXIMUM TEMPERATURE (F)   44        64      1995
 MINIMUM TEMPERATURE (F)   30        16      2006


SUNRISE AND SUNSET
NOVEMBER 28 2014......SUNRISE   715 AM PST   SUNSET   413 PM PST
NOVEMBER 29 2014......SUNRISE   716 AM PST   SUNSET   413 PM PST


-  INDICATES NEGATIVE NUMBERS.
R  INDICATES RECORD WAS SET OR TIED.
MM INDICATES DATA IS MISSING.
T  INDICATES TRACE AMOUNT.




$$
