000
CDUS46 KPDT 110841
CLIPSC

CLIMATE REPORT
NATIONAL WEATHER SERVICE PENDLETON OR
1241 AM PST MON DEC 11 2017


...................................

...THE PASCO WA CLIMATE SUMMARY FOR DECEMBER 10 2017...

CLIMATE NORMAL PERIOD 1981 TO 2010
CLIMATE RECORD PERIOD 1948 TO 2017


WEATHER ITEM   OBSERVED TIME   RECORD YEAR NORMAL DEPARTURE LAST
                VALUE   (LST)  VALUE       VALUE  FROM      YEAR
                                                  NORMAL
..................................................................
TEMPERATURE (F)
 YESTERDAY
  MAXIMUM         33    334 PM  66    1987  40     -7       31
  MINIMUM         31    834 PM  -5    1932  27      4       18
  AVERAGE         32                        34     -2       25

PRECIPITATION (IN)
  YESTERDAY        0.00          0.49 1990   0.03  -0.03      T
  MONTH TO DATE    T                         0.30  -0.30     0.15
  SINCE OCT 1      1.84                      2.04  -0.20     3.27
  SINCE JAN 1      8.19                      7.92   0.27     8.89

SNOWFALL (IN)
  YESTERDAY        0.0
  SNOW DEPTH       0

DEGREE DAYS
 HEATING
  YESTERDAY       33                        31      2       40
  MONTH TO DATE  322                       303     19      330
  SINCE DEC 1    322                       303     19      330
  SINCE JUL 1   1490                      1532    -42     1276

 COOLING
  YESTERDAY        0                         0      0        0
  MONTH TO DATE    0                         0      0        0
  SINCE DEC 1      0                         0      0        0
  SINCE JAN 1    981                       710    271      778
..................................................................


WIND (MPH)
  RESULTANT WIND SPEED   2   RESULTANT WIND DIRECTION   N (340)
  HIGHEST WIND SPEED     7   HIGHEST WIND DIRECTION    NW (330)
  HIGHEST GUST SPEED    10   HIGHEST GUST DIRECTION     W (260)


SKY COVER
  POSSIBLE SUNSHINE  MM
  AVERAGE SKY COVER 1.0


WEATHER CONDITIONS
 THE FOLLOWING WEATHER WAS RECORDED YESTERDAY.
  NO SIGNIFICANT WEATHER WAS OBSERVED.


RELATIVE HUMIDITY (PERCENT)
 HIGHEST    85
 LOWEST     72
 AVERAGE    79

..........................................................


THE PASCO WA CLIMATE NORMALS FOR TODAY
                         NORMAL    RECORD    YEAR
 MAXIMUM TEMPERATURE (F)   40        68      1993
 MINIMUM TEMPERATURE (F)   27        -8      1932


SUNRISE AND SUNSET
DECEMBER 11 2017......SUNRISE   730 AM PST   SUNSET   410 PM PST
DECEMBER 12 2017......SUNRISE   730 AM PST   SUNSET   410 PM PST


-  INDICATES NEGATIVE NUMBERS.
R  INDICATES RECORD WAS SET OR TIED.
MM INDICATES DATA IS MISSING.
T  INDICATES TRACE AMOUNT.


$$
