000
CDUS46 KPDT 180902
CLIPSC

CLIMATE REPORT
NATIONAL WEATHER SERVICE PENDLETON OR
202 AM PDT THU SEP 18 2014


...................................

...THE PASCO WA CLIMATE SUMMARY FOR SEPTEMBER 17 2014...

CLIMATE NORMAL PERIOD 1981 TO 2010
CLIMATE RECORD PERIOD 1948 TO 2014


WEATHER ITEM   OBSERVED TIME   RECORD YEAR NORMAL DEPARTURE LAST
                VALUE   (LST)  VALUE       VALUE  FROM      YEAR
                                                  NORMAL
..................................................................
TEMPERATURE (F)
 YESTERDAY
  MAXIMUM         84    401 PM  92    2001  80      4       69
  MINIMUM         52    326 AM  37    2006  46      6       52
  AVERAGE         68                        63      5       61

PRECIPITATION (IN)
  YESTERDAY        0.00          0.11 1997   0.02  -0.02      T
  MONTH TO DATE    T                         0.18  -0.18     0.70
  SINCE OCT 1      3.64                      8.61  -4.97     7.38
  SINCE JAN 1      3.06                      5.66  -2.60     4.02

SNOWFALL (IN)
  YESTERDAY        0.0
  SNOW DEPTH       0

DEGREE DAYS
 HEATING
  YESTERDAY        0                         3     -3        4
  MONTH TO DATE   33                        29      4        5
  SINCE SEP 1     33                        29      4        5
  SINCE JUL 1     33                        41     -8        5

 COOLING
  YESTERDAY        3                         1      2        0
  MONTH TO DATE   20                        42    -22      130
  SINCE SEP 1     20                        42    -22      130
  SINCE JAN 1    938                       699    239      992
..................................................................


WIND (MPH)
  RESULTANT WIND SPEED   1   RESULTANT WIND DIRECTION   N (360)
  HIGHEST WIND SPEED     9   HIGHEST WIND DIRECTION    SE (130)
  HIGHEST GUST SPEED    10   HIGHEST GUST DIRECTION    SE (130)


SKY COVER
  POSSIBLE SUNSHINE  MM
  AVERAGE SKY COVER 0.0


WEATHER CONDITIONS
THE FOLLOWING WEATHER WAS RECORDED YESTERDAY.
  NO SIGNIFICANT WEATHER WAS OBSERVED.


RELATIVE HUMIDITY (PERCENT)
 HIGHEST    93
 LOWEST     29
 AVERAGE    61

..........................................................


THE PASCO WA CLIMATE NORMALS FOR TODAY
                         NORMAL    RECORD    YEAR
 MAXIMUM TEMPERATURE (F)   80        92      2000
 MINIMUM TEMPERATURE (F)   46        38      1992


SUNRISE AND SUNSET
SEPTEMBER 18 2014.....SUNRISE   638 AM PDT   SUNSET   702 PM PDT
SEPTEMBER 19 2014.....SUNRISE   640 AM PDT   SUNSET   700 PM PDT


-  INDICATES NEGATIVE NUMBERS.
R  INDICATES RECORD WAS SET OR TIED.
MM INDICATES DATA IS MISSING.
T  INDICATES TRACE AMOUNT.

$$
