000
CDUS41 KALY 290626
CLIPSF


CLIMATE REPORT
NATIONAL WEATHER SERVICE ALBANY NY
226 AM EDT MON AUG 29 2016


...................................

...THE PITTSFIELD MA CLIMATE SUMMARY FOR AUGUST 28 2016...

CLIMATE NORMAL PERIOD 1981 TO 2010
CLIMATE RECORD PERIOD 9999 TO 9999


WEATHER ITEM   OBSERVED TIME   NORMAL DEPARTURE LAST
                VALUE   (LST)  VALUE  FROM      YEAR
                                      NORMAL
......................................................
TEMPERATURE (F)
 YESTERDAY
  MAXIMUM         83    342 PM  75      8       73
  MINIMUM         57    557 AM  54      3       50
  AVERAGE         70            65      5       62

PRECIPITATION (IN)
  YESTERDAY        0.00          0.11  -0.11     0.00
  MONTH TO DATE    2.62          3.74  -1.12     2.97
  SINCE JUN 1      9.27         12.39  -3.12    16.10
  SINCE JAN 1     23.37         29.43  -6.06    27.24

DEGREE DAYS
 HEATING
  YESTERDAY        0             2     -2        3
  MONTH TO DATE   11            35    -24        6
  SINCE JUN 1     98           167    -69      136
  SINCE JUL 1     22            66    -44       25

 COOLING
  YESTERDAY        5             2      3        0
  MONTH TO DATE  142            90     52      102
  SINCE JUN 1    336           254     82      256
  SINCE JAN 1    377           267    110      300
......................................................


WIND (MPH)
  HIGHEST WIND SPEED    15   HIGHEST WIND DIRECTION    SW (240)
  HIGHEST GUST SPEED    22   HIGHEST GUST DIRECTION    SW (210)
  AVERAGE WIND SPEED     5.3


SKY COVER
  AVERAGE SKY COVER 0.0



RELATIVE HUMIDITY (PERCENT)
 HIGHEST   100
 LOWEST     46
 AVERAGE    73

..........................................................


THE PITTSFIELD MA CLIMATE NORMALS FOR TODAY
                         NORMAL
 MAXIMUM TEMPERATURE (F)   75
 MINIMUM TEMPERATURE (F)   54


SUNRISE AND SUNSET
AUGUST 29 2016........SUNRISE   616 AM EDT   SUNSET   732 PM EDT
AUGUST 30 2016........SUNRISE   617 AM EDT   SUNSET   730 PM EDT


-  INDICATES NEGATIVE NUMBERS.
R  INDICATES RECORD WAS SET OR TIED.
MM INDICATES DATA IS MISSING.
T  INDICATES TRACE AMOUNT.




$$
