000
CDUS41 KALY 062147
CLIPSF


CLIMATE REPORT
NATIONAL WEATHER SERVICE ALBANY NY
445 PM EST FRI MAR 6 2015


...................................

...THE PITTSFIELD MA CLIMATE SUMMARY FOR MARCH 6 2015...
VALID TODAY AS OF 0400 PM LOCAL TIME.

CLIMATE NORMAL PERIOD 1981 TO 2010
CLIMATE RECORD PERIOD 9999 TO 9999


WEATHER ITEM   OBSERVED TIME   NORMAL DEPARTURE LAST
                VALUE   (LST)  VALUE  FROM      YEAR
                                      NORMAL
......................................................
TEMPERATURE (F)
 TODAY
  MAXIMUM         21    401 PM  38    -17       29
  MINIMUM          1    611 AM  19    -18       -3
  AVERAGE         11            28    -17       13

PRECIPITATION (IN)
  TODAY            0.00          0.09  -0.09     0.00
  MONTH TO DATE    0.41          0.50  -0.09      T
  SINCE MAR 1      0.41          0.50  -0.09      T
  SINCE JAN 1      5.50          6.10  -0.60     6.38

DEGREE DAYS
 HEATING
  TODAY           54            36     18       52
  MONTH TO DATE  279           223     56      306
  SINCE MAR 1    279           223     56      306
  SINCE JUL 1   5942          5603    339     5858

 COOLING
  TODAY            0             0      0        0
  MONTH TO DATE    0             0      0        0
  SINCE MAR 1      0             0      0        0
  SINCE JAN 1      0             0      0        0
......................................................


WIND (MPH)
  HIGHEST WIND SPEED    16   HIGHEST WIND DIRECTION     W (290)
  HIGHEST GUST SPEED    20   HIGHEST GUST DIRECTION     W (280)
  AVERAGE WIND SPEED     6.8


SKY COVER
  AVERAGE SKY COVER 0.0



RELATIVE HUMIDITY (PERCENT)
 HIGHEST    87
 LOWEST     31
 AVERAGE    59

..........................................................


THE PITTSFIELD MA CLIMATE NORMALS FOR TOMORROW
                         NORMAL
 MAXIMUM TEMPERATURE (F)   39
 MINIMUM TEMPERATURE (F)   19


SUNRISE AND SUNSET
MARCH  6 2015.........SUNRISE   621 AM EST   SUNSET   549 PM EST
MARCH  7 2015.........SUNRISE   619 AM EST   SUNSET   550 PM EST


-  INDICATES NEGATIVE NUMBERS.
R  INDICATES RECORD WAS SET OR TIED.
MM INDICATES DATA IS MISSING.
T  INDICATES TRACE AMOUNT.




$$
