000
CDUS41 KALY 060626
CLIPSF


CLIMATE REPORT
NATIONAL WEATHER SERVICE ALBANY NY
226 AM EDT MON JUL 6 2015


...................................

...THE PITTSFIELD MA CLIMATE SUMMARY FOR JULY 5 2015...

CLIMATE NORMAL PERIOD 1981 TO 2010
CLIMATE RECORD PERIOD 9999 TO 9999


WEATHER ITEM   OBSERVED TIME   NORMAL DEPARTURE LAST
                VALUE   (LST)  VALUE  FROM      YEAR
                                      NORMAL
......................................................
TEMPERATURE (F)
 YESTERDAY
  MAXIMUM         78    247 PM  78      0       75
  MINIMUM         51    458 AM  56     -5       55
  AVERAGE         65            67     -2       65

PRECIPITATION (IN)
  YESTERDAY        0.00          0.12  -0.12     0.00
  MONTH TO DATE    2.24          0.57   1.67     1.84
  SINCE JUN 1     10.37          4.97   5.40     7.19
  SINCE JAN 1     21.51         22.01  -0.50    21.19

DEGREE DAYS
 HEATING
  YESTERDAY        0             1     -1        0
  MONTH TO DATE   10             5      5        3
  SINCE JUN 1    121           106     15       61
  SINCE JUL 1     10             5      5        3

 COOLING
  YESTERDAY        0             3     -3        0
  MONTH TO DATE    2            15    -13       31
  SINCE JUN 1     35            71    -36       74
  SINCE JAN 1     79            84     -5       80
......................................................


WIND (MPH)
  HIGHEST WIND SPEED    14   HIGHEST WIND DIRECTION     W (260)
  HIGHEST GUST SPEED    17   HIGHEST GUST DIRECTION     W (280)
  AVERAGE WIND SPEED     3.9


SKY COVER
  AVERAGE SKY COVER 0.4



RELATIVE HUMIDITY (PERCENT)
 HIGHEST   100
 LOWEST     50
 AVERAGE    75

..........................................................


THE PITTSFIELD MA CLIMATE NORMALS FOR TODAY
                         NORMAL
 MAXIMUM TEMPERATURE (F)   78
 MINIMUM TEMPERATURE (F)   56


SUNRISE AND SUNSET
JULY  6 2015..........SUNRISE   523 AM EDT   SUNSET   833 PM EDT
JULY  7 2015..........SUNRISE   523 AM EDT   SUNSET   833 PM EDT


-  INDICATES NEGATIVE NUMBERS.
R  INDICATES RECORD WAS SET OR TIED.
MM INDICATES DATA IS MISSING.
T  INDICATES TRACE AMOUNT.




$$
