000
CDUS41 KALY 280622
CLIPSF


CLIMATE REPORT
NATIONAL WEATHER SERVICE ALBANY NY
222 AM EDT FRI JUL 28 2017


...................................

...THE PITTSFIELD MA CLIMATE SUMMARY FOR JULY 27 2017...

CLIMATE NORMAL PERIOD 1981 TO 2010
CLIMATE RECORD PERIOD 9999 TO 9999


WEATHER ITEM   OBSERVED TIME   NORMAL DEPARTURE LAST
                VALUE   (LST)  VALUE  FROM      YEAR
                                      NORMAL
......................................................
TEMPERATURE (F)
 YESTERDAY
  MAXIMUM         69    517 PM  79    -10       87
  MINIMUM         58    321 AM  57      1       57
  AVERAGE         64            68     -4       72

PRECIPITATION (IN)
  YESTERDAY        0.17          0.16   0.01     0.00
  MONTH TO DATE    3.42          3.56  -0.14     2.19
  SINCE JUN 1      7.42          7.96  -0.54     4.69
  SINCE JAN 1     26.20         25.00   1.20    18.79

DEGREE DAYS
 HEATING
  YESTERDAY        1             1      0        0
  MONTH TO DATE   18            27     -9       11
  SINCE JUN 1    124           128     -4       87
  SINCE JUL 1     18            27     -9       11

 COOLING
  YESTERDAY        0             4     -4        7
  MONTH TO DATE  105            97      8      135
  SINCE JUN 1    183           153     30      174
  SINCE JAN 1    197           166     31      215
......................................................


WIND (MPH)
  HIGHEST WIND SPEED    12   HIGHEST WIND DIRECTION    SW (230)
  HIGHEST GUST SPEED    17   HIGHEST GUST DIRECTION     W (250)
  AVERAGE WIND SPEED     4.1


SKY COVER
  AVERAGE SKY COVER 0.7



RELATIVE HUMIDITY (PERCENT)
 HIGHEST   100
 LOWEST     72
 AVERAGE    86

..........................................................


THE PITTSFIELD MA CLIMATE NORMALS FOR TODAY
                         NORMAL
 MAXIMUM TEMPERATURE (F)   79
 MINIMUM TEMPERATURE (F)   57


SUNRISE AND SUNSET
JULY 28 2017..........SUNRISE   542 AM EDT   SUNSET   817 PM EDT
JULY 29 2017..........SUNRISE   543 AM EDT   SUNSET   816 PM EDT


-  INDICATES NEGATIVE NUMBERS.
R  INDICATES RECORD WAS SET OR TIED.
MM INDICATES DATA IS MISSING.
T  INDICATES TRACE AMOUNT.




$$
