000
CDUS41 KALY 170622
CLIPSF


CLIMATE REPORT
NATIONAL WEATHER SERVICE ALBANY NY
121 AM EST WED JAN 17 2018


...................................

...THE PITTSFIELD MA CLIMATE SUMMARY FOR JANUARY 16 2018...

CLIMATE NORMAL PERIOD 1981 TO 2010
CLIMATE RECORD PERIOD 9999 TO 9999


WEATHER ITEM   OBSERVED TIME   NORMAL DEPARTURE LAST
                VALUE   (LST)  VALUE  FROM      YEAR
                                      NORMAL
......................................................
TEMPERATURE (F)
 YESTERDAY
  MAXIMUM         30    323 PM  29      1       37
  MINIMUM         13    124 AM  11      2       12
  AVERAGE         22            20      2       25

PRECIPITATION (IN)
  YESTERDAY        0.18          0.09   0.09     0.00
  MONTH TO DATE    3.22          1.68   1.54     1.45
  SINCE DEC 1      5.37          4.68   0.69     4.47
  SINCE JAN 1      3.22          1.68   1.54     1.45

DEGREE DAYS
 HEATING
  YESTERDAY       43            45     -2       40
  MONTH TO DATE  752           713     39      645
  SINCE DEC 1   2014          1900    114     1823
  SINCE JUL 1   3339          3551   -212     3230

 COOLING
  YESTERDAY        0             0      0        0
  MONTH TO DATE    0             0      0        0
  SINCE DEC 1      0             0      0        0
  SINCE JAN 1      0             0      0        0
......................................................


WIND (MPH)
  HIGHEST WIND SPEED    13   HIGHEST WIND DIRECTION    SW (240)
  HIGHEST GUST SPEED    17   HIGHEST GUST DIRECTION    SW (210)
  AVERAGE WIND SPEED     1.6


SKY COVER
  AVERAGE SKY COVER 0.9



RELATIVE HUMIDITY (PERCENT)
 HIGHEST    85
 LOWEST     73
 AVERAGE    79

..........................................................


THE PITTSFIELD MA CLIMATE NORMALS FOR TODAY
                         NORMAL
 MAXIMUM TEMPERATURE (F)   29
 MINIMUM TEMPERATURE (F)   11


SUNRISE AND SUNSET
JANUARY 17 2018.......SUNRISE   719 AM EST   SUNSET   448 PM EST
JANUARY 18 2018.......SUNRISE   718 AM EST   SUNSET   449 PM EST


-  INDICATES NEGATIVE NUMBERS.
R  INDICATES RECORD WAS SET OR TIED.
MM INDICATES DATA IS MISSING.
T  INDICATES TRACE AMOUNT.




$$
