000
CDUS46 KSGX 030117
CLIPSP


CLIMATE REPORT
NATIONAL WEATHER SERVICE SAN DIEGO, CA
517 PM PST FRI DEC 2 2016


...................................

...THE PALM SPRINGS INTL AIRPORT CA CLIMATE SUMMARY FOR DECEMBER 2 2016...
VALID TODAY AS OF 0500 PM LOCAL TIME.

CLIMATE NORMAL PERIOD 1981 TO 2010
CLIMATE RECORD PERIOD 1893 TO 2016


WEATHER ITEM   OBSERVED TIME   RECORD YEAR NORMAL DEPARTURE LAST
                VALUE   (LST)  VALUE       VALUE  FROM      YEAR
                                                  NORMAL
..................................................................
TEMPERATURE (F)
 TODAY
  MAXIMUM         65    137 PM  91    1940  70     -5       72
  MINIMUM         54   1226 AM  30    1954  46      8       42
                                      1936
  AVERAGE         60                        58      2       57

PRECIPITATION (IN)
  TODAY            0.00          0.50 1923   0.02  -0.02     0.00
  MONTH TO DATE    T                         0.03  -0.03     0.00
  SINCE OCT 1      0.29                      1.00  -0.71     0.15
  SINCE JAN 1      3.65                      4.89  -1.24     2.05

DEGREE DAYS
 HEATING
  TODAY            5                         7     -2        8
  MONTH TO DATE   12                        14     -2       18
  SINCE DEC 1     12                        14     -2       18
  SINCE JUL 1     73                       110    -37      125

 COOLING
  TODAY            0                         0      0        0
  MONTH TO DATE    0                         0      0        0
  SINCE DEC 1      0                         0      0        0
  SINCE JAN 1   4808                      4137    671     4896
..................................................................


WIND (MPH)
  RESULTANT WIND SPEED  16   RESULTANT WIND DIRECTION   N (350)
  HIGHEST WIND SPEED    30   HIGHEST WIND DIRECTION     N (350)
  HIGHEST GUST SPEED    37   HIGHEST GUST DIRECTION     N (10)
  AVERAGE WIND SPEED    16.4


SKY COVER
  POSSIBLE SUNSHINE  MM
  AVERAGE SKY COVER 0.4


WEATHER CONDITIONS
 THE FOLLOWING WEATHER WAS RECORDED TODAY.
  NO SIGNIFICANT WEATHER WAS OBSERVED.


RELATIVE HUMIDITY (PERCENT)
 HIGHEST    32          1200 AM
 LOWEST     12           200 PM
 AVERAGE    22

..........................................................


THE PALM SPRINGS INTL AIRPORT CA CLIMATE NORMALS FOR TOMORROW
                         NORMAL    RECORD    YEAR
 MAXIMUM TEMPERATURE (F)   69        93      1958
 MINIMUM TEMPERATURE (F)   46        27      1967


SUNRISE AND SUNSET
DECEMBER  2 2016......SUNRISE   634 AM PST   SUNSET   437 PM PST
DECEMBER  3 2016......SUNRISE   635 AM PST   SUNSET   437 PM PST


-  INDICATES NEGATIVE NUMBERS.
R  INDICATES RECORD WAS SET OR TIED.
MM INDICATES DATA IS MISSING.
T  INDICATES TRACE AMOUNT.




$$
