000
CDUS46 KSGX 012335
CLIPSP


CLIMATE REPORT
NATIONAL WEATHER SERVICE SAN DIEGO, CA
435 PM PDT SUN MAY 1 2016


...................................

...THE PALM SPRINGS INTL AIRPORT CA CLIMATE SUMMARY FOR MAY 1 2016...
VALID TODAY AS OF 0400 PM LOCAL TIME.

CLIMATE NORMAL PERIOD 1981 TO 2010
CLIMATE RECORD PERIOD 1893 TO 2016


WEATHER ITEM   OBSERVED TIME   RECORD YEAR NORMAL DEPARTURE LAST
                VALUE   (LST)  VALUE       VALUE  FROM      YEAR
                                                  NORMAL
..................................................................
TEMPERATURE (F)
 TODAY
  MAXIMUM         87    206 PM 108    1947  89     -2      102
  MINIMUM         59    530 AM  44    1967  61     -2       73
                                      1953
                                      1935
  AVERAGE         73                        75     -2       88

PRECIPITATION (IN)
  TODAY            0.00          0.35 1930   0.01  -0.01     0.00
  MONTH TO DATE    0.00                      0.01  -0.01     0.00
  SINCE OCT 1      2.61                      4.61  -2.00     2.09
  SINCE JAN 1      2.42                      2.76  -0.34     1.22

DEGREE DAYS
 HEATING
  TODAY            0                         0      0        0
  MONTH TO DATE    0                         0      0        0
  SINCE MAR 1     28                        94    -66       30
  SINCE JUL 1    738                       872   -134      401

 COOLING
  TODAY            8                        10     -2       23
  MONTH TO DATE    8                        10     -2       23
  SINCE MAR 1    475                       303    172      614
  SINCE JAN 1    625                       330    295      734
..................................................................


WIND (MPH)
  RESULTANT WIND SPEED   1   RESULTANT WIND DIRECTION   W (250)
  HIGHEST WIND SPEED    17   HIGHEST WIND DIRECTION    NW (310)
  HIGHEST GUST SPEED    23   HIGHEST GUST DIRECTION    NW (320)
  AVERAGE WIND SPEED     4.5


SKY COVER
  POSSIBLE SUNSHINE  MM
  AVERAGE SKY COVER 0.1


WEATHER CONDITIONS
 THE FOLLOWING WEATHER WAS RECORDED TODAY.
  NO SIGNIFICANT WEATHER WAS OBSERVED.


RELATIVE HUMIDITY (PERCENT)
 HIGHEST    64           400 AM
 LOWEST     19           200 PM
 AVERAGE    42

..........................................................


THE PALM SPRINGS INTL AIRPORT CA CLIMATE NORMALS FOR TOMORROW
                         NORMAL    RECORD    YEAR
 MAXIMUM TEMPERATURE (F)   89       112      1947
 MINIMUM TEMPERATURE (F)   61        40      1955


SUNRISE AND SUNSET
MAY  1 2016...........SUNRISE   557 AM PDT   SUNSET   730 PM PDT
MAY  2 2016...........SUNRISE   556 AM PDT   SUNSET   731 PM PDT


-  INDICATES NEGATIVE NUMBERS.
R  INDICATES RECORD WAS SET OR TIED.
MM INDICATES DATA IS MISSING.
T  INDICATES TRACE AMOUNT.




$$
