000
CDUS46 KSGX 250016
CLIPSP


CLIMATE REPORT
NATIONAL WEATHER SERVICE SAN DIEGO, CA
516 PM PDT FRI MAR 24 2017


...................................

...THE PALM SPRINGS INTL AIRPORT CA CLIMATE SUMMARY FOR MARCH 24 2017...
VALID TODAY AS OF 0500 PM LOCAL TIME.

CLIMATE NORMAL PERIOD 1981 TO 2010
CLIMATE RECORD PERIOD 1893 TO 2017


WEATHER ITEM   OBSERVED TIME   RECORD YEAR NORMAL DEPARTURE LAST
                VALUE   (LST)  VALUE       VALUE  FROM      YEAR
                                                  NORMAL
..................................................................
TEMPERATURE (F)
 TODAY
  MAXIMUM         83    230 PM 100    1940  80      3       87
  MINIMUM         51    539 AM  34    1933  54     -3       54
                                      1929
  AVERAGE         67                        67      0       71

PRECIPITATION (IN)
  TODAY            0.00          0.50 1906   0.01  -0.01     0.00
  MONTH TO DATE    0.00                      0.57  -0.57     0.02
  SINCE OCT 1      6.97                      4.45   2.52     2.47
  SINCE JAN 1      5.18                      2.60   2.58     2.28

DEGREE DAYS
 HEATING
  TODAY            0                         2     -2        0
  MONTH TO DATE   19                        64    -45       16
  SINCE MAR 1     19                        64    -45       16
  SINCE JUL 1    679                       842   -163      726

 COOLING
  TODAY            2                         4     -2        6
  MONTH TO DATE  195                        63    132      161
  SINCE MAR 1    195                        63    132      161
  SINCE JAN 1    240                        90    150      311
..................................................................


WIND (MPH)
  RESULTANT WIND SPEED   2   RESULTANT WIND DIRECTION   E (110)
  HIGHEST WIND SPEED    12   HIGHEST WIND DIRECTION     E (100)
  HIGHEST GUST SPEED    16   HIGHEST GUST DIRECTION     E (90)
  AVERAGE WIND SPEED     3.2


SKY COVER
  POSSIBLE SUNSHINE  MM
  AVERAGE SKY COVER 0.0


WEATHER CONDITIONS
 THE FOLLOWING WEATHER WAS RECORDED TODAY.
  NO SIGNIFICANT WEATHER WAS OBSERVED.


RELATIVE HUMIDITY (PERCENT)
 HIGHEST    66           400 AM
 LOWEST     14           200 PM
 AVERAGE    40

..........................................................


THE PALM SPRINGS INTL AIRPORT CA CLIMATE NORMALS FOR TOMORROW
                         NORMAL    RECORD    YEAR
 MAXIMUM TEMPERATURE (F)   80        97      1988
 MINIMUM TEMPERATURE (F)   54        35      1942


SUNRISE AND SUNSET
MARCH 24 2017.........SUNRISE   644 AM PDT   SUNSET   701 PM PDT
MARCH 25 2017.........SUNRISE   642 AM PDT   SUNSET   702 PM PDT


-  INDICATES NEGATIVE NUMBERS.
R  INDICATES RECORD WAS SET OR TIED.
MM INDICATES DATA IS MISSING.
T  INDICATES TRACE AMOUNT.




$$
