000
CDUS46 KSGX 250021
CLIPSP


CLIMATE REPORT
NATIONAL WEATHER SERVICE SAN DIEGO, CA
421 PM PST FRI FEB 24 2017


...................................

...THE PALM SPRINGS INTL AIRPORT CA CLIMATE SUMMARY FOR FEBRUARY 24 2017...
VALID TODAY AS OF 0400 PM LOCAL TIME.

CLIMATE NORMAL PERIOD 1981 TO 2010
CLIMATE RECORD PERIOD 1893 TO 2017


WEATHER ITEM   OBSERVED TIME   RECORD YEAR NORMAL DEPARTURE LAST
                VALUE   (LST)  VALUE       VALUE  FROM      YEAR
                                                  NORMAL
..................................................................
TEMPERATURE (F)
 TODAY
  MAXIMUM         66    318 PM  94    1986  74     -8       78
  MINIMUM         47    625 AM  34    1935  50     -3       54
  AVERAGE         57                        62     -5       66

PRECIPITATION (IN)
  TODAY            0.00          0.53 1953   0.04  -0.04     0.00
  MONTH TO DATE    0.48                      0.88  -0.40      T
  SINCE OCT 1      5.80                      3.73   2.07     2.45
  SINCE JAN 1      4.01                      1.88   2.13     2.26

DEGREE DAYS
 HEATING
  TODAY            8                         4      4        0
  MONTH TO DATE   53                       137    -84       56
  SINCE DEC 1    565                       668   -103      603
  SINCE JUL 1    626                       764   -138      710

 COOLING
  TODAY            0                         1     -1        1
  MONTH TO DATE   45                        23     22      114
  SINCE DEC 1     46                        35     11      114
  SINCE JAN 1     45                        31     14      114
..................................................................


WIND (MPH)
  RESULTANT WIND SPEED   1   RESULTANT WIND DIRECTION   N (350)
  HIGHEST WIND SPEED    17   HIGHEST WIND DIRECTION     N (340)
  HIGHEST GUST SPEED    20   HIGHEST GUST DIRECTION    NW (330)
  AVERAGE WIND SPEED     4.5


SKY COVER
  POSSIBLE SUNSHINE  MM
  AVERAGE SKY COVER 0.0


WEATHER CONDITIONS
 THE FOLLOWING WEATHER WAS RECORDED TODAY.
  NO SIGNIFICANT WEATHER WAS OBSERVED.


RELATIVE HUMIDITY (PERCENT)
 HIGHEST    61           300 AM
 LOWEST     26           200 PM
 AVERAGE    44

..........................................................


THE PALM SPRINGS INTL AIRPORT CA CLIMATE NORMALS FOR TOMORROW
                         NORMAL    RECORD    YEAR
 MAXIMUM TEMPERATURE (F)   75        95      1986
 MINIMUM TEMPERATURE (F)   50        28      1953


SUNRISE AND SUNSET
FEBRUARY 24 2017......SUNRISE   620 AM PST   SUNSET   539 PM PST
FEBRUARY 25 2017......SUNRISE   619 AM PST   SUNSET   539 PM PST


-  INDICATES NEGATIVE NUMBERS.
R  INDICATES RECORD WAS SET OR TIED.
MM INDICATES DATA IS MISSING.
T  INDICATES TRACE AMOUNT.




$$
