000
CDUS46 KSGX 231250
CLIPSP


CLIMATE REPORT
NATIONAL WEATHER SERVICE SAN DIEGO, CA
450 AM PST THU NOV 23 2017


...................................

...THE PALM SPRINGS INTL AIRPORT CA CLIMATE SUMMARY FOR NOVEMBER 22 2017...

CLIMATE NORMAL PERIOD 1981 TO 2010
CLIMATE RECORD PERIOD 1893 TO 2017


WEATHER ITEM   OBSERVED TIME   RECORD YEAR NORMAL DEPARTURE LAST
                VALUE   (LST)  VALUE       VALUE  FROM      YEAR
                                                  NORMAL
..................................................................
TEMPERATURE (F)
 YESTERDAY
  MAXIMUM         96R   126 PM  93    1933  74     22       76
  MINIMUM         62   1244 AM  32    1953  49     13       50
                                      1941
  AVERAGE         79                        62     17       63

PRECIPITATION (IN)
  YESTERDAY        0.00          1.33 1965   0.02  -0.02     0.00
  MONTH TO DATE    T                         0.33  -0.33     0.14
  SINCE OCT 1      T                         0.77  -0.77     0.23
  SINCE JAN 1      7.17                      4.66   2.51     3.59

DEGREE DAYS
 HEATING
  YESTERDAY        0                         4     -4        2
  MONTH TO DATE    0                        46    -46       10
  SINCE SEP 1      0                        50    -50       10
  SINCE JUL 1      0                        50    -50       10

 COOLING
  YESTERDAY       14                         1     13        0
  MONTH TO DATE  129                        70     59      159
  SINCE SEP 1   1253                      1048    205     1152
  SINCE JAN 1   5136                      4132   1004     4807
..................................................................


WIND (MPH)
  RESULTANT WIND SPEED   2   RESULTANT WIND DIRECTION  NW (330)
  HIGHEST WIND SPEED    14   HIGHEST WIND DIRECTION     E (110)
  HIGHEST GUST SPEED    16   HIGHEST GUST DIRECTION     E (110)
  AVERAGE WIND SPEED     4.7


SKY COVER
  POSSIBLE SUNSHINE  MM
  AVERAGE SKY COVER 0.0


WEATHER CONDITIONS
 THE FOLLOWING WEATHER WAS RECORDED YESTERDAY.
  NO SIGNIFICANT WEATHER WAS OBSERVED.


RELATIVE HUMIDITY (PERCENT)
 HIGHEST    35          1000 PM
 LOWEST     13           200 PM
 AVERAGE    24

..........................................................


THE PALM SPRINGS INTL AIRPORT CA CLIMATE NORMALS FOR TODAY
                         NORMAL    RECORD    YEAR
 MAXIMUM TEMPERATURE (F)   73        94      1950
 MINIMUM TEMPERATURE (F)   49        29      1931


SUNRISE AND SUNSET
NOVEMBER 23 2017......SUNRISE   626 AM PST   SUNSET   439 PM PST
NOVEMBER 24 2017......SUNRISE   627 AM PST   SUNSET   439 PM PST


-  INDICATES NEGATIVE NUMBERS.
R  INDICATES RECORD WAS SET OR TIED.
MM INDICATES DATA IS MISSING.
T  INDICATES TRACE AMOUNT.




$$
