000
CDUS46 KSGX 231235
CLIPSP


CLIMATE REPORT
NATIONAL WEATHER SERVICE SAN DIEGO, CA
435 AM PST FRI FEB 23 2018


...................................

...THE PALM SPRINGS INTL AIRPORT CA CLIMATE SUMMARY FOR FEBRUARY 22 2018...

CLIMATE NORMAL PERIOD 1981 TO 2010
CLIMATE RECORD PERIOD 1893 TO 2018


WEATHER ITEM   OBSERVED TIME   RECORD YEAR NORMAL DEPARTURE LAST
                VALUE   (LST)  VALUE       VALUE  FROM      YEAR
                                                  NORMAL
..................................................................
TEMPERATURE (F)
 YESTERDAY
  MAXIMUM         66    312 PM  90    1968  74     -8       74
                                      1954
  MINIMUM         40    501 AM  28    1955  49     -9       53
  AVERAGE         53                        61     -8       64

PRECIPITATION (IN)
  YESTERDAY        0.00          0.91 2004   0.05  -0.05     0.00
  MONTH TO DATE    0.00                      0.79  -0.79     0.48
  SINCE OCT 1      1.45                      3.64  -2.19     5.80
  SINCE JAN 1      1.45                      1.79  -0.34     4.01

DEGREE DAYS
 HEATING
  YESTERDAY       12                         4      8        1
  MONTH TO DATE   68                       129    -61       40
  SINCE DEC 1    232                       660   -428      552
  SINCE JUL 1    232                       756   -524      613

 COOLING
  YESTERDAY        0                         1     -1        0
  MONTH TO DATE   64                        21     43       45
  SINCE DEC 1    142                        33    109       46
  SINCE JAN 1    113                        29     84       45
..................................................................


WIND (MPH)
  RESULTANT WIND SPEED   3   RESULTANT WIND DIRECTION  SE (120)
  HIGHEST WIND SPEED    22   HIGHEST WIND DIRECTION    NE (30)
  HIGHEST GUST SPEED    27   HIGHEST GUST DIRECTION     N (10)
  AVERAGE WIND SPEED     4.4


SKY COVER
  POSSIBLE SUNSHINE  MM
  AVERAGE SKY COVER 0.1


WEATHER CONDITIONS
 THE FOLLOWING WEATHER WAS RECORDED YESTERDAY.
  NO SIGNIFICANT WEATHER WAS OBSERVED.


RELATIVE HUMIDITY (PERCENT)
 HIGHEST    62           500 AM
 LOWEST     23           100 PM
 AVERAGE    43

..........................................................


THE PALM SPRINGS INTL AIRPORT CA CLIMATE NORMALS FOR TODAY
                         NORMAL    RECORD    YEAR
 MAXIMUM TEMPERATURE (F)   74        94      1947
 MINIMUM TEMPERATURE (F)   49        29      1953


SUNRISE AND SUNSET
FEBRUARY 23 2018......SUNRISE   622 AM PST   SUNSET   537 PM PST
FEBRUARY 24 2018......SUNRISE   620 AM PST   SUNSET   538 PM PST


-  INDICATES NEGATIVE NUMBERS.
R  INDICATES RECORD WAS SET OR TIED.
MM INDICATES DATA IS MISSING.
T  INDICATES TRACE AMOUNT.




$$
