000
CDUS46 KSGX 160115
CLIPSP


CLIMATE REPORT
NATIONAL WEATHER SERVICE SAN DIEGO, CA
515 PM PST SUN JAN 15 2017


...................................

...THE PALM SPRINGS INTL AIRPORT CA CLIMATE SUMMARY FOR JANUARY 15 2017...
VALID TODAY AS OF 0500 PM LOCAL TIME.

CLIMATE NORMAL PERIOD 1981 TO 2010
CLIMATE RECORD PERIOD 1893 TO 2017


WEATHER ITEM   OBSERVED TIME   RECORD YEAR NORMAL DEPARTURE LAST
                VALUE   (LST)  VALUE       VALUE  FROM      YEAR
                                                  NORMAL
..................................................................
TEMPERATURE (F)
 TODAY
  MAXIMUM         70    315 PM  86    1976  69      1       72
  MINIMUM         47    618 AM  25    1964  46      1       45
  AVERAGE         59                        58      1       59

PRECIPITATION (IN)
  TODAY            0.00          0.82 1978   0.03  -0.03     0.00
  MONTH TO DATE    0.67                      0.65   0.02     2.12
  SINCE OCT 1      2.46                      2.50  -0.04     2.31
  SINCE JAN 1      0.67                      0.65   0.02     2.12

DEGREE DAYS
 HEATING
  TODAY            6                         8     -2        6
  MONTH TO DATE  133                       126      7      178
  SINCE DEC 1    355                       416    -61      473
  SINCE JUL 1    416                       512    -96      580

 COOLING
  TODAY            0                         0      0        0
  MONTH TO DATE    0                         0      0        0
  SINCE DEC 1      1                         4     -3        0
  SINCE JAN 1      0                         0      0        0
..................................................................


WIND (MPH)
  RESULTANT WIND SPEED   3   RESULTANT WIND DIRECTION  NW (320)
  HIGHEST WIND SPEED    14   HIGHEST WIND DIRECTION    NW (320)
  HIGHEST GUST SPEED    17   HIGHEST GUST DIRECTION    NW (330)
  AVERAGE WIND SPEED     3.9


SKY COVER
  POSSIBLE SUNSHINE  MM
  AVERAGE SKY COVER 0.0


WEATHER CONDITIONS
 THE FOLLOWING WEATHER WAS RECORDED TODAY.
  NO SIGNIFICANT WEATHER WAS OBSERVED.


RELATIVE HUMIDITY (PERCENT)
 HIGHEST    80           600 AM
 LOWEST     40           200 PM
 AVERAGE    60

..........................................................


THE PALM SPRINGS INTL AIRPORT CA CLIMATE NORMALS FOR TOMORROW
                         NORMAL    RECORD    YEAR
 MAXIMUM TEMPERATURE (F)   69        88      1976
 MINIMUM TEMPERATURE (F)   46        28      1951


SUNRISE AND SUNSET
JANUARY 15 2017.......SUNRISE   651 AM PST   SUNSET   501 PM PST
JANUARY 16 2017.......SUNRISE   650 AM PST   SUNSET   502 PM PST


-  INDICATES NEGATIVE NUMBERS.
R  INDICATES RECORD WAS SET OR TIED.
MM INDICATES DATA IS MISSING.
T  INDICATES TRACE AMOUNT.




$$
