000
CDUS45 KPUB 212321
CLIPUB


CLIMATE REPORT
NATIONAL WEATHER SERVICE PUEBLO
520 PM MDT THU AUG 21 2014


...................................

...THE PUEBLO CO CLIMATE SUMMARY FOR AUGUST 21 2014...
VALID TODAY AS OF 0500 PM LOCAL TIME.

CLIMATE NORMAL PERIOD 1981 TO 2010
CLIMATE RECORD PERIOD 1888 TO 2014


WEATHER ITEM   OBSERVED TIME   RECORD YEAR NORMAL DEPARTURE LAST
                VALUE   (LST)  VALUE       VALUE  FROM      YEAR
                                                  NORMAL
..................................................................
TEMPERATURE (F)
 TODAY
  MAXIMUM         92    359 PM 101    2003  89      3       95
  MINIMUM         62    544 AM  46    1964  57      5       59
  AVERAGE         77                        73      4       77

PRECIPITATION (IN)
  TODAY            0.00          1.47 1986   0.07  -0.07     0.00
  MONTH TO DATE    1.24                      1.70  -0.46     3.26
  SINCE JUN 1      5.38                      5.12   0.26     5.21
  SINCE JAN 1      9.58                      9.61  -0.03     7.14

SNOWFALL (IN)
  TODAY            0.0           0.0  2002   0.0    0.0      0.0
  MONTH TO DATE    0.0                       0.0    0.0      0.0
  SINCE JUN 1      T                         0.0    0.0       T
  SINCE JUL 1      0.0                       0.0    0.0       T
  SNOW DEPTH       0

DEGREE DAYS
 HEATING
  TODAY            0                         0      0        0
  MONTH TO DATE    0                         0      0        0
  SINCE JUN 1      4                        26    -22       17
  SINCE JUL 1      1                         1      0        0

 COOLING
  TODAY           12                         8      4       12
  MONTH TO DATE  204                       194     10      192
  SINCE JUN 1    765                       705     60      858
  SINCE JAN 1    817                       739     78      931
..................................................................


WIND (MPH)
  HIGHEST WIND SPEED    20   HIGHEST WIND DIRECTION     N (10)
  HIGHEST GUST SPEED    27   HIGHEST GUST DIRECTION     N (10)
  AVERAGE WIND SPEED     7.0


SKY COVER
  POSSIBLE SUNSHINE  MM
  AVERAGE SKY COVER 0.0


WEATHER CONDITIONS
 THE FOLLOWING WEATHER WAS RECORDED TODAY.
  NO SIGNIFICANT WEATHER WAS OBSERVED.


RELATIVE HUMIDITY (PERCENT)
 HIGHEST    63           500 AM
 LOWEST     15           300 PM
 AVERAGE    39

..........................................................


THE PUEBLO CO CLIMATE NORMALS FOR TOMORROW
                         NORMAL    RECORD    YEAR
 MAXIMUM TEMPERATURE (F)   89       100      2003
 MINIMUM TEMPERATURE (F)   57        47      1920


SUNRISE AND SUNSET
AUGUST 21 2014........SUNRISE   618 AM MDT   SUNSET   744 PM MDT
AUGUST 22 2014........SUNRISE   619 AM MDT   SUNSET   742 PM MDT


-  INDICATES NEGATIVE NUMBERS.
R  INDICATES RECORD WAS SET OR TIED.
MM INDICATES DATA IS MISSING.
T  INDICATES TRACE AMOUNT.




$$
