000
CDUS45 KPUB 060030
CLIPUB


CLIMATE REPORT
NATIONAL WEATHER SERVICE PUEBLO
530 PM MST THU MAR 5 2015


...................................

...THE PUEBLO CO CLIMATE SUMMARY FOR MARCH 5 2015...
VALID TODAY AS OF 0500 PM LOCAL TIME.

CLIMATE NORMAL PERIOD 1981 TO 2010
CLIMATE RECORD PERIOD 1888 TO 2015


WEATHER ITEM   OBSERVED TIME   RECORD YEAR NORMAL DEPARTURE LAST
                VALUE   (LST)  VALUE       VALUE  FROM      YEAR
                                                  NORMAL
..................................................................
TEMPERATURE (F)
 TODAY
  MAXIMUM         45    459 PM  78    1910  56    -11       57
  MINIMUM          2    617 AM -20    1948  23    -21       30
  AVERAGE         24                        39    -15       44

PRECIPITATION (IN)
  TODAY            0.00          0.37 1946   0.03  -0.03      T
  MONTH TO DATE    0.05                      0.12  -0.07     0.05
  SINCE MAR 1      0.05                      0.12  -0.07     0.05
  SINCE JAN 1      1.43                      0.77   0.66     0.78

SNOWFALL (IN)
  TODAY            0.0           6.6  1946   0.2   -0.2      0.0
  MONTH TO DATE    1.7                       0.8    0.9      1.0
  SINCE MAR 1      1.7                       0.8    0.9      1.0
  SINCE JUL 1     42.8                      22.6   20.2     19.6
  SNOW DEPTH       0

DEGREE DAYS
 HEATING
  TODAY           41                        26     15       21
  MONTH TO DATE  199                       132     67      171
  SINCE MAR 1    199                       132     67      171
  SINCE JUL 1   4221                      4435   -214     4376

 COOLING
  TODAY            0                         0      0        0
  MONTH TO DATE    0                         0      0        0
  SINCE MAR 1      0                         0      0        0
  SINCE JAN 1      0                         0      0        0
..................................................................


WIND (MPH)
  HIGHEST WIND SPEED    10   HIGHEST WIND DIRECTION    SE (120)
  HIGHEST GUST SPEED    14   HIGHEST GUST DIRECTION     E (90)
  AVERAGE WIND SPEED     3.9


SKY COVER
  POSSIBLE SUNSHINE  MM
  AVERAGE SKY COVER 0.1


WEATHER CONDITIONS
 THE FOLLOWING WEATHER WAS RECORDED TODAY.
  FOG


RELATIVE HUMIDITY (PERCENT)
 HIGHEST    96           300 AM
 LOWEST     37           400 PM
 AVERAGE    67

..........................................................


THE PUEBLO CO CLIMATE NORMALS FOR TOMORROW
                         NORMAL    RECORD    YEAR
 MAXIMUM TEMPERATURE (F)   56        80      1972
 MINIMUM TEMPERATURE (F)   23       -10      1948


SUNRISE AND SUNSET
MARCH  5 2015.........SUNRISE   625 AM MST   SUNSET   555 PM MST
MARCH  6 2015.........SUNRISE   623 AM MST   SUNSET   556 PM MST


-  INDICATES NEGATIVE NUMBERS.
R  INDICATES RECORD WAS SET OR TIED.
MM INDICATES DATA IS MISSING.
T  INDICATES TRACE AMOUNT.




$$
