000
CDUS45 KPUB 251038
CLIPUB


CLIMATE REPORT
NATIONAL WEATHER SERVICE PUEBLO
438 AM MDT SAT MAR 25 2017


...................................

...THE PUEBLO CO CLIMATE SUMMARY FOR MARCH 24 2017...

CLIMATE NORMAL PERIOD 1981 TO 2010
CLIMATE RECORD PERIOD 1888 TO 2017


WEATHER ITEM   OBSERVED TIME   RECORD YEAR NORMAL DEPARTURE LAST
                VALUE   (LST)  VALUE       VALUE  FROM      YEAR
                                                  NORMAL
..................................................................
TEMPERATURE (F)
 YESTERDAY
  MAXIMUM         52    450 PM  82    2012  61     -9       59
  MINIMUM         33   1159 PM   5    2013  28      5       18
  AVERAGE         43                        44     -1       39

PRECIPITATION (IN)
  YESTERDAY        0.21          0.54 1945   0.03   0.18     0.00
  MONTH TO DATE    0.21                      0.69  -0.48     0.17
  SINCE MAR 1      0.21                      0.69  -0.48     0.17
  SINCE JAN 1      1.13                      1.34  -0.21     1.03

SNOWFALL (IN)
  YESTERDAY        0.0           4.6  1945   0.2   -0.2      0.0
  MONTH TO DATE    0.0                       4.3   -4.3      1.1
  SINCE MAR 1      0.0                       4.3   -4.3      1.1
  SINCE JUL 1     14.2                      26.1  -11.9     25.3
  SNOW DEPTH       0

DEGREE DAYS
 HEATING
  YESTERDAY       22                        20      2       26
  MONTH TO DATE  357                       564   -207      441
  SINCE MAR 1    357                       564   -207      441
  SINCE JUL 1   3857                      4867  -1010     3950

 COOLING
  YESTERDAY        0                         0      0        0
  MONTH TO DATE    0                         0      0        0
  SINCE MAR 1      0                         0      0        0
  SINCE JAN 1      0                         0      0        0
..................................................................


WIND (MPH)
  HIGHEST WIND SPEED    59   HIGHEST WIND DIRECTION     N (10)
  HIGHEST GUST SPEED    75   HIGHEST GUST DIRECTION     N (360)
  AVERAGE WIND SPEED    21.0


SKY COVER
  POSSIBLE SUNSHINE  MM
  AVERAGE SKY COVER 0.7


WEATHER CONDITIONS
 THE FOLLOWING WEATHER WAS RECORDED YESTERDAY.
  THUNDERSTORM
  LIGHT RAIN
  HAZE


RELATIVE HUMIDITY (PERCENT)
 HIGHEST    82           900 PM
 LOWEST     50           500 PM
 AVERAGE    66

..........................................................


THE PUEBLO CO CLIMATE NORMALS FOR TODAY
                         NORMAL    RECORD    YEAR
 MAXIMUM TEMPERATURE (F)   62        81      2004
 MINIMUM TEMPERATURE (F)   28         3      1965


SUNRISE AND SUNSET
MARCH 25 2017.........SUNRISE   653 AM MDT   SUNSET   715 PM MDT
MARCH 26 2017.........SUNRISE   652 AM MDT   SUNSET   716 PM MDT


-  INDICATES NEGATIVE NUMBERS.
R  INDICATES RECORD WAS SET OR TIED.
MM INDICATES DATA IS MISSING.
T  INDICATES TRACE AMOUNT.




$$
