000
CDUS45 KPUB 241045
CLIPUB


CLIMATE REPORT
NATIONAL WEATHER SERVICE PUEBLO
444 AM MDT SAT JUN 24 2017


...................................

...THE PUEBLO CO CLIMATE SUMMARY FOR JUNE 23 2017...

CLIMATE NORMAL PERIOD 1981 TO 2010
CLIMATE RECORD PERIOD 1888 TO 2017


WEATHER ITEM   OBSERVED TIME   RECORD YEAR NORMAL DEPARTURE LAST
                VALUE   (LST)  VALUE       VALUE  FROM      YEAR
                                                  NORMAL
..................................................................
TEMPERATURE (F)
 YESTERDAY
  MAXIMUM         68   1211 AM 106    2012  90    -22       96
  MINIMUM         52   1048 AM  42    1964  55     -3       60
  AVERAGE         60                        72    -12       78

PRECIPITATION (IN)
  YESTERDAY        0.06          0.41 1987   0.04   0.02     0.07
  MONTH TO DATE    1.57                      1.03   0.54     0.40
  SINCE JUN 1      1.57                      1.03   0.54     0.40
  SINCE JAN 1     10.63                      5.52   5.11     7.57

SNOWFALL (IN)
  YESTERDAY        0.0           0.0  2002   0.0    0.0      0.0
                                      2001
  MONTH TO DATE    0.0                       0.0    0.0       T
  SINCE JUN 1      0.0                       0.0    0.0       T
  SINCE JUL 1     28.2                      31.8   -3.6     31.4
  SNOW DEPTH       0

DEGREE DAYS
 HEATING
  YESTERDAY        5                         0      5        0
  MONTH TO DATE    5                        22    -17        1
  SINCE JUN 1      5                        22    -17        1
  SINCE JUL 1   4543                      5635  -1092     4624

 COOLING
  YESTERDAY        0                         8     -8       13
  MONTH TO DATE  169                       114     55      241
  SINCE JUN 1    169                       114     55      241
  SINCE JAN 1    179                       148     31      271
..................................................................


WIND (MPH)
  HIGHEST WIND SPEED    22   HIGHEST WIND DIRECTION    NE (60)
  HIGHEST GUST SPEED    27   HIGHEST GUST DIRECTION    NE (60)
  AVERAGE WIND SPEED     7.9


SKY COVER
  POSSIBLE SUNSHINE  MM
  AVERAGE SKY COVER 0.8


WEATHER CONDITIONS
 THE FOLLOWING WEATHER WAS RECORDED YESTERDAY.
  LIGHT RAIN
  FOG


RELATIVE HUMIDITY (PERCENT)
 HIGHEST    86           900 AM
 LOWEST     56           700 AM
 AVERAGE    71

..........................................................


THE PUEBLO CO CLIMATE NORMALS FOR TODAY
                         NORMAL    RECORD    YEAR
 MAXIMUM TEMPERATURE (F)   90       107      2012
 MINIMUM TEMPERATURE (F)   55        45      1995


SUNRISE AND SUNSET
JUNE 24 2017..........SUNRISE   536 AM MDT   SUNSET   825 PM MDT
JUNE 25 2017..........SUNRISE   536 AM MDT   SUNSET   825 PM MDT


-  INDICATES NEGATIVE NUMBERS.
R  INDICATES RECORD WAS SET OR TIED.
MM INDICATES DATA IS MISSING.
T  INDICATES TRACE AMOUNT.




$$
