000
CDUS46 KOTX 290827
CLIPUW


CLIMATE REPORT
NATIONAL WEATHER SERVICE SPOKANE, WA
127 AM PDT FRI APR 29 2016


...................................

...THE PULLMAN-MOSCOW  AIRPORT CLIMATE SUMMARY FOR APRIL 28 2016...

CLIMATE NORMAL PERIOD 1981 TO 2010
CLIMATE RECORD PERIOD 9999 TO 9999


WEATHER ITEM   OBSERVED TIME   RECORD YEAR NORMAL DEPARTURE LAST
                VALUE   (LST)  VALUE       VALUE  FROM      YEAR
                                                  NORMAL
..................................................................
TEMPERATURE (F)
 YESTERDAY
  MAXIMUM         60    232 PM  86    1987  60      0       79
  MINIMUM         44    432 AM  28    1967  38      6       49
  AVERAGE         52                        49      3       64

PRECIPITATION (IN)
  YESTERDAY        T             1.02 1990   0.05  -0.05     0.00
  MONTH TO DATE    1.15                      1.47  -0.32     0.58
  SINCE OCT 1     16.62                     12.06   4.56    13.68
  SINCE JAN 1      8.63                      6.86   1.77     6.83

SNOWFALL (IN)
  YESTERDAY       MM

DEGREE DAYS
 HEATING
  YESTERDAY       13                        16     -3        1
  MONTH TO DATE  342                       537   -195      534
  SINCE MAR 1   1031                      1293   -262     1131
  SINCE JUL 1   5129                      5996   -867     4962

 COOLING
  YESTERDAY        0                         0      0        0
  MONTH TO DATE    0                         0      0        0
  SINCE MAR 1      0                         0      0        0
  SINCE JAN 1      0                         0      0        0
..................................................................


WIND (MPH)
  HIGHEST WIND SPEED    16   HIGHEST WIND DIRECTION     W (290)
  HIGHEST GUST SPEED    21   HIGHEST GUST DIRECTION     W (290)
  AVERAGE WIND SPEED     7.2


SKY COVER
  POSSIBLE SUNSHINE  MM
  AVERAGE SKY COVER 0.9


WEATHER CONDITIONS
 THE FOLLOWING WEATHER WAS RECORDED YESTERDAY.
  NO SIGNIFICANT WEATHER WAS OBSERVED.


RELATIVE HUMIDITY (PERCENT)
 HIGHEST    77           700 AM
 LOWEST     51           100 PM
 AVERAGE    64

..........................................................


THE PULLMAN-MOSCOW  AIRPORT CLIMATE NORMALS FOR TODAY
                         NORMAL    RECORD    YEAR
 MAXIMUM TEMPERATURE (F)   61        86      1987
 MINIMUM TEMPERATURE (F)   38        28      1973


SUNRISE AND SUNSET
APRIL 29 2016.........SUNRISE   536 AM PDT   SUNSET   756 PM PDT
APRIL 30 2016.........SUNRISE   534 AM PDT   SUNSET   758 PM PDT


-  INDICATES NEGATIVE NUMBERS.
R  INDICATES RECORD WAS SET OR TIED.
MM INDICATES DATA IS MISSING.
T  INDICATES TRACE AMOUNT.




$$
