000
CDUS46 KOTX 040827
CLIPUW


CLIMATE REPORT
NATIONAL WEATHER SERVICE SPOKANE, WA
127 AM PDT TUE AUG 4 2015


...................................

...THE PULLMAN-MOSCOW  AIRPORT CLIMATE SUMMARY FOR AUGUST 3 2015...

CLIMATE NORMAL PERIOD 1981 TO 2010
CLIMATE RECORD PERIOD 9999 TO 9999


WEATHER ITEM   OBSERVED TIME   RECORD YEAR NORMAL DEPARTURE LAST
                VALUE   (LST)  VALUE       VALUE  FROM      YEAR
                                                  NORMAL
..................................................................
TEMPERATURE (F)
 YESTERDAY
  MAXIMUM         88    249 PM 102    1961  84      4       94
  MINIMUM         51    427 AM  34    2002  51      0       60
  AVERAGE         70                        68      2       77

PRECIPITATION (IN)
  YESTERDAY        T             0.61 2003   0.01  -0.01      T
  MONTH TO DATE    T                         0.05  -0.05     0.01
  SINCE OCT 1     16.63                     15.53   1.10    14.29
  SINCE JAN 1      9.78                     10.33  -0.55    10.95

SNOWFALL (IN)
  YESTERDAY       MM

DEGREE DAYS
 HEATING
  YESTERDAY        0                         1     -1        0
  MONTH TO DATE    0                         3     -3        0
  SINCE JUN 1     98                       273   -175      214
  SINCE JUL 1     19                        67    -48       10

 COOLING
  YESTERDAY        5                         4      1       12
  MONTH TO DATE   24                        12     12       43
  SINCE JUN 1    286                       107    179      233
  SINCE JAN 1    298                       112    186      234
..................................................................


WIND (MPH)
  HIGHEST WIND SPEED    22   HIGHEST WIND DIRECTION     W (260)
  HIGHEST GUST SPEED    30   HIGHEST GUST DIRECTION     W (250)
  AVERAGE WIND SPEED     7.4


SKY COVER
  POSSIBLE SUNSHINE  MM
  AVERAGE SKY COVER 0.2


WEATHER CONDITIONS
 THE FOLLOWING WEATHER WAS RECORDED YESTERDAY.
  HAZE


RELATIVE HUMIDITY (PERCENT)
 HIGHEST    57           900 PM
 LOWEST     18           300 PM
 AVERAGE    38

..........................................................


THE PULLMAN-MOSCOW  AIRPORT CLIMATE NORMALS FOR TODAY
                         NORMAL    RECORD    YEAR
 MAXIMUM TEMPERATURE (F)   84       110      1961
 MINIMUM TEMPERATURE (F)   51        36      1954


SUNRISE AND SUNSET
AUGUST  4 2015........SUNRISE   532 AM PDT   SUNSET   816 PM PDT
AUGUST  5 2015........SUNRISE   533 AM PDT   SUNSET   815 PM PDT


-  INDICATES NEGATIVE NUMBERS.
R  INDICATES RECORD WAS SET OR TIED.
MM INDICATES DATA IS MISSING.
T  INDICATES TRACE AMOUNT.




$$
