000
CDUS46 KOTX 060829
CLIPUW


CLIMATE REPORT
NATIONAL WEATHER SERVICE SPOKANE, WA
1229 AM PST SAT FEB 6 2016


...................................

...THE PULLMAN-MOSCOW  AIRPORT CLIMATE SUMMARY FOR FEBRUARY 5 2016...

CLIMATE NORMAL PERIOD 1981 TO 2010
CLIMATE RECORD PERIOD 9999 TO 9999


WEATHER ITEM   OBSERVED TIME   RECORD YEAR NORMAL DEPARTURE LAST
                VALUE   (LST)  VALUE       VALUE  FROM      YEAR
                                                  NORMAL
..................................................................
TEMPERATURE (F)
 YESTERDAY
  MAXIMUM         46    308 PM  56    2015  39      7       56
                                      1998
  MINIMUM         35    808 AM  -3    2014  28      7       40
  AVERAGE         41                        33      8       48

PRECIPITATION (IN)
  YESTERDAY        0.00          0.58 1943   0.06  -0.06     0.04
  MONTH TO DATE    0.16                      0.34  -0.18     0.29
  SINCE OCT 1     10.77                      7.36   3.41     8.75
  SINCE JAN 1      2.78                      2.16   0.62     1.90

SNOWFALL (IN)
  YESTERDAY       MM

DEGREE DAYS
 HEATING
  YESTERDAY       24                        32     -8       17
  MONTH TO DATE  153                       160     -7      127
  SINCE DEC 1   2111                      2275   -164     1962
  SINCE JUL 1   3568                      4019   -451     3299

 COOLING
  YESTERDAY        0                         0      0        0
  MONTH TO DATE    0                         0      0        0
  SINCE DEC 1      0                         0      0        0
  SINCE JAN 1      0                         0      0        0
..................................................................


WIND (MPH)
  HIGHEST WIND SPEED    25   HIGHEST WIND DIRECTION     S (180)
  HIGHEST GUST SPEED    32   HIGHEST GUST DIRECTION     S (180)
  AVERAGE WIND SPEED    13.2


SKY COVER
  POSSIBLE SUNSHINE  MM
  AVERAGE SKY COVER 0.5


WEATHER CONDITIONS
 THE FOLLOWING WEATHER WAS RECORDED YESTERDAY.
  NO SIGNIFICANT WEATHER WAS OBSERVED.


RELATIVE HUMIDITY (PERCENT)
 HIGHEST    92           400 AM
 LOWEST     58           900 PM
 AVERAGE    75

..........................................................


THE PULLMAN-MOSCOW  AIRPORT CLIMATE NORMALS FOR TODAY
                         NORMAL    RECORD    YEAR
 MAXIMUM TEMPERATURE (F)   39        60      2015
 MINIMUM TEMPERATURE (F)   28        -2      1989


SUNRISE AND SUNSET
FEBRUARY  6 2016......SUNRISE   707 AM PST   SUNSET   459 PM PST
FEBRUARY  7 2016......SUNRISE   705 AM PST   SUNSET   501 PM PST


-  INDICATES NEGATIVE NUMBERS.
R  INDICATES RECORD WAS SET OR TIED.
MM INDICATES DATA IS MISSING.
T  INDICATES TRACE AMOUNT.




$$
