000
CDUS46 KOTX 170827
CLIPUW


CLIMATE REPORT
NATIONAL WEATHER SERVICE SPOKANE, WA
1227 AM PST TUE JAN 17 2017


...................................

...THE PULLMAN-MOSCOW  AIRPORT CLIMATE SUMMARY FOR JANUARY 16 2017...

CLIMATE NORMAL PERIOD 1981 TO 2010
CLIMATE RECORD PERIOD 9999 TO 9999


WEATHER ITEM   OBSERVED TIME   RECORD YEAR NORMAL DEPARTURE LAST
                VALUE   (LST)  VALUE       VALUE  FROM      YEAR
                                                  NORMAL
..................................................................
TEMPERATURE (F)
 YESTERDAY
  MAXIMUM         24   1111 PM  55    2011  36    -12       38
  MINIMUM         -4    115 AM  -6    1957  27    -31       29
  AVERAGE         10                        32    -22       34

PRECIPITATION (IN)
  YESTERDAY        0.00                      0.07  -0.07     0.07
  MONTH TO DATE    0.90                      0.77   0.13     0.80
  SINCE OCT 1      9.31                      5.97   3.34     8.79
  SINCE JAN 1      0.90                      0.77   0.13     0.80

SNOWFALL (IN)
  YESTERDAY       MM

DEGREE DAYS
 HEATING
  YESTERDAY       55                        33     22       31
  MONTH TO DATE  810                       547    263      567
  SINCE DEC 1   2040                      1627    413     1556
  SINCE JUL 1   3388                      3371     17     3013

 COOLING
  YESTERDAY        0                         0      0        0
  MONTH TO DATE    0                         0      0        0
  SINCE DEC 1      0                         0      0        0
  SINCE JAN 1      0                         0      0        0
..................................................................


WIND (MPH)
  HIGHEST WIND SPEED    17   HIGHEST WIND DIRECTION     E (110)
  HIGHEST GUST SPEED    23   HIGHEST GUST DIRECTION    SE (120)
  AVERAGE WIND SPEED     6.3


SKY COVER
  POSSIBLE SUNSHINE  MM
  AVERAGE SKY COVER 0.2


WEATHER CONDITIONS
 THE FOLLOWING WEATHER WAS RECORDED YESTERDAY.
  FOG
  FOG W/VISIBILITY <= 1/4 MILE
  HAZE


RELATIVE HUMIDITY (PERCENT)
 HIGHEST   100          1200 AM
 LOWEST     68           700 PM
 AVERAGE    84

..........................................................


THE PULLMAN-MOSCOW  AIRPORT CLIMATE NORMALS FOR TODAY
                         NORMAL    RECORD    YEAR
 MAXIMUM TEMPERATURE (F)   37        51      1971
 MINIMUM TEMPERATURE (F)   27       -19      1950


SUNRISE AND SUNSET
JANUARY 17 2017.......SUNRISE   727 AM PST   SUNSET   431 PM PST
JANUARY 18 2017.......SUNRISE   727 AM PST   SUNSET   432 PM PST


-  INDICATES NEGATIVE NUMBERS.
R  INDICATES RECORD WAS SET OR TIED.
MM INDICATES DATA IS MISSING.
T  INDICATES TRACE AMOUNT.




$$
