000
CDUS46 KOTX 150837
CLIPUW


CLIMATE REPORT
NATIONAL WEATHER SERVICE SPOKANE, WA
136 AM PDT MON SEP 15 2014


...................................

...THE PULLMAN-MOSCOW  AIRPORT CLIMATE SUMMARY FOR SEPTEMBER 14 2014...

CLIMATE NORMAL PERIOD 1981 TO 2010
CLIMATE RECORD PERIOD 9999 TO 9999


WEATHER ITEM   OBSERVED TIME   RECORD YEAR NORMAL DEPARTURE LAST
                VALUE   (LST)  VALUE       VALUE  FROM      YEAR
                                                  NORMAL
..................................................................
TEMPERATURE (F)
 YESTERDAY
  MAXIMUM         80    213 PM  92    2013  74      6       92
                                      2002
  MINIMUM         35    540 AM  24    1970  43     -8       52
  AVERAGE         58                        59     -1       72

PRECIPITATION (IN)
  YESTERDAY        0.00          0.94 1955   0.03  -0.03     0.00
  MONTH TO DATE    0.03                      0.32  -0.29     0.30
  SINCE OCT 1     14.81                     16.43  -1.62    16.72
  SINCE JAN 1     11.47                     11.23   0.24     9.18

SNOWFALL (IN)
  YESTERDAY       MM            MM      MM  MM     MM       MM
  MONTH TO DATE   MM                        MM     MM       MM
  SINCE SEP 1     MM                        MM     MM       MM
  SINCE JUL 1     MM                        MM     MM       MM
  SNOW DEPTH      MM

DEGREE DAYS
 HEATING
  YESTERDAY        7                         7      0        0
  MONTH TO DATE   79                        76      3       12
  SINCE SEP 1     79                        76      3       12
  SINCE JUL 1    104                       209   -105       52

 COOLING
  YESTERDAY        0                         1     -1        7
  MONTH TO DATE    0                        18    -18       58
  SINCE SEP 1      0                        18    -18       58
  SINCE JAN 1    327                       208    119      320
..................................................................


WIND (MPH)
  HIGHEST WIND SPEED     8   HIGHEST WIND DIRECTION     W (260)
  HIGHEST GUST SPEED    12   HIGHEST GUST DIRECTION     S (190)
  AVERAGE WIND SPEED     2.2


SKY COVER
  POSSIBLE SUNSHINE  MM
  AVERAGE SKY COVER 0.0


WEATHER CONDITIONS
 THE FOLLOWING WEATHER WAS RECORDED YESTERDAY.
  NO SIGNIFICANT WEATHER WAS OBSERVED.


RELATIVE HUMIDITY (PERCENT)
 HIGHEST    52           500 AM
 LOWEST     12           200 PM
 AVERAGE    32

..........................................................


THE PULLMAN-MOSCOW  AIRPORT CLIMATE NORMALS FOR TODAY
                         NORMAL    RECORD    YEAR
 MAXIMUM TEMPERATURE (F)   74        90      2013
                                             1998
 MINIMUM TEMPERATURE (F)   43        26      1970


SUNRISE AND SUNSET
SEPTEMBER 15 2014.....SUNRISE   626 AM PDT   SUNSET   700 PM PDT
SEPTEMBER 16 2014.....SUNRISE   628 AM PDT   SUNSET   658 PM PDT


-  INDICATES NEGATIVE NUMBERS.
R  INDICATES RECORD WAS SET OR TIED.
MM INDICATES DATA IS MISSING.
T  INDICATES TRACE AMOUNT.




$$
