000
CDUS46 KOTX 220850
CLIPUW


CLIMATE REPORT
NATIONAL WEATHER SERVICE SPOKANE, WA
149 AM PDT WED MAR 22 2017


...................................

...THE PULLMAN-MOSCOW  AIRPORT CLIMATE SUMMARY FOR MARCH 21 2017...

CLIMATE NORMAL PERIOD 1981 TO 2010
CLIMATE RECORD PERIOD 9999 TO 9999


WEATHER ITEM   OBSERVED TIME   RECORD YEAR NORMAL DEPARTURE LAST
                VALUE   (LST)  VALUE       VALUE  FROM      YEAR
                                                  NORMAL
..................................................................
TEMPERATURE (F)
 YESTERDAY
  MAXIMUM         55    406 PM  73    1999  51      4       58
  MINIMUM         40   1159 PM  21    1952  33      7       36
  AVERAGE         48                        42      6       47

PRECIPITATION (IN)
  YESTERDAY        0.24                      0.07   0.17     0.32
  MONTH TO DATE    4.17                      1.39   2.78     2.18
  SINCE OCT 1     17.26                      9.93   7.33    14.19
  SINCE JAN 1      8.85                      4.73   4.12     6.20

SNOWFALL (IN)
  YESTERDAY       MM

DEGREE DAYS
 HEATING
  YESTERDAY       17                        23     -6       18
  MONTH TO DATE  488                       531    -43      458
  SINCE MAR 1    488                       531    -43      458
  SINCE JUL 1   5265                      5234     31     4556

 COOLING
  YESTERDAY        0                         0      0        0
  MONTH TO DATE    0                         0      0        0
  SINCE MAR 1      0                         0      0        0
  SINCE JAN 1      0                         0      0        0
..................................................................


WIND (MPH)
  HIGHEST WIND SPEED    32   HIGHEST WIND DIRECTION     W (250)
  HIGHEST GUST SPEED    38   HIGHEST GUST DIRECTION    SW (240)
  AVERAGE WIND SPEED     6.8


SKY COVER
  POSSIBLE SUNSHINE  MM
  AVERAGE SKY COVER 0.9


WEATHER CONDITIONS
 THE FOLLOWING WEATHER WAS RECORDED YESTERDAY.
  RAIN
  LIGHT RAIN
  FOG


RELATIVE HUMIDITY (PERCENT)
 HIGHEST   100           300 AM
 LOWEST     71           900 AM
 AVERAGE    86

..........................................................


THE PULLMAN-MOSCOW  AIRPORT CLIMATE NORMALS FOR TODAY
                         NORMAL    RECORD    YEAR
 MAXIMUM TEMPERATURE (F)   51        69      1960
 MINIMUM TEMPERATURE (F)   33        18      1966


SUNRISE AND SUNSET
MARCH 22 2017.........SUNRISE   647 AM PDT   SUNSET   704 PM PDT
MARCH 23 2017.........SUNRISE   645 AM PDT   SUNSET   706 PM PDT


-  INDICATES NEGATIVE NUMBERS.
R  INDICATES RECORD WAS SET OR TIED.
MM INDICATES DATA IS MISSING.
T  INDICATES TRACE AMOUNT.




$$
