000
CDUS46 KOTX 300832
CLIPUW


CLIMATE REPORT
NATIONAL WEATHER SERVICE SPOKANE, WA
131 AM PDT WED JUL 30 2014


...................................

...THE PULLMAN-MOSCOW  AIRPORT CLIMATE SUMMARY FOR JULY 29 2014...

CLIMATE NORMAL PERIOD 1981 TO 2010
CLIMATE RECORD PERIOD 9999 TO 9999


WEATHER ITEM   OBSERVED TIME   RECORD YEAR NORMAL DEPARTURE LAST
                VALUE   (LST)  VALUE       VALUE  FROM      YEAR
                                                  NORMAL
..................................................................
TEMPERATURE (F)
 YESTERDAY
  MAXIMUM         99    305 PM 100    1996  84     15       85
  MINIMUM         53    451 AM  35    1954  51      2       42
  AVERAGE         76                        68      8       64

PRECIPITATION (IN)
  YESTERDAY        0.00          0.42 1984   0.02  -0.02     0.00
  MONTH TO DATE    0.33                      0.65  -0.32     0.12
  SINCE OCT 1     14.28                     15.44  -1.16    15.97
  SINCE JAN 1     10.94                     10.24   0.70     8.43

SNOWFALL (IN)
  YESTERDAY       MM            MM      MM  MM     MM       MM
  MONTH TO DATE   MM                        MM     MM       MM
  SINCE JUN 1     MM                        MM     MM       MM
  SINCE JUL 1     MM                        MM     MM       MM
  SNOW DEPTH      MM

DEGREE DAYS
 HEATING
  YESTERDAY        0                         1     -1        1
  MONTH TO DATE   10                        60    -50       24
  SINCE JUN 1    214                       266    -52      214
  SINCE JUL 1     10                        60    -50       24

 COOLING
  YESTERDAY       11                         4      7        0
  MONTH TO DATE  168                        74     94       99
  SINCE JUN 1    169                        87     82      132
  SINCE JAN 1    170                        92     78      144
..................................................................


WIND (MPH)
  HIGHEST WIND SPEED    10   HIGHEST WIND DIRECTION     W (270)
  HIGHEST GUST SPEED    17   HIGHEST GUST DIRECTION     W (270)
  AVERAGE WIND SPEED     1.9


SKY COVER
  POSSIBLE SUNSHINE  MM
  AVERAGE SKY COVER 0.0


WEATHER CONDITIONS
 THE FOLLOWING WEATHER WAS RECORDED YESTERDAY.
  NO SIGNIFICANT WEATHER WAS OBSERVED.


RELATIVE HUMIDITY (PERCENT)
 HIGHEST    77           500 AM
 LOWEST     11           400 PM
 AVERAGE    44

..........................................................


THE PULLMAN-MOSCOW  AIRPORT CLIMATE NORMALS FOR TODAY
                         NORMAL    RECORD    YEAR
 MAXIMUM TEMPERATURE (F)   84        98      2003
                                             1998
 MINIMUM TEMPERATURE (F)   51        39      1986


SUNRISE AND SUNSET
JULY 30 2014..........SUNRISE   526 AM PDT   SUNSET   823 PM PDT
JULY 31 2014..........SUNRISE   527 AM PDT   SUNSET   821 PM PDT


-  INDICATES NEGATIVE NUMBERS.
R  INDICATES RECORD WAS SET OR TIED.
MM INDICATES DATA IS MISSING.
T  INDICATES TRACE AMOUNT.




$$
