000
CDUS46 KOTX 290829
CLIPUW


CLIMATE REPORT
NATIONAL WEATHER SERVICE SPOKANE, WA
129 AM PDT SUN MAR 29 2015


...................................

...THE PULLMAN-MOSCOW  AIRPORT CLIMATE SUMMARY FOR MARCH 28 2015...

CLIMATE NORMAL PERIOD 1981 TO 2010
CLIMATE RECORD PERIOD 9999 TO 9999


WEATHER ITEM   OBSERVED TIME   RECORD YEAR NORMAL DEPARTURE LAST
                VALUE   (LST)  VALUE       VALUE  FROM      YEAR
                                                  NORMAL
..................................................................
TEMPERATURE (F)
 YESTERDAY
  MAXIMUM         54    211 PM  68    1986  52      2       48
  MINIMUM         38   1100 PM  17    1975  34      4       34
  AVERAGE         46                        43      3       41

PRECIPITATION (IN)
  YESTERDAY        0.24          0.45 2009   0.07   0.17     0.28
  MONTH TO DATE    2.48                      1.85   0.63     2.72
  SINCE OCT 1     13.08                     10.39   2.69    10.50
  SINCE JAN 1      6.23                      5.19   1.04     7.16

SNOWFALL (IN)
  YESTERDAY       MM

DEGREE DAYS
 HEATING
  YESTERDAY       19                        22     -3       24
  MONTH TO DATE  548                       690   -142      651
  SINCE MAR 1    548                       690   -142      651
  SINCE JUL 1   4379                      5393  -1014     5502

 COOLING
  YESTERDAY        0                         0      0        0
  MONTH TO DATE    0                         0      0        0
  SINCE MAR 1      0                         0      0        0
  SINCE JAN 1      0                         0      0        0
..................................................................


WIND (MPH)
  HIGHEST WIND SPEED    36   HIGHEST WIND DIRECTION    SW (240)
  HIGHEST GUST SPEED    44   HIGHEST GUST DIRECTION    SW (240)
  AVERAGE WIND SPEED    17.4


SKY COVER
  POSSIBLE SUNSHINE  MM
  AVERAGE SKY COVER 0.5


WEATHER CONDITIONS
 THE FOLLOWING WEATHER WAS RECORDED YESTERDAY.
  THUNDERSTORM
  RAIN
  LIGHT RAIN
  FOG


RELATIVE HUMIDITY (PERCENT)
 HIGHEST    83          1200 AM
 LOWEST     54           100 PM
 AVERAGE    69

..........................................................


THE PULLMAN-MOSCOW  AIRPORT CLIMATE NORMALS FOR TODAY
                         NORMAL    RECORD    YEAR
 MAXIMUM TEMPERATURE (F)   52        72      2004
 MINIMUM TEMPERATURE (F)   34        14      1954


SUNRISE AND SUNSET
MARCH 29 2015.........SUNRISE   634 AM PDT   SUNSET   713 PM PDT
MARCH 30 2015.........SUNRISE   632 AM PDT   SUNSET   715 PM PDT


-  INDICATES NEGATIVE NUMBERS.
R  INDICATES RECORD WAS SET OR TIED.
MM INDICATES DATA IS MISSING.
T  INDICATES TRACE AMOUNT.




$$
