000
CDUS46 KOTX 270828
CLIPUW


CLIMATE REPORT
NATIONAL WEATHER SERVICE SPOKANE, WA
1225 AM PST SAT DEC 27 2014


...................................

...THE PULLMAN-MOSCOW  AIRPORT CLIMATE SUMMARY FOR DECEMBER 26 2014...

CLIMATE NORMAL PERIOD 1981 TO 2010
CLIMATE RECORD PERIOD 9999 TO 9999


WEATHER ITEM   OBSERVED TIME   RECORD YEAR NORMAL DEPARTURE LAST
                VALUE   (LST)  VALUE       VALUE  FROM      YEAR
                                                  NORMAL
..................................................................
TEMPERATURE (F)
 YESTERDAY
  MAXIMUM         34    257 PM  57    1980  35     -1       40
  MINIMUM         26   1111 PM   0    1948  24      2       30
  AVERAGE         30                        30      0       35

PRECIPITATION (IN)
  YESTERDAY        T           1.06   1996  0.05  -0.05     0.00
  MONTH TO DATE    2.90                     1.36   1.54     1.38
  SINCE OCT 1      6.70                     4.99   1.71     3.31
  SINCE JAN 1     18.58                    16.68   1.90    14.85

SNOWFALL (IN)
  YESTERDAY       MM

DEGREE DAYS
 HEATING
  YESTERDAY       35                        35      0       30
  MONTH TO DATE  711                       902   -191     1000
  SINCE DEC 1    711                       902   -191     1000
  SINCE JUL 1   2048                      2646   -598     2689

 COOLING
  YESTERDAY        0                         0      0        0
  MONTH TO DATE    0                         0      0        0
  SINCE DEC 1      0                         0      0        0
  SINCE JAN 1    346                       213    133      334
..................................................................


WIND (MPH)
  HIGHEST WIND SPEED    14   HIGHEST WIND DIRECTION     W (270)
  HIGHEST GUST SPEED    19   HIGHEST GUST DIRECTION     W (270)
  AVERAGE WIND SPEED     5.8


SKY COVER
  POSSIBLE SUNSHINE  MM
  AVERAGE SKY COVER 0.4


WEATHER CONDITIONS
 THE FOLLOWING WEATHER WAS RECORDED YESTERDAY.
  LIGHT SNOW
  FOG


RELATIVE HUMIDITY (PERCENT)
 HIGHEST    92           400 AM
 LOWEST     75           100 PM
 AVERAGE    84

..........................................................


THE PULLMAN-MOSCOW  AIRPORT CLIMATE NORMALS FOR TODAY
                         NORMAL    RECORD    YEAR
 MAXIMUM TEMPERATURE (F)   35        59      1980
 MINIMUM TEMPERATURE (F)   24        -3      1988


SUNRISE AND SUNSET
DECEMBER 27 2014......SUNRISE   733 AM PST   SUNSET   407 PM PST
DECEMBER 28 2014......SUNRISE   733 AM PST   SUNSET   407 PM PST


-  INDICATES NEGATIVE NUMBERS.
R  INDICATES RECORD WAS SET OR TIED.
MM INDICATES DATA IS MISSING.
T  INDICATES TRACE AMOUNT.

$$
