000
CDUS46 KOTX 280836
CLIPUW


CLIMATE REPORT
NATIONAL WEATHER SERVICE SPOKANE, WA
134 AM PDT FRI APR 28 2017


...................................

...THE PULLMAN-MOSCOW  AIRPORT CLIMATE SUMMARY FOR APRIL 27 2017...

CLIMATE NORMAL PERIOD 1981 TO 2010
CLIMATE RECORD PERIOD 9999 TO 9999


WEATHER ITEM   OBSERVED TIME   RECORD YEAR NORMAL DEPARTURE LAST
                VALUE   (LST)  VALUE       VALUE  FROM      YEAR
                                                  NORMAL
..................................................................
TEMPERATURE (F)
 YESTERDAY
  MAXIMUM         49    443 PM  77    1987  60    -11       60
  MINIMUM         36    617 AM  25    1984  37     -1       42
  AVERAGE         43                        49     -6       51

PRECIPITATION (IN)
  YESTERDAY        0.01                      0.05  -0.04     0.00
  MONTH TO DATE    1.92                      1.42   0.50     1.15
  SINCE OCT 1     20.26                     12.01   8.25    16.62
  SINCE JAN 1     11.85                      6.81   5.04     8.63

DEGREE DAYS
 HEATING
  YESTERDAY       22                        16      6       14
  MONTH TO DATE  506                       521    -15      329
  SINCE MAR 1   1211                      1277    -66     1018
  SINCE JUL 1   5988                      5980      8     5116

 COOLING
  YESTERDAY        0                         0      0        0
  MONTH TO DATE    0                         0      0        0
  SINCE MAR 1      0                         0      0        0
  SINCE JAN 1      0                         0      0        0
..................................................................


WIND (MPH)
  HIGHEST WIND SPEED    26   HIGHEST WIND DIRECTION     W (250)
  HIGHEST GUST SPEED    33   HIGHEST GUST DIRECTION    SW (240)
  AVERAGE WIND SPEED    13.8


SKY COVER
  POSSIBLE SUNSHINE  MM
  AVERAGE SKY COVER 0.6


WEATHER CONDITIONS
 THE FOLLOWING WEATHER WAS RECORDED YESTERDAY.
  LIGHT RAIN


RELATIVE HUMIDITY (PERCENT)
 HIGHEST    82           200 AM
 LOWEST     46           600 PM
 AVERAGE    64

..........................................................


THE PULLMAN-MOSCOW  AIRPORT CLIMATE NORMALS FOR TODAY
                         NORMAL    RECORD    YEAR
 MAXIMUM TEMPERATURE (F)   60        86      1987
 MINIMUM TEMPERATURE (F)   38        28      1967


SUNRISE AND SUNSET
APRIL 28 2017.........SUNRISE   538 AM PDT   SUNSET   755 PM PDT
APRIL 29 2017.........SUNRISE   536 AM PDT   SUNSET   756 PM PDT


-  INDICATES NEGATIVE NUMBERS.
R  INDICATES RECORD WAS SET OR TIED.
MM INDICATES DATA IS MISSING.
T  INDICATES TRACE AMOUNT.




$$
