000
CDUS41 KBOX 110603
CLIPVD


CLIMATE REPORT
NATIONAL WEATHER SERVICE TAUNTON MA
1253 AM EST MON DEC 11 2017


...................................

...THE PROVIDENCE RI CLIMATE SUMMARY FOR DECEMBER 10 2017...

CLIMATE NORMAL PERIOD 1981 TO 2010
CLIMATE RECORD PERIOD 1904 TO 2017


WEATHER ITEM   OBSERVED TIME   RECORD YEAR NORMAL DEPARTURE LAST
                VALUE   (LST)  VALUE       VALUE  FROM      YEAR
                                                  NORMAL
..................................................................
TEMPERATURE (F)
 YESTERDAY
  MAXIMUM         39    225 PM  67    1946  44     -5       32
  MINIMUM         30    731 PM   5    1968  28      2       18
  AVERAGE         35                        36     -1       25

PRECIPITATION (IN)
  YESTERDAY        T             2.78 1936   0.15  -0.15     0.00
  MONTH TO DATE    1.28                      1.52  -0.24     0.46
  SINCE DEC 1      1.28                      1.52  -0.24     0.46
  SINCE JAN 1     47.71                     44.48   3.23    37.32

SNOWFALL (IN)
  YESTERDAY        0.3           3.6  1905   0.2    0.1      0.0
  MONTH TO DATE    3.1                       2.2    0.9      0.4
  SINCE DEC 1      3.1                       2.2    0.9      0.4
  SINCE JUL 1      3.1                       3.7   -0.6      0.4
  SNOW DEPTH       3

DEGREE DAYS
 HEATING
  YESTERDAY       30                        29      1       40
  MONTH TO DATE  221                       273    -52      270
  SINCE DEC 1    221                       273    -52      270
  SINCE JUL 1   1035                      1348   -313     1157

 COOLING
  YESTERDAY        0                         0      0        0
  MONTH TO DATE    0                         0      0        0
  SINCE DEC 1      0                         0      0        0
  SINCE JAN 1    880                       744    136     1049
..................................................................


WIND (MPH)
  RESULTANT WIND SPEED   6   RESULTANT WIND DIRECTION   W (280)
  HIGHEST WIND SPEED    16   HIGHEST WIND DIRECTION     W (280)
  HIGHEST GUST SPEED    21   HIGHEST GUST DIRECTION    NW (300)
  AVERAGE WIND SPEED     7.3


SKY COVER
  POSSIBLE SUNSHINE  MM
  AVERAGE SKY COVER 0.6


WEATHER CONDITIONS
 THE FOLLOWING WEATHER WAS RECORDED YESTERDAY.
  LIGHT SNOW
  FOG


RELATIVE HUMIDITY (PERCENT)
 HIGHEST    92          1200 AM
 LOWEST     59           200 PM
 AVERAGE    76

..........................................................


THE PROVIDENCE RI CLIMATE NORMALS FOR TODAY
                         NORMAL    RECORD    YEAR
 MAXIMUM TEMPERATURE (F)   44        68      1971
 MINIMUM TEMPERATURE (F)   28         4      1988
                                             1958


SUNRISE AND SUNSET
DECEMBER 11 2017......SUNRISE   703 AM EST   SUNSET   415 PM EST
DECEMBER 12 2017......SUNRISE   704 AM EST   SUNSET   415 PM EST


-  INDICATES NEGATIVE NUMBERS.
R  INDICATES RECORD WAS SET OR TIED.
MM INDICATES DATA IS MISSING.
T  INDICATES TRACE AMOUNT.




$$
