000
CDUS41 KBOX 242150
CLIPVD


CLIMATE REPORT
NATIONAL WEATHER SERVICE TAUNTON MA
546 PM EDT TUE MAY 24 2016


...................................

...THE PROVIDENCE RI CLIMATE SUMMARY FOR MAY 24 2016...
VALID AS OF 0500 PM LOCAL TIME.

CLIMATE NORMAL PERIOD 1981 TO 2010
CLIMATE RECORD PERIOD 1904 TO 2016


WEATHER ITEM   OBSERVED TIME   RECORD YEAR NORMAL DEPARTURE LAST
                VALUE   (LST)  VALUE       VALUE  FROM      YEAR
                                                  NORMAL
..................................................................
TEMPERATURE (F)
 TODAY
  MAXIMUM         64   1211 AM  92    1964  71     -7       82
                                      1936
  MINIMUM         55    841 AM  38    1967  51      4       49
  AVERAGE         60                        61     -1       66

PRECIPITATION (IN)
  TODAY            0.09          1.70 2001   0.14  -0.05     0.00
  MONTH TO DATE    1.60                      2.68  -1.08     0.51
  SINCE MAR 1      8.19                     12.05  -3.86     7.42
  SINCE JAN 1     16.54                     19.20  -2.66    13.77

SNOWFALL (IN)
  TODAY            0.0           0.0  2001   0.0    0.0      0.0
                                      2000
  MONTH TO DATE    0.0                       0.0    0.0      0.0
  SINCE MAR 1      9.3                       6.1    3.2     16.3
  SINCE JUL 1     28.7                      33.8   -5.1     76.2
  SNOW DEPTH       0

DEGREE DAYS
 HEATING
  TODAY            5                         5      0        0
  MONTH TO DATE  218                       194     24      122
  SINCE MAR 1   1374                      1482   -108     1586
  SINCE JUL 1   4745                      5544   -799     5948

 COOLING
  TODAY            0                         1     -1        1
  MONTH TO DATE    1                        11    -10       30
  SINCE MAR 1      1                        13    -12       30
  SINCE JAN 1      1                        13    -12       30
..................................................................


WIND (MPH)
  HIGHEST WIND SPEED    18   HIGHEST WIND DIRECTION     N (20)
  HIGHEST GUST SPEED    22   HIGHEST GUST DIRECTION     N (10)
  AVERAGE WIND SPEED    11.6


SKY COVER
  POSSIBLE SUNSHINE  MM
  AVERAGE SKY COVER 1.0


WEATHER CONDITIONS
 THE FOLLOWING WEATHER WAS RECORDED TODAY.
  LIGHT RAIN
  FOG


RELATIVE HUMIDITY (PERCENT)
 HIGHEST    93           900 AM
 LOWEST     67          1200 AM
 AVERAGE    80

..........................................................


THE PROVIDENCE RI CLIMATE NORMALS FOR TOMORROW
                         NORMAL    RECORD    YEAR
 MAXIMUM TEMPERATURE (F)   71        93      2007
 MINIMUM TEMPERATURE (F)   51        33      1956


SUNRISE AND SUNSET
MAY 24 2016...........SUNRISE   518 AM EDT   SUNSET   808 PM EDT
MAY 25 2016...........SUNRISE   517 AM EDT   SUNSET   809 PM EDT


-  INDICATES NEGATIVE NUMBERS.
R  INDICATES RECORD WAS SET OR TIED.
MM INDICATES DATA IS MISSING.
T  INDICATES TRACE AMOUNT.




$$
