000
CDUS41 KBOX 300546
CLIPVD


CLIMATE REPORT
NATIONAL WEATHER SERVICE TAUNTON MA
142 AM EDT TUE SEP 30 2014


...................................

...THE PROVIDENCE RI CLIMATE SUMMARY FOR SEPTEMBER 29 2014...

CLIMATE NORMAL PERIOD 1981 TO 2010
CLIMATE RECORD PERIOD 1904 TO 2014


WEATHER ITEM   OBSERVED TIME   RECORD YEAR NORMAL DEPARTURE LAST
                VALUE   (LST)  VALUE       VALUE  FROM      YEAR
                                                  NORMAL
..................................................................
TEMPERATURE (F)
 YESTERDAY
  MAXIMUM         73    125 PM  87    1945  69      4       69
  MINIMUM         59    452 AM  33    1914  50      9       46
  AVERAGE         66                        60      6       58

PRECIPITATION (IN)
  YESTERDAY        0.00          2.43 1967   0.13  -0.13     0.00
  MONTH TO DATE    0.64                      3.78  -3.14     4.59
  SINCE SEP 1      0.64                      3.78  -3.14     4.59
  SINCE JAN 1     32.09                     34.38  -2.29    35.40

SNOWFALL (IN)
  YESTERDAY        0.0           0.0  2002   0.0    0.0      0.0
                                      2001
                                      2000
  MONTH TO DATE    0.0                       0.0    0.0      0.0
  SINCE SEP 1      0.0                       0.0    0.0      0.0
  SINCE JUL 1      0.0                       0.0    0.0      0.0
  SNOW DEPTH       0

DEGREE DAYS
 HEATING
  YESTERDAY        0                         6     -6        7
  MONTH TO DATE   67                        82    -15       99
  SINCE SEP 1     67                        82    -15       99
  SINCE JUL 1     67                        91    -24       99

 COOLING
  YESTERDAY        1                         1      0        0
  MONTH TO DATE  115                        79     36       63
  SINCE SEP 1    115                        79     36       63
  SINCE JAN 1    697                       735    -38      885
..................................................................


WIND (MPH)
  RESULTANT WIND SPEED   2   RESULTANT WIND DIRECTION   E (90)
  HIGHEST WIND SPEED    16   HIGHEST WIND DIRECTION    NE (30)
  HIGHEST GUST SPEED    19   HIGHEST GUST DIRECTION    NE (30)
  AVERAGE WIND SPEED     5.3


SKY COVER
  POSSIBLE SUNSHINE  MM
  AVERAGE SKY COVER 0.6


WEATHER CONDITIONS
 THE FOLLOWING WEATHER WAS RECORDED YESTERDAY.
  FOG


RELATIVE HUMIDITY (PERCENT)
 HIGHEST    97           300 AM
 LOWEST     73          1100 AM
 AVERAGE    85

..........................................................


THE PROVIDENCE RI CLIMATE NORMALS FOR TODAY
                         NORMAL    RECORD    YEAR
 MAXIMUM TEMPERATURE (F)   69        85      1986
 MINIMUM TEMPERATURE (F)   50        32      1951


SUNRISE AND SUNSET
SEPTEMBER 30 2014.....SUNRISE   641 AM EDT   SUNSET   629 PM EDT
OCTOBER  1 2014.......SUNRISE   642 AM EDT   SUNSET   628 PM EDT


-  INDICATES NEGATIVE NUMBERS.
R  INDICATES RECORD WAS SET OR TIED.
MM INDICATES DATA IS MISSING.
T  INDICATES TRACE AMOUNT.




$$
