000
CDUS41 KBOX 190528
CLIPVD


CLIMATE REPORT
NATIONAL WEATHER SERVICE TAUNTON MA
127 AM EDT THU OCT 19 2017


...................................

...THE PROVIDENCE RI CLIMATE SUMMARY FOR OCTOBER 18 2017...

CLIMATE NORMAL PERIOD 1981 TO 2010
CLIMATE RECORD PERIOD 1904 TO 2017


WEATHER ITEM   OBSERVED TIME   RECORD YEAR NORMAL DEPARTURE LAST
                VALUE   (LST)  VALUE       VALUE  FROM      YEAR
                                                  NORMAL
..................................................................
TEMPERATURE (F)
 YESTERDAY
  MAXIMUM         74    305 PM  85    1908  63     11       80
  MINIMUM         45    614 AM  28    1978  43      2       59
                                      1976
                                      1970
  AVERAGE         60                        53      7       70

PRECIPITATION (IN)
  YESTERDAY        0.00          2.38 1932   0.12  -0.12     0.00
  MONTH TO DATE    0.60                      2.25  -1.65     2.22
  SINCE SEP 1      4.45                      6.17  -1.72     4.96
  SINCE JAN 1     38.65                     36.77   1.88    30.79

SNOWFALL (IN)
  YESTERDAY        0.0           T    1972   0.0    0.0      0.0
  MONTH TO DATE    0.0                       0.0    0.0      0.0
  SINCE SEP 1      0.0                       0.0    0.0      0.0
  SINCE JUL 1      0.0                       0.0    0.0      0.0
  SNOW DEPTH       0

DEGREE DAYS
 HEATING
  YESTERDAY        5                        12     -7        0
  MONTH TO DATE   78                       175    -97      136
  SINCE SEP 1    110                       263   -153      179
  SINCE JUL 1    118                       272   -154      179

 COOLING
  YESTERDAY        0                         0      0        5
  MONTH TO DATE   37                         6     31        9
  SINCE SEP 1    171                        86     85      160
  SINCE JAN 1    875                       742    133     1043
..................................................................


WIND (MPH)
  RESULTANT WIND SPEED   5   RESULTANT WIND DIRECTION   W (250)
  HIGHEST WIND SPEED    12   HIGHEST WIND DIRECTION     W (260)
  HIGHEST GUST SPEED    20   HIGHEST GUST DIRECTION    NW (300)
  AVERAGE WIND SPEED     5.4


SKY COVER
  POSSIBLE SUNSHINE  MM
  AVERAGE SKY COVER 0.1


WEATHER CONDITIONS
 THE FOLLOWING WEATHER WAS RECORDED YESTERDAY.
  NO SIGNIFICANT WEATHER WAS OBSERVED.


RELATIVE HUMIDITY (PERCENT)
 HIGHEST    89          1000 PM
 LOWEST     33           200 PM
 AVERAGE    61

..........................................................


THE PROVIDENCE RI CLIMATE NORMALS FOR TODAY
                         NORMAL    RECORD    YEAR
 MAXIMUM TEMPERATURE (F)   62        83      2016
 MINIMUM TEMPERATURE (F)   43        24      1974


SUNRISE AND SUNSET
OCTOBER 19 2017.......SUNRISE   703 AM EDT   SUNSET   558 PM EDT
OCTOBER 20 2017.......SUNRISE   704 AM EDT   SUNSET   556 PM EDT


-  INDICATES NEGATIVE NUMBERS.
R  INDICATES RECORD WAS SET OR TIED.
MM INDICATES DATA IS MISSING.
T  INDICATES TRACE AMOUNT.




$$
