865
CDUS43 KLOT 280632
CLIPWK


CLIMATE REPORT
NATIONAL WEATHER SERVICE CHICAGO IL
131 AM CDT SAT MAY 28 2016


...................................

...THE CHICAGO EXECUTIVE CLIMATE SUMMARY FOR MAY 27 2016...

CLIMATE NORMAL PERIOD 1981 TO 2010
CLIMATE RECORD PERIOD 1996 TO 2016


WEATHER ITEM   OBSERVED TIME   RECORD YEAR NORMAL DEPARTURE LAST
                VALUE   (LST)  VALUE       VALUE  FROM      YEAR
                                                  NORMAL
..................................................................
TEMPERATURE (F)
 YESTERDAY
  MAXIMUM         82   1233 PM  95    2012  73      9       74
  MINIMUM         67    513 AM  42    2008  51     16       56
  AVERAGE         75                        62     13       65

PRECIPITATION (IN)
  YESTERDAY        0.15          0.40 2000   0.10   0.05     0.09
  MONTH TO DATE    4.48                      3.27   1.21     3.43
  SINCE MAR 1     10.11                      8.49   1.62     6.90
  SINCE JAN 1     11.77                     11.07   0.70     7.59

DEGREE DAYS
 HEATING
  YESTERDAY        0                         5     -5        0
  MONTH TO DATE  250                       228     22      189
  SINCE MAR 1   1485                      1603   -118     1607
  SINCE JUL 1   5548                      6341   -793     6735

 COOLING
  YESTERDAY       10                         2      8        0
  MONTH TO DATE   36                        29      7       41
  SINCE MAR 1     38                        33      5       41
  SINCE JAN 1     38                        33      5       41
..................................................................


WIND (MPH)
  RESULTANT WIND SPEED  10   RESULTANT WIND DIRECTION   S (180)
  HIGHEST WIND SPEED    28   HIGHEST WIND DIRECTION     S (180)
  HIGHEST GUST SPEED    38   HIGHEST GUST DIRECTION     S (190)
  AVERAGE WIND SPEED    10.3



WEATHER CONDITIONS
 THE FOLLOWING WEATHER WAS RECORDED YESTERDAY.
  THUNDERSTORM
  RAIN
  LIGHT RAIN
  FOG
  HAZE


..........................................................


THE CHICAGO EXECUTIVE CLIMATE NORMALS FOR TODAY
                         NORMAL    RECORD    YEAR
 MAXIMUM TEMPERATURE (F)   73        93      2012
 MINIMUM TEMPERATURE (F)   51        42      2008


SUNRISE AND SUNSET
MAY 28 2016...........SUNRISE   520 AM CDT   SUNSET   818 PM CDT
MAY 29 2016...........SUNRISE   520 AM CDT   SUNSET   819 PM CDT


-  INDICATES NEGATIVE NUMBERS.
R  INDICATES RECORD WAS SET OR TIED.
MM INDICATES DATA IS MISSING.
T  INDICATES TRACE AMOUNT.




$$
