000
CDUS43 KLOT 100635
CLIPWK


CLIMATE REPORT
NATIONAL WEATHER SERVICE CHICAGO IL
1234 AM CST WED FEB 10 2016


...................................

...THE CHICAGO EXECUTIVE CLIMATE SUMMARY FOR FEBRUARY 9 2016...

CLIMATE NORMAL PERIOD 1981 TO 2010
CLIMATE RECORD PERIOD 1996 TO 2016


WEATHER ITEM   OBSERVED TIME   RECORD YEAR NORMAL DEPARTURE LAST
                VALUE   (LST)  VALUE       VALUE  FROM      YEAR
                                                  NORMAL
..................................................................
TEMPERATURE (F)
 YESTERDAY
  MAXIMUM         20   1243 AM  54    2001  33    -13       27
                                      1999
  MINIMUM         14   1159 PM   0    2011  19     -5       20
  AVERAGE         17                        26     -9       24

PRECIPITATION (IN)
  YESTERDAY        T             0.50 2001   0.03  -0.03     0.00
  MONTH TO DATE    1.19                      0.28   0.91      T
  SINCE DEC 1      4.38                      3.74   0.64     1.40
  SINCE JAN 1      1.57                      1.91  -0.34     0.69

DEGREE DAYS
 HEATING
  YESTERDAY       48                        39      9       41
  MONTH TO DATE  312                       358    -46      400
  SINCE DEC 1   2355                      2785   -430     2732
  SINCE JUL 1   3367                      4055   -688     4135

 COOLING
  YESTERDAY        0                         0      0        0
  MONTH TO DATE    0                         0      0        0
  SINCE DEC 1      0                         0      0        0
  SINCE JAN 1      0                         0      0        0
..................................................................


WIND (MPH)
  RESULTANT WIND SPEED  13   RESULTANT WIND DIRECTION  NW (320)
  HIGHEST WIND SPEED    20   HIGHEST WIND DIRECTION    NW (320)
  HIGHEST GUST SPEED    26   HIGHEST GUST DIRECTION    NW (320)
  AVERAGE WIND SPEED    13.6



WEATHER CONDITIONS
 THE FOLLOWING WEATHER WAS RECORDED YESTERDAY.
  LIGHT SNOW
  FOG
  HAZE


..........................................................


THE CHICAGO EXECUTIVE CLIMATE NORMALS FOR TODAY
                         NORMAL    RECORD    YEAR
 MAXIMUM TEMPERATURE (F)   34        61      2009
 MINIMUM TEMPERATURE (F)   19        -6      2011


SUNRISE AND SUNSET
FEBRUARY 10 2016......SUNRISE   655 AM CST   SUNSET   517 PM CST
FEBRUARY 11 2016......SUNRISE   654 AM CST   SUNSET   519 PM CST


-  INDICATES NEGATIVE NUMBERS.
R  INDICATES RECORD WAS SET OR TIED.
MM INDICATES DATA IS MISSING.
T  INDICATES TRACE AMOUNT.




$$
