000
CDUS43 KLOT 230639
CLIPWK


CLIMATE REPORT
NATIONAL WEATHER SERVICE CHICAGO IL
139 AM CDT SAT AUG 23 2014


...................................

...THE CHICAGO EXECUTIVE CLIMATE SUMMARY FOR AUGUST 22 2014...

CLIMATE NORMAL PERIOD 1981 TO 2010
CLIMATE RECORD PERIOD 1996 TO 2014


WEATHER ITEM   OBSERVED TIME   RECORD YEAR NORMAL DEPARTURE LAST
                VALUE   (LST)  VALUE       VALUE  FROM      YEAR
                                                  NORMAL
..................................................................
TEMPERATURE (F)
 YESTERDAY
  MAXIMUM         88    146 PM  90    2007  81      7       76
                                      1996
  MINIMUM         73    540 AM  51    2004  63     10       66
  AVERAGE         81                        72      9       71

PRECIPITATION (IN)
  YESTERDAY        0.38          1.34 2001   0.11   0.27     0.24
  MONTH TO DATE    5.48                      2.70   2.78     0.99
  SINCE JUN 1     14.84                     10.03   4.81    10.53
  SINCE JAN 1     24.04                     21.52   2.52    20.49

DEGREE DAYS
 HEATING
  YESTERDAY        0                         0      0        0
  MONTH TO DATE    1                         0      1        3
  SINCE JUN 1     24                        56    -32       67
  SINCE JUL 1      4                         4      0       10

 COOLING
  YESTERDAY       16                         7      9        6
  MONTH TO DATE  163                       175    -12      137
  SINCE JUN 1    525                       598    -73      560
  SINCE JAN 1    583                       640    -57      641
..................................................................


WIND (MPH)
  RESULTANT WIND SPEED   1   RESULTANT WIND DIRECTION   E (110)
  HIGHEST WIND SPEED    12   HIGHEST WIND DIRECTION     S (180)
  HIGHEST GUST SPEED    15   HIGHEST GUST DIRECTION     W (250)
  AVERAGE WIND SPEED     3.1



WEATHER CONDITIONS
 THE FOLLOWING WEATHER WAS RECORDED YESTERDAY.
  THUNDERSTORM
  HEAVY RAIN
  RAIN
  LIGHT RAIN
  FOG


..........................................................


THE CHICAGO EXECUTIVE CLIMATE NORMALS FOR TODAY
                         NORMAL    RECORD    YEAR
 MAXIMUM TEMPERATURE (F)   81        91      2012
                                             1998
 MINIMUM TEMPERATURE (F)   63        53      1997


SUNRISE AND SUNSET
AUGUST 23 2014........SUNRISE   608 AM CDT   SUNSET   740 PM CDT
AUGUST 24 2014........SUNRISE   609 AM CDT   SUNSET   738 PM CDT


-  INDICATES NEGATIVE NUMBERS.
R  INDICATES RECORD WAS SET OR TIED.
MM INDICATES DATA IS MISSING.
T  INDICATES TRACE AMOUNT.




$$
