000
CDUS41 KGYX 080907
CLIPWM


CLIMATE REPORT
NATIONAL WEATHER SERVICE GRAY ME
406 AM EST THU DEC 8 2016


...................................

...THE PORTLAND ME CLIMATE SUMMARY FOR DECEMBER 7 2016...

CLIMATE NORMAL PERIOD 1981 TO 2010
CLIMATE RECORD PERIOD 1941 TO 2016


WEATHER ITEM   OBSERVED TIME   RECORD YEAR NORMAL DEPARTURE LAST
                VALUE   (LST)  VALUE       VALUE  FROM      YEAR
                                                  NORMAL
..................................................................
TEMPERATURE (F)
 YESTERDAY
  MAXIMUM         35    242 PM  71    1998  40     -5       57
  MINIMUM         28    831 AM   2    1955  24      4       27
  AVERAGE         32                        32      0       42

PRECIPITATION (IN)
  YESTERDAY        0.03          1.71 1884   0.14  -0.11     0.00
  MONTH TO DATE    1.31                      0.98   0.33     0.52
  SINCE DEC 1      1.31                      0.98   0.33     0.52
  SINCE JAN 1     38.12                     44.21  -6.09    39.00

SNOWFALL (IN)
  YESTERDAY        0.1           8.2  2003   0.3   -0.2      0.0
  MONTH TO DATE    2.1                       2.0    0.1      0.0
  SINCE DEC 1      2.1                       2.0    0.1      0.0
  SINCE JUL 1      2.6                       3.9   -1.3       T
  SNOW DEPTH       1

DEGREE DAYS
 HEATING
  YESTERDAY       33                        33      0       23
  MONTH TO DATE  208                       223    -15      191
  SINCE DEC 1    208                       223    -15      191
  SINCE JUL 1   1460                      1714   -254     1437

 COOLING
  YESTERDAY        0                         0      0        0
  MONTH TO DATE    0                         0      0        0
  SINCE DEC 1      0                         0      0        0
  SINCE JAN 1    553                       359    194      492
..................................................................


WIND (MPH)
  RESULTANT WIND SPEED   3   RESULTANT WIND DIRECTION   N (350)
  HIGHEST WIND SPEED     9   HIGHEST WIND DIRECTION     N (350)
  HIGHEST GUST SPEED    11   HIGHEST GUST DIRECTION     N (360)
  AVERAGE WIND SPEED     3.5


SKY COVER
  AVERAGE SKY COVER 0.9


WEATHER CONDITIONS
 THE FOLLOWING WEATHER WAS RECORDED YESTERDAY.
  LIGHT SNOW
  FOG
  FOG W/VISIBILITY <= 1/4 MILE


RELATIVE HUMIDITY (PERCENT)
 HIGHEST   100           800 PM
 LOWEST     72           100 AM
 AVERAGE    86

..........................................................


THE PORTLAND ME CLIMATE NORMALS FOR TODAY
                         NORMAL    RECORD    YEAR
 MAXIMUM TEMPERATURE (F)   40        58      1951
 MINIMUM TEMPERATURE (F)   23        -5      1989


SUNRISE AND SUNSET
DECEMBER  8 2016......SUNRISE   702 AM EST   SUNSET   404 PM EST
DECEMBER  9 2016......SUNRISE   703 AM EST   SUNSET   404 PM EST


-  INDICATES NEGATIVE NUMBERS.
R  INDICATES RECORD WAS SET OR TIED.
MM INDICATES DATA IS MISSING.
T  INDICATES TRACE AMOUNT.




$$
