044
CDUS41 KGYX 170903
CLIPWM


CLIMATE REPORT
NATIONAL WEATHER SERVICE GRAY ME
403 AM EST FRI NOV 17 2017


...................................

...THE PORTLAND ME CLIMATE SUMMARY FOR NOVEMBER 16 2017...

CLIMATE NORMAL PERIOD 1981 TO 2010
CLIMATE RECORD PERIOD 1941 TO 2017


WEATHER ITEM   OBSERVED TIME   RECORD YEAR NORMAL DEPARTURE LAST
                VALUE   (LST)  VALUE       VALUE  FROM      YEAR
                                                  NORMAL
..................................................................
TEMPERATURE (F)
 YESTERDAY
  MAXIMUM         48   1257 PM  68    1990  48      0       55
  MINIMUM         26    226 AM  12    1972  31     -5       46
  AVERAGE         37                        39     -2       51

PRECIPITATION (IN)
  YESTERDAY        0.55          2.66 1983   0.17   0.38     0.18
  MONTH TO DATE    1.02                      2.69  -1.67     2.08
  SINCE SEP 1      8.39                     11.25  -2.86    11.30
  SINCE JAN 1     39.09                     40.99  -1.90    34.83

SNOWFALL (IN)
  YESTERDAY        0.0          10.2  1997   0.0    0.0      0.0
  MONTH TO DATE    0.1                       0.5   -0.4      0.0
  SINCE SEP 1      0.1                       0.5   -0.4      0.0
  SINCE JUL 1      0.1                       0.5   -0.4      0.0
  SNOW DEPTH       0

DEGREE DAYS
 HEATING
  YESTERDAY       28                        26      2       14
  MONTH TO DATE  396                       373     23      334
  SINCE SEP 1    735                      1052   -317      876
  SINCE JUL 1    768                      1097   -329      890

 COOLING
  YESTERDAY        0                         0      0        0
  MONTH TO DATE    0                         0      0        0
  SINCE SEP 1     69                        31     38       68
  SINCE JAN 1    433                       359     74      553
..................................................................


WIND (MPH)
  RESULTANT WIND SPEED   3   RESULTANT WIND DIRECTION  SE (130)
  HIGHEST WIND SPEED    17   HIGHEST WIND DIRECTION    SE (150)
  HIGHEST GUST SPEED    24   HIGHEST GUST DIRECTION    SE (140)
  AVERAGE WIND SPEED     5.7


SKY COVER
  AVERAGE SKY COVER 0.8


WEATHER CONDITIONS
 THE FOLLOWING WEATHER WAS RECORDED YESTERDAY.
  RAIN
  LIGHT RAIN
  FOG


RELATIVE HUMIDITY (PERCENT)
 HIGHEST   100           400 PM
 LOWEST     78           600 AM
 AVERAGE    89

..........................................................


THE PORTLAND ME CLIMATE NORMALS FOR TODAY
                         NORMAL    RECORD    YEAR
 MAXIMUM TEMPERATURE (F)   48        63      1942
 MINIMUM TEMPERATURE (F)   31         8      1972


SUNRISE AND SUNSET
NOVEMBER 17 2017......SUNRISE   638 AM EST   SUNSET   414 PM EST
NOVEMBER 18 2017......SUNRISE   639 AM EST   SUNSET   413 PM EST


-  INDICATES NEGATIVE NUMBERS.
R  INDICATES RECORD WAS SET OR TIED.
MM INDICATES DATA IS MISSING.
T  INDICATES TRACE AMOUNT.




$$
