000
CDUS41 KGYX 230802
CLIPWM


CLIMATE REPORT
NATIONAL WEATHER SERVICE GRAY ME
402 AM EDT SAT AUG 23 2014


...................................

...THE PORTLAND ME CLIMATE SUMMARY FOR AUGUST 22 2014...

CLIMATE NORMAL PERIOD 1981 TO 2010
CLIMATE RECORD PERIOD 1941 TO 2014


WEATHER ITEM   OBSERVED TIME   RECORD YEAR NORMAL DEPARTURE LAST
                VALUE   (LST)  VALUE       VALUE  FROM      YEAR
                                                  NORMAL
..................................................................
TEMPERATURE (F)
 YESTERDAY
  MAXIMUM         68   1013 AM  91    2003  77     -9       89
                                      1955
  MINIMUM         56   1155 PM  40    1982  58     -2       64
  AVERAGE         62                        67     -5       77

PRECIPITATION (IN)
  YESTERDAY        0.00          1.85 1885   0.10  -0.10      T
  MONTH TO DATE    7.13                      2.25   4.88     1.46
  SINCE JUN 1     17.55                      9.65   7.90    12.14
  SINCE JAN 1     36.77                     28.85   7.92    27.94

SNOWFALL (IN)
  YESTERDAY        0.0           0.0  2002   0.0    0.0      0.0
                                      2001
                                      2000
  MONTH TO DATE    0.0                       0.0    0.0      0.0
  SINCE JUN 1      0.0                       0.0    0.0      0.0
  SINCE JUL 1      0.0                       0.0    0.0      0.0
  SNOW DEPTH       0

DEGREE DAYS
 HEATING
  YESTERDAY        3                         1      2        0
  MONTH TO DATE   14                        13      1       10
  SINCE JUN 1     91                       136    -45       98
  SINCE JUL 1     14                        30    -16       17

 COOLING
  YESTERDAY        0                         3     -3       12
  MONTH TO DATE   44                        95    -51       61
  SINCE JUN 1    259                       296    -37      361
  SINCE JAN 1    259                       303    -44      376
..................................................................


WIND (MPH)
  RESULTANT WIND SPEED   6   RESULTANT WIND DIRECTION   E (70)
  HIGHEST WIND SPEED    14   HIGHEST WIND DIRECTION     E (100)
  HIGHEST GUST SPEED    17   HIGHEST GUST DIRECTION     E (90)
  AVERAGE WIND SPEED     6.7


SKY COVER
  AVERAGE SKY COVER 0.9


WEATHER CONDITIONS
 THE FOLLOWING WEATHER WAS RECORDED YESTERDAY.
  FOG


RELATIVE HUMIDITY (PERCENT)
 HIGHEST    93           200 AM
 LOWEST     78           800 AM
 AVERAGE    86

..........................................................


THE PORTLAND ME CLIMATE NORMALS FOR TODAY
                         NORMAL    RECORD    YEAR
 MAXIMUM TEMPERATURE (F)   77        94      1947
 MINIMUM TEMPERATURE (F)   57        39      1957


SUNRISE AND SUNSET
AUGUST 23 2014........SUNRISE   555 AM EDT   SUNSET   732 PM EDT
AUGUST 24 2014........SUNRISE   556 AM EDT   SUNSET   731 PM EDT


-  INDICATES NEGATIVE NUMBERS.
R  INDICATES RECORD WAS SET OR TIED.
MM INDICATES DATA IS MISSING.
T  INDICATES TRACE AMOUNT.




$$
