000
CDUS41 KGYX 210808
CLIPWM


CLIMATE REPORT
NATIONAL WEATHER SERVICE GRAY ME
408 AM EDT THU SEP 21 2017


...................................

...THE PORTLAND ME CLIMATE SUMMARY FOR SEPTEMBER 20 2017...

CLIMATE NORMAL PERIOD 1981 TO 2010
CLIMATE RECORD PERIOD 1941 TO 2017


WEATHER ITEM   OBSERVED TIME   RECORD YEAR NORMAL DEPARTURE LAST
                VALUE   (LST)  VALUE       VALUE  FROM      YEAR
                                                  NORMAL
..................................................................
TEMPERATURE (F)
 YESTERDAY
  MAXIMUM         75    355 PM  87    1985  68      7       76
  MINIMUM         65    156 AM  27    1964  49     16       64
  AVERAGE         70                        59     11       70

PRECIPITATION (IN)
  YESTERDAY        T             2.04 1987   0.12  -0.12     0.00
  MONTH TO DATE    2.20                      2.30  -0.10     0.57
  SINCE SEP 1      2.20                      2.30  -0.10     0.57
  SINCE JAN 1     32.90                     32.04   0.86    24.10

SNOWFALL (IN)
  YESTERDAY        0.0           0.0  2002   0.0    0.0      0.0
                                      2001
                                      2000
  MONTH TO DATE    0.0                       0.0    0.0      0.0
  SINCE SEP 1      0.0                       0.0    0.0      0.0
  SINCE JUL 1      0.0                       0.0    0.0      0.0
  SNOW DEPTH       0

DEGREE DAYS
 HEATING
  YESTERDAY        0                         7     -7        0
  MONTH TO DATE   38                        85    -47       27
  SINCE SEP 1     38                        85    -47       27
  SINCE JUL 1     71                       130    -59       41

 COOLING
  YESTERDAY        5                         1      4        5
  MONTH TO DATE   28                        27      1       59
  SINCE SEP 1     28                        27      1       59
  SINCE JAN 1    392                       355     37      544
..................................................................


WIND (MPH)
  RESULTANT WIND SPEED  10   RESULTANT WIND DIRECTION  NE (30)
  HIGHEST WIND SPEED    16   HIGHEST WIND DIRECTION    NE (30)
  HIGHEST GUST SPEED    22   HIGHEST GUST DIRECTION    NE (60)
  AVERAGE WIND SPEED    10.0


SKY COVER
  AVERAGE SKY COVER 0.8


WEATHER CONDITIONS
 THE FOLLOWING WEATHER WAS RECORDED YESTERDAY.
  LIGHT RAIN
  FOG
  HAZE


RELATIVE HUMIDITY (PERCENT)
 HIGHEST   100          1200 AM
 LOWEST     74           400 PM
 AVERAGE    87

..........................................................


THE PORTLAND ME CLIMATE NORMALS FOR TODAY
                         NORMAL    RECORD    YEAR
 MAXIMUM TEMPERATURE (F)   68        91      1978
 MINIMUM TEMPERATURE (F)   48        30      1964


SUNRISE AND SUNSET
SEPTEMBER 21 2017.....SUNRISE   628 AM EDT   SUNSET   640 PM EDT
SEPTEMBER 22 2017.....SUNRISE   629 AM EDT   SUNSET   638 PM EDT


-  INDICATES NEGATIVE NUMBERS.
R  INDICATES RECORD WAS SET OR TIED.
MM INDICATES DATA IS MISSING.
T  INDICATES TRACE AMOUNT.




$$
