000
CDUS46 KSGX 011420
CLIRAL


CLIMATE REPORT
NATIONAL WEATHER SERVICE SAN DIEGO, CA
620 AM PST SUN MAR 1 2015


...................................

...THE RIVERSIDE MUNI AIRPORT CA CLIMATE SUMMARY FOR FEBRUARY 28 2015...

CLIMATE NORMAL PERIOD 1981 TO 2010
CLIMATE RECORD PERIOD 1893 TO 2015


WEATHER ITEM   OBSERVED TIME   RECORD YEAR NORMAL DEPARTURE LAST
                VALUE   (LST)  VALUE       VALUE  FROM      YEAR
                                                  NORMAL
..................................................................
TEMPERATURE (F)
 YESTERDAY
  MAXIMUM         63    406 PM  88    1967  69     -6       64
                                      1926
  MINIMUM         49    638 AM  29    1962  45      4       52
                                      1951
                                      1939
  AVERAGE         56                        57     -1       58

PRECIPITATION (IN)
  YESTERDAY        T             2.45 1991   0.10  -0.10     1.02
  MONTH TO DATE    0.73                      3.04  -2.31     1.10
  SINCE OCT 1      4.54                      8.79  -4.25     2.09
  SINCE JAN 1      1.31                      5.98  -4.67     1.10

SNOWFALL (IN)
  YESTERDAY       MM
  MONTH TO DATE    0.0
  SINCE JAN 1      0.0
  SINCE JUL 1      0.0
  SNOW DEPTH       0

DEGREE DAYS
 HEATING
  YESTERDAY        9                         8      1        7
  MONTH TO DATE   90                       264   -174      143
  SINCE DEC 1    543                       908   -365      519
  SINCE JUL 1    607                      1108   -501      662

 COOLING
  YESTERDAY        0                         0      0        0
  MONTH TO DATE   17                         3     14       10
  SINCE DEC 1     29                        11     18       39
  SINCE JAN 1     24                         9     15       29
..................................................................


WIND (MPH)
  RESULTANT WIND SPEED   6   RESULTANT WIND DIRECTION  SW (240)
  HIGHEST WIND SPEED    18   HIGHEST WIND DIRECTION    SW (230)
  HIGHEST GUST SPEED    25   HIGHEST GUST DIRECTION    SW (240)
  AVERAGE WIND SPEED     6.3


SKY COVER
  POSSIBLE SUNSHINE  MM
  AVERAGE SKY COVER 0.6


WEATHER CONDITIONS
 THE FOLLOWING WEATHER WAS RECORDED YESTERDAY.
  NO SIGNIFICANT WEATHER WAS OBSERVED.


RELATIVE HUMIDITY (PERCENT)
 HIGHEST    83           100 AM
 LOWEST     39           200 PM
 AVERAGE    61

..........................................................


THE RIVERSIDE MUNI AIRPORT CA CLIMATE NORMALS FOR TODAY
                         NORMAL    RECORD    YEAR
 MAXIMUM TEMPERATURE (F)   69        91      1910
 MINIMUM TEMPERATURE (F)   45        28      1926


SUNRISE AND SUNSET
MARCH  1 2015.........SUNRISE   619 AM PST   SUNSET   546 PM PST
MARCH  2 2015.........SUNRISE   617 AM PST   SUNSET   547 PM PST


-  INDICATES NEGATIVE NUMBERS.
R  INDICATES RECORD WAS SET OR TIED.
MM INDICATES DATA IS MISSING.
T  INDICATES TRACE AMOUNT.




$$
