000
CDUS46 KSGX 020019
CLIRAL


CLIMATE REPORT
NATIONAL WEATHER SERVICE SAN DIEGO, CA
519 PM PDT MON SEP 1 2014


...................................

...THE RIVERSIDE MUNI AIRPORT CA CLIMATE SUMMARY FOR SEPTEMBER 1 2014...
VALID TODAY AS OF 0500 PM LOCAL TIME.

CLIMATE NORMAL PERIOD 1981 TO 2010
CLIMATE RECORD PERIOD 1893 TO 2014


WEATHER ITEM   OBSERVED TIME   RECORD YEAR NORMAL DEPARTURE LAST
                VALUE   (LST)  VALUE       VALUE  FROM      YEAR
                                                  NORMAL
..................................................................
TEMPERATURE (F)
 TODAY
  MAXIMUM         96    132 PM 111    2007  93      3       96
  MINIMUM         64    538 AM  46    1941  64      0       74
                                      1917
  AVERAGE         80                        79      1       85

PRECIPITATION (IN)
  TODAY            0.00          0.00 2002   0.00   0.00     0.00
                                      2001
                                      2000
  MONTH TO DATE    0.00                      0.00   0.00     0.00
  SINCE JUL 1      0.14                      0.15  -0.01     0.16
  SINCE JAN 1      1.86                      9.34  -7.48     2.37

SNOWFALL (IN)
  TODAY            0.0
  MONTH TO DATE    0.0
  SINCE JAN 1      0.0
  SINCE JUL 1      0.0
  SNOW DEPTH       0

DEGREE DAYS
 HEATING
  TODAY            0                         0      0        0
  MONTH TO DATE    0                         0      0        0
  SINCE SEP 1      0                         0      0        0
  SINCE JUL 1      0                         0      0        0

 COOLING
  TODAY           15                        14      1       20
  MONTH TO DATE   15                        14      1       20
  SINCE SEP 1     15                        14      1       20
  SINCE JAN 1   1606                      1272    334     1489
..................................................................


WIND (MPH)
  RESULTANT WIND SPEED   2   RESULTANT WIND DIRECTION   W (270)
  HIGHEST WIND SPEED    15   HIGHEST WIND DIRECTION     W (270)
  HIGHEST GUST SPEED    22   HIGHEST GUST DIRECTION     W (250)
  AVERAGE WIND SPEED     3.2


SKY COVER
  POSSIBLE SUNSHINE  MM
  AVERAGE SKY COVER 0.0


WEATHER CONDITIONS
 THE FOLLOWING WEATHER WAS RECORDED TODAY.
  HAZE


RELATIVE HUMIDITY (PERCENT)
 HIGHEST    87           300 AM
 LOWEST     22           100 PM
 AVERAGE    55

..........................................................


THE RIVERSIDE MUNI AIRPORT CA CLIMATE NORMALS FOR TOMORROW
                         NORMAL    RECORD    YEAR
 MAXIMUM TEMPERATURE (F)   93       111      2007
                                             1982
 MINIMUM TEMPERATURE (F)   64        46      1916


SUNRISE AND SUNSET
SEPTEMBER  1 2014.....SUNRISE   623 AM PDT   SUNSET   715 PM PDT
SEPTEMBER  2 2014.....SUNRISE   624 AM PDT   SUNSET   714 PM PDT


-  INDICATES NEGATIVE NUMBERS.
R  INDICATES RECORD WAS SET OR TIED.
MM INDICATES DATA IS MISSING.
T  INDICATES TRACE AMOUNT.




$$
