000
CDUS43 KUNR 010832
CLIRAP


CLIMATE REPORT
NATIONAL WEATHER SERVICE RAPID CITY SD
231 AM MDT MON SEP 1 2014


...................................

...THE RAPID CITY AIRPORT SD CLIMATE SUMMARY FOR AUGUST 31 2014...

CLIMATE NORMAL PERIOD 1981 TO 2010
CLIMATE RECORD PERIOD 1942 TO 2014


WEATHER ITEM   OBSERVED TIME   RECORD YEAR NORMAL DEPARTURE LAST
                VALUE   (LST)  VALUE       VALUE  FROM      YEAR
                                                  NORMAL
..................................................................
TEMPERATURE (F)
 YESTERDAY
  MAXIMUM         72   1210 PM 103    1954  83    -11       86
  MINIMUM         51   1159 PM  41    1993  53     -2       58
  AVERAGE         62                        68     -6       72

PRECIPITATION (IN)
  YESTERDAY        0.88R         0.69 1964   0.04   0.84     0.00
  MONTH TO DATE    4.02                      1.56   2.46     2.41
  SINCE JUN 1     11.21                      5.94   5.27     6.44
  SINCE JAN 1     16.60                     12.63   3.97    14.06

SNOWFALL (IN)
  YESTERDAY        0.0                       0.0    0.0      0.0
  MONTH TO DATE    0.0                       0.0    0.0      0.0
  SINCE JUN 1      0.0                       0.0    0.0      0.0
  SINCE JUL 1      0.0                       0.0    0.0      0.0
  SNOW DEPTH       0

DEGREE DAYS
 HEATING
  YESTERDAY        3                         2      1        0
  MONTH TO DATE   14                        18     -4        0
  SINCE JUN 1    164                       136     28       85
  SINCE JUL 1     36                        37     -1        5

 COOLING
  YESTERDAY        0                         5     -5        7
  MONTH TO DATE  154                       223    -69      245
  SINCE JUN 1    343                       557   -214      583
  SINCE JAN 1    363                       572   -209      591
..................................................................


WIND (MPH)
  HIGHEST WIND SPEED    29   HIGHEST WIND DIRECTION     N (360)
  HIGHEST GUST SPEED    36   HIGHEST GUST DIRECTION     N (360)
  AVERAGE WIND SPEED     6.7


SKY COVER
  AVERAGE SKY COVER 0.2


WEATHER CONDITIONS
 THE FOLLOWING WEATHER WAS RECORDED YESTERDAY.
  THUNDERSTORM
  HEAVY RAIN
  RAIN
  LIGHT RAIN
  FOG


RELATIVE HUMIDITY (PERCENT)
 HIGHEST   100           100 AM
 LOWEST     53          1200 PM
 AVERAGE    77

..........................................................


THE RAPID CITY AIRPORT SD CLIMATE NORMALS FOR TODAY
                         NORMAL    RECORD    YEAR
 MAXIMUM TEMPERATURE (F)   82       101      2012
 MINIMUM TEMPERATURE (F)   52        40      1974


SUNRISE AND SUNSET
SEPTEMBER  1 2014.....SUNRISE   615 AM MDT   SUNSET   728 PM MDT
SEPTEMBER  2 2014.....SUNRISE   617 AM MDT   SUNSET   726 PM MDT


-  INDICATES NEGATIVE NUMBERS.
R  INDICATES RECORD WAS SET OR TIED.
MM INDICATES DATA IS MISSING.
T  INDICATES TRACE AMOUNT.




$$
