963
CDUS43 KUNR 160832
CLIRAP


CLIMATE REPORT
NATIONAL WEATHER SERVICE RAPID CITY SD
131 AM MST MON JAN 16 2017


...................................

...THE RAPID CITY AIRPORT SD CLIMATE SUMMARY FOR JANUARY 15 2017...

CLIMATE NORMAL PERIOD 1981 TO 2010
CLIMATE RECORD PERIOD 1942 TO 2017


WEATHER ITEM   OBSERVED TIME   RECORD YEAR NORMAL DEPARTURE LAST
                VALUE   (LST)  VALUE       VALUE  FROM      YEAR
                                                  NORMAL
..................................................................
TEMPERATURE (F)
 YESTERDAY
  MAXIMUM         34   1155 AM  63    2000  37     -3       32
  MINIMUM          7    529 AM -22    1950  13     -6       18
  AVERAGE         21                        25     -4       25

PRECIPITATION (IN)
  YESTERDAY        0.00          0.30 1985   0.01  -0.01     0.01
  MONTH TO DATE    0.11                      0.16  -0.05     0.04
  SINCE DEC 1      0.88                      0.58   0.30     0.67
  SINCE JAN 1      0.11                      0.16  -0.05     0.04

SNOWFALL (IN)
  YESTERDAY        0.0           2.1  1949   0.1   -0.1       T
  MONTH TO DATE    3.6                       2.1    1.5       T
  SINCE DEC 1     14.9                       7.5    7.4     12.5
  SINCE JUL 1     17.7                      15.3    2.4     19.1
  SNOW DEPTH       4

DEGREE DAYS
 HEATING
  YESTERDAY       44                        40      4       40
  MONTH TO DATE  837                       602    235      627
  SINCE DEC 1   2331                      1843    488     1824
  SINCE JUL 1   3554                      3518     36     3269

 COOLING
  YESTERDAY        0                         0      0        0
  MONTH TO DATE    0                         0      0        0
  SINCE DEC 1      0                         0      0        0
  SINCE JAN 1      0                         0      0        0
..................................................................


WIND (MPH)
  HIGHEST WIND SPEED    17   HIGHEST WIND DIRECTION     N (350)
  HIGHEST GUST SPEED    17   HIGHEST GUST DIRECTION     N (350)
  AVERAGE WIND SPEED     4.4


SKY COVER
  AVERAGE SKY COVER 0.1


WEATHER CONDITIONS
 THE FOLLOWING WEATHER WAS RECORDED YESTERDAY.
  NO SIGNIFICANT WEATHER WAS OBSERVED.


RELATIVE HUMIDITY (PERCENT)
 HIGHEST    83          1200 AM
 LOWEST     38          1200 PM
 AVERAGE    61

..........................................................


THE RAPID CITY AIRPORT SD CLIMATE NORMALS FOR TODAY
                         NORMAL    RECORD    YEAR
 MAXIMUM TEMPERATURE (F)   37        68      1973
 MINIMUM TEMPERATURE (F)   13       -26      1982


SUNRISE AND SUNSET
JANUARY 16 2017.......SUNRISE   723 AM MST   SUNSET   442 PM MST
JANUARY 17 2017.......SUNRISE   723 AM MST   SUNSET   443 PM MST


-  INDICATES NEGATIVE NUMBERS.
R  INDICATES RECORD WAS SET OR TIED.
MM INDICATES DATA IS MISSING.
T  INDICATES TRACE AMOUNT.




$$
