000
CDUS43 KUNR 300834
CLIRAP


CLIMATE REPORT
NATIONAL WEATHER SERVICE RAPID CITY SD
232 AM MDT FRI SEP 30 2016


...................................

...THE RAPID CITY AIRPORT SD CLIMATE SUMMARY FOR SEPTEMBER 29 2016...

CLIMATE NORMAL PERIOD 1981 TO 2010
CLIMATE RECORD PERIOD 1942 TO 2016


WEATHER ITEM   OBSERVED TIME   RECORD YEAR NORMAL DEPARTURE LAST
                VALUE   (LST)  VALUE       VALUE  FROM      YEAR
                                                  NORMAL
..................................................................
TEMPERATURE (F)
 YESTERDAY
  MAXIMUM         82    332 PM  90    2007  69     13       63
  MINIMUM         38    610 AM  21    1984  40     -2       51
  AVERAGE         60                        55      5       57

PRECIPITATION (IN)
  YESTERDAY        0.00          2.05 2014   0.05  -0.05     0.00
  MONTH TO DATE    0.84                      1.25  -0.41     0.25
  SINCE SEP 1      0.84                      1.25  -0.41     0.25
  SINCE JAN 1     11.81                     13.88  -2.07    22.84

SNOWFALL (IN)
  YESTERDAY        0.0           0.2  1985   0.0    0.0      0.0
  MONTH TO DATE    0.0                       0.2   -0.2      0.0
  SINCE SEP 1      0.0                       0.2   -0.2      0.0
  SINCE JUL 1      0.0                       0.2   -0.2      0.0
  SNOW DEPTH       0

DEGREE DAYS
 HEATING
  YESTERDAY        5                        11     -6        8
  MONTH TO DATE  126                       175    -49       81
  SINCE SEP 1    126                       175    -49       81
  SINCE JUL 1    158                       212    -54      126

 COOLING
  YESTERDAY        0                         0      0        0
  MONTH TO DATE   30                        60    -30       83
  SINCE SEP 1     30                        60    -30       83
  SINCE JAN 1    646                       632     14      573
..................................................................


WIND (MPH)
  HIGHEST WIND SPEED    24   HIGHEST WIND DIRECTION     S (160)
  HIGHEST GUST SPEED    30   HIGHEST GUST DIRECTION     S (160)
  AVERAGE WIND SPEED    11.2


SKY COVER
  AVERAGE SKY COVER 0.0


WEATHER CONDITIONS
 THE FOLLOWING WEATHER WAS RECORDED YESTERDAY.
  NO SIGNIFICANT WEATHER WAS OBSERVED.


RELATIVE HUMIDITY (PERCENT)
 HIGHEST    79           600 AM
 LOWEST     28           200 PM
 AVERAGE    54

..........................................................


THE RAPID CITY AIRPORT SD CLIMATE NORMALS FOR TODAY
                         NORMAL    RECORD    YEAR
 MAXIMUM TEMPERATURE (F)   68        93      1989
                                             1967
 MINIMUM TEMPERATURE (F)   40        25      1985
                                             1974
                                             1959


SUNRISE AND SUNSET
SEPTEMBER 30 2016.....SUNRISE   649 AM MDT   SUNSET   634 PM MDT
OCTOBER  1 2016.......SUNRISE   651 AM MDT   SUNSET   632 PM MDT


-  INDICATES NEGATIVE NUMBERS.
R  INDICATES RECORD WAS SET OR TIED.
MM INDICATES DATA IS MISSING.
T  INDICATES TRACE AMOUNT.




$$
