000
CDUS43 KUNR 290039
CLIRAP


CLIMATE REPORT
NATIONAL WEATHER SERVICE RAPID CITY SD
639 PM MDT SUN AUG 28 2016


...................................

...THE RAPID CITY AIRPORT SD CLIMATE SUMMARY FOR AUGUST 28 2016...
VALID TODAY AS OF 0500 PM LOCAL TIME.

CLIMATE NORMAL PERIOD 1981 TO 2010
CLIMATE RECORD PERIOD 1942 TO 2016


WEATHER ITEM   OBSERVED TIME   RECORD YEAR NORMAL DEPARTURE LAST
                VALUE   (LST)  VALUE       VALUE  FROM      YEAR
                                                  NORMAL
..................................................................
TEMPERATURE (F)
 TODAY
  MAXIMUM         91    318 PM 100    2012  84      7       87
  MINIMUM         49    530 AM  41    2004  54     -5       55
  AVERAGE         70                        69      1       71

PRECIPITATION (IN)
  TODAY            0.00          0.41 1990   0.04  -0.04     0.00
  MONTH TO DATE    2.28                      1.43   0.85     3.41
  SINCE JUN 1      6.33                      5.81   0.52    14.54
  SINCE JAN 1     10.97                     12.50  -1.53    22.59

SNOWFALL (IN)
  TODAY            0.0           0.0    MM   0.0    0.0      0.0
  MONTH TO DATE    0.0                       0.0    0.0      0.0
  SINCE JUN 1      0.0                       0.0    0.0      0.0
  SINCE JUL 1      0.0                       0.0    0.0      0.0
  SNOW DEPTH       0

DEGREE DAYS
 HEATING
  TODAY            0                         1     -1        0
  MONTH TO DATE   29                        12     17       44
  SINCE JUN 1     42                       126    -84       72
  SINCE JUL 1     32                        27      5       45

 COOLING
  TODAY            5                         5      0        6
  MONTH TO DATE  157                       210    -53      174
  SINCE JUN 1    598                       544     54      463
  SINCE JAN 1    598                       559     39      463
..................................................................


WIND (MPH)
  HIGHEST WIND SPEED    14   HIGHEST WIND DIRECTION    NE (60)
  HIGHEST GUST SPEED    17   HIGHEST GUST DIRECTION    NE (60)
  AVERAGE WIND SPEED     5.1


SKY COVER
  AVERAGE SKY COVER 0.0


WEATHER CONDITIONS
 THE FOLLOWING WEATHER WAS RECORDED TODAY.
  NO SIGNIFICANT WEATHER WAS OBSERVED.


RELATIVE HUMIDITY (PERCENT)
 HIGHEST    89           600 AM
 LOWEST     23           100 PM
 AVERAGE    56

..........................................................


THE RAPID CITY AIRPORT SD CLIMATE NORMALS FOR TOMORROW
                         NORMAL    RECORD    YEAR
 MAXIMUM TEMPERATURE (F)   83       107      2012
 MINIMUM TEMPERATURE (F)   53        41      1988


SUNRISE AND SUNSET
AUGUST 28 2016........SUNRISE   611 AM MDT   SUNSET   734 PM MDT
AUGUST 29 2016........SUNRISE   613 AM MDT   SUNSET   733 PM MDT


-  INDICATES NEGATIVE NUMBERS.
R  INDICATES RECORD WAS SET OR TIED.
MM INDICATES DATA IS MISSING.
T  INDICATES TRACE AMOUNT.




$$
