000
CDUS43 KUNR 231834
CLIRAP


CLIMATE REPORT
NATIONAL WEATHER SERVICE RAPID CITY SD
1233 PM MDT SAT AUG 23 2014


...................................

...THE RAPID CITY AIRPORT SD CLIMATE SUMMARY FOR AUGUST 23 2014...
VALID AS OF 1100 AM LOCAL TIME.

CLIMATE NORMAL PERIOD 1981 TO 2010
CLIMATE RECORD PERIOD 1942 TO 2014


WEATHER ITEM   OBSERVED TIME   RECORD YEAR NORMAL DEPARTURE LAST
                VALUE   (LST)  VALUE       VALUE  FROM      YEAR
                                                  NORMAL
..................................................................
TEMPERATURE (F)
 TODAY
  MAXIMUM         72   1049 AM 104    1949  85    -13       93
  MINIMUM         63    545 AM  42    1966  55      8       63
  AVERAGE         68                        70     -2       78

PRECIPITATION (IN)
  TODAY            0.04          0.28 1973   0.04   0.00     0.00
  MONTH TO DATE    3.05                      1.22   1.83     2.04
  SINCE JUN 1     10.24                      5.60   4.64     6.07
  SINCE JAN 1     15.63                     12.29   3.34    13.69

SNOWFALL (IN)
  TODAY            0.0                       0.0    0.0      0.0
  MONTH TO DATE    0.0                       0.0    0.0      0.0
  SINCE JUN 1      0.0                       0.0    0.0      0.0
  SINCE JUL 1      0.0                       0.0    0.0      0.0
  SNOW DEPTH       0

DEGREE DAYS
 HEATING
  TODAY            0                         1     -1        0
  MONTH TO DATE    0                         7     -7        0
  SINCE JUN 1    150                       121     29       85
  SINCE JUL 1     22                        22      0        5

 COOLING
  TODAY            3                         6     -3       13
  MONTH TO DATE  147                       182    -35      129
  SINCE JUN 1    336                       516   -180      467
  SINCE JAN 1    356                       531   -175      475
..................................................................


WIND (MPH)
  HIGHEST WIND SPEED    14   HIGHEST WIND DIRECTION     E (90)
  HIGHEST GUST SPEED    18   HIGHEST GUST DIRECTION    SE (120)
  AVERAGE WIND SPEED     6.5


SKY COVER
  AVERAGE SKY COVER 0.7


WEATHER CONDITIONS
 THE FOLLOWING WEATHER WAS RECORDED TODAY.
  LIGHT RAIN
  FOG


RELATIVE HUMIDITY (PERCENT)
 HIGHEST    93           400 AM
 LOWEST     73          1100 AM
 AVERAGE    83

..........................................................


THE RAPID CITY AIRPORT SD CLIMATE NORMALS FOR TOMORROW
                         NORMAL    RECORD    YEAR
 MAXIMUM TEMPERATURE (F)   85       101      2000
 MINIMUM TEMPERATURE (F)   55        43      1972


SUNRISE AND SUNSET
AUGUST 23 2014........SUNRISE   605 AM MDT   SUNSET   744 PM MDT
AUGUST 24 2014........SUNRISE   606 AM MDT   SUNSET   742 PM MDT


-  INDICATES NEGATIVE NUMBERS.
R  INDICATES RECORD WAS SET OR TIED.
MM INDICATES DATA IS MISSING.
T  INDICATES TRACE AMOUNT.




$$
