000
CDUS43 KUNR 240844
CLIRAP


CLIMATE REPORT
NATIONAL WEATHER SERVICE RAPID CITY SD
242 AM MDT THU JUL 24 2014


...................................

...THE RAPID CITY AIRPORT SD CLIMATE SUMMARY FOR JULY 23 2014...

CLIMATE NORMAL PERIOD 1981 TO 2010
CLIMATE RECORD PERIOD 1942 TO 2014


WEATHER ITEM   OBSERVED TIME   RECORD YEAR NORMAL DEPARTURE LAST
                VALUE   (LST)  VALUE       VALUE  FROM      YEAR
                                                  NORMAL
..................................................................
TEMPERATURE (F)
 YESTERDAY
  MAXIMUM         85    349 PM 106    2007  88     -3       86
  MINIMUM         60   1254 AM  48    1951  59      1       58
  AVERAGE         73                        74     -1       72

PRECIPITATION (IN)
  YESTERDAY        0.46          0.94 1969   0.07   0.39      T
  MONTH TO DATE    1.93                      1.32   0.61     1.61
  SINCE JUN 1      7.18                      3.85   3.33     3.77
  SINCE JAN 1     12.57                     10.54   2.03    11.39

SNOWFALL (IN)
  YESTERDAY        0.0                       0.0    0.0      0.0
  MONTH TO DATE    0.0                       0.0    0.0      0.0
  SINCE JUN 1      0.0                       0.0    0.0      0.0
  SINCE JUL 1      0.0                       0.0    0.0      0.0
  SNOW DEPTH       0

DEGREE DAYS
 HEATING
  YESTERDAY        0                         0      0        0
  MONTH TO DATE   19                        10      9        0
  SINCE JUN 1    147                       109     38       80
  SINCE JUL 1     19                        10      9        0

 COOLING
  YESTERDAY        8                         9     -1        7
  MONTH TO DATE  130                       178    -48      232
  SINCE JUN 1    152                       262   -110      302
  SINCE JAN 1    172                       277   -105      310
..................................................................


WIND (MPH)
  HIGHEST WIND SPEED    39   HIGHEST WIND DIRECTION     W (280)
  HIGHEST GUST SPEED    49   HIGHEST GUST DIRECTION     W (280)
  AVERAGE WIND SPEED    12.6


SKY COVER
  AVERAGE SKY COVER 0.1


WEATHER CONDITIONS
 THE FOLLOWING WEATHER WAS RECORDED YESTERDAY.
  THUNDERSTORM
  HEAVY RAIN
  RAIN
  LIGHT RAIN
  FOG


RELATIVE HUMIDITY (PERCENT)
 HIGHEST    87          1200 AM
 LOWEST     48           400 PM
 AVERAGE    68

..........................................................


THE RAPID CITY AIRPORT SD CLIMATE NORMALS FOR TODAY
                         NORMAL    RECORD    YEAR
 MAXIMUM TEMPERATURE (F)   88       109      2003
 MINIMUM TEMPERATURE (F)   59        51      2010
                                             1996


SUNRISE AND SUNSET
JULY 24 2014..........SUNRISE   532 AM MDT   SUNSET   825 PM MDT
JULY 25 2014..........SUNRISE   533 AM MDT   SUNSET   824 PM MDT


-  INDICATES NEGATIVE NUMBERS.
R  INDICATES RECORD WAS SET OR TIED.
MM INDICATES DATA IS MISSING.
T  INDICATES TRACE AMOUNT.




$$
