000
CDUS46 KMFR 300836
CLIRBG


CLIMATE REPORT
NATIONAL WEATHER SERVICE MEDFORD, OR
136 AM PDT FRI SEP 30 2016


...................................

...THE ROSEBURG OR CLIMATE SUMMARY FOR SEPTEMBER 29 2016...

CLIMATE NORMAL PERIOD 1981 TO 2010
CLIMATE RECORD PERIOD 1931 TO 2016


WEATHER ITEM   OBSERVED TIME   RECORD YEAR NORMAL DEPARTURE LAST
                VALUE   (LST)  VALUE       VALUE  FROM      YEAR
                                                  NORMAL
..................................................................
TEMPERATURE (F)
 YESTERDAY
  MAXIMUM         76    237 PM  93    2011  74      2       87
                                      1987
  MINIMUM         49    634 AM  35    1954  48      1       49
  AVERAGE         63                        61      2       68

PRECIPITATION (IN)
  YESTERDAY        0.00          0.96 2013   0.05  -0.05     0.00
  MONTH TO DATE    0.07                      0.92  -0.85     0.37
  SINCE OCT 1     38.52                     36.22   2.30    25.55
  SINCE JAN 1     19.33                     20.57  -1.24    11.27

SNOWFALL (IN)
  YESTERDAY       MM                        MM     MM       MM
  MONTH TO DATE   MM                        MM     MM       MM
  SINCE JUL 1     MM                        MM     MM        0.0
  SNOW DEPTH      MM

DEGREE DAYS
 HEATING
  YESTERDAY        2                         5     -3        0
  MONTH TO DATE   29                        62    -33       54
  SINCE SEP 1     29                        62    -33       54
  SINCE JUL 1     32                        83    -51       54

 COOLING
  YESTERDAY        0                         1     -1        3
  MONTH TO DATE   65                        65      0       83
  SINCE SEP 1     65                        65      0       83
  SINCE JAN 1    726                       476    250      972
..................................................................


WIND (MPH)
  RESULTANT WIND SPEED   3   RESULTANT WIND DIRECTION   N (350)
  HIGHEST WIND SPEED    12   HIGHEST WIND DIRECTION     N (10)
  HIGHEST GUST SPEED    15   HIGHEST GUST DIRECTION     N (10)
  AVERAGE WIND SPEED     2.8


SKY COVER
  POSSIBLE SUNSHINE  MM
  AVERAGE SKY COVER 0.0


WEATHER CONDITIONS
 THE FOLLOWING WEATHER WAS RECORDED YESTERDAY.
  NO SIGNIFICANT WEATHER WAS OBSERVED.


RELATIVE HUMIDITY (PERCENT)
 HIGHEST    74           600 AM
 LOWEST     31           400 PM
 AVERAGE    53

..........................................................


THE ROSEBURG OR CLIMATE NORMALS FOR TODAY
                         NORMAL    RECORD    YEAR
 MAXIMUM TEMPERATURE (F)   74        90      1935
 MINIMUM TEMPERATURE (F)   48        32      1954


SUNRISE AND SUNSET
SEPTEMBER 30 2016.....SUNRISE   710 AM PDT   SUNSET   655 PM PDT
OCTOBER  1 2016.......SUNRISE   712 AM PDT   SUNSET   653 PM PDT


-  INDICATES NEGATIVE NUMBERS.
R  INDICATES RECORD WAS SET OR TIED.
MM INDICATES DATA IS MISSING.
T  INDICATES TRACE AMOUNT.




$$
