000
CDUS46 KMFR 180855
CLIRBG


CLIMATE REPORT
NATIONAL WEATHER SERVICE MEDFORD, OR
1254 AM PST THU DEC 18 2014


...................................

...THE ROSEBURG OR CLIMATE SUMMARY FOR DECEMBER 17 2014...

CLIMATE NORMAL PERIOD 1981 TO 2010
CLIMATE RECORD PERIOD 1931 TO 2014


WEATHER ITEM   OBSERVED TIME   RECORD YEAR NORMAL DEPARTURE LAST
                VALUE   (LST)  VALUE       VALUE  FROM      YEAR
                                                  NORMAL
..................................................................
TEMPERATURE (F)
 YESTERDAY
  MAXIMUM         52    248 PM  73    1979  47      5       39
  MINIMUM         41    109 AM  17    1964  36      5       33
  AVERAGE         47                        42      5       36

PRECIPITATION (IN)
  YESTERDAY        0.13          1.12 1982   0.23  -0.10     0.00
  MONTH TO DATE    2.25                      3.32  -1.07     0.40
  SINCE SEP 1     12.52                     13.41  -0.89     7.25
  SINCE JAN 1     29.17                     33.06  -3.89    15.79

SNOWFALL (IN)
  YESTERDAY       MM                        MM     MM       MM
  MONTH TO DATE   MM                        MM     MM       MM
  SINCE JUL 1     MM                        MM     MM        0.0
  SNOW DEPTH      MM

DEGREE DAYS
 HEATING
  YESTERDAY       18                        23     -5       29
  MONTH TO DATE  243                       385   -142      497
  SINCE DEC 1    243                       385   -142      497
  SINCE JUL 1    833                      1314   -481     1456

 COOLING
  YESTERDAY        0                         0      0        0
  MONTH TO DATE    0                         0      0        0
  SINCE DEC 1      0                         0      0        0
  SINCE JAN 1    914                       480    434      823
..................................................................


WIND (MPH)
  RESULTANT WIND SPEED   1   RESULTANT WIND DIRECTION  SE (150)
  HIGHEST WIND SPEED     9   HIGHEST WIND DIRECTION    SE (140)
  HIGHEST GUST SPEED    11   HIGHEST GUST DIRECTION    SE (140)
  AVERAGE WIND SPEED     1.4


SKY COVER
  POSSIBLE SUNSHINE  MM
  AVERAGE SKY COVER 1.0


WEATHER CONDITIONS
 THE FOLLOWING WEATHER WAS RECORDED YESTERDAY.
  LIGHT RAIN
  FOG
  FOG W/VISIBILITY <= 1/4 MILE


RELATIVE HUMIDITY (PERCENT)
 HIGHEST    96           400 AM
 LOWEST     77           100 PM
 AVERAGE    87

..........................................................


THE ROSEBURG OR CLIMATE NORMALS FOR TODAY
                         NORMAL    RECORD    YEAR
 MAXIMUM TEMPERATURE (F)   47        65      1994
 MINIMUM TEMPERATURE (F)   36        22      1988


SUNRISE AND SUNSET
DECEMBER 18 2014......SUNRISE   741 AM PST   SUNSET   440 PM PST
DECEMBER 19 2014......SUNRISE   741 AM PST   SUNSET   440 PM PST


-  INDICATES NEGATIVE NUMBERS.
R  INDICATES RECORD WAS SET OR TIED.
MM INDICATES DATA IS MISSING.
T  INDICATES TRACE AMOUNT.




$$
