000
CDUS46 KMFR 220835
CLIRBG


CLIMATE REPORT
NATIONAL WEATHER SERVICE MEDFORD, OR
135 AM PDT SUN OCT 22 2017


...................................

...THE ROSEBURG OR CLIMATE SUMMARY FOR OCTOBER 21 2017...

CLIMATE NORMAL PERIOD 1981 TO 2010
CLIMATE RECORD PERIOD 1931 TO 2017


WEATHER ITEM   OBSERVED TIME   RECORD YEAR NORMAL DEPARTURE LAST
                VALUE   (LST)  VALUE       VALUE  FROM      YEAR
                                                  NORMAL
..................................................................
TEMPERATURE (F)
 YESTERDAY
  MAXIMUM         61    327 PM  83    2003  64     -3       63
  MINIMUM         45   1253 AM  30    1949  44      1       47
  AVERAGE         53                        54     -1       55

PRECIPITATION (IN)
  YESTERDAY        0.67          1.15 1973   0.10   0.57     0.16
  MONTH TO DATE    2.15                      1.40   0.75     6.70
  SINCE OCT 1      2.15                      1.40   0.75     6.70
  SINCE JAN 1     26.53                     22.01   4.52    26.03

SNOWFALL (IN)
  YESTERDAY       MM                        MM     MM       MM
  MONTH TO DATE   MM                        MM     MM       MM
  SINCE JUL 1     MM                        MM     MM       MM
  SNOW DEPTH      MM

DEGREE DAYS
 HEATING
  YESTERDAY       12                        11      1       10
  MONTH TO DATE  222                       169     53      133
  SINCE SEP 1    288                       237     51      168
  SINCE JUL 1    288                       258     30      171

 COOLING
  YESTERDAY        0                         0      0        0
  MONTH TO DATE    0                         2     -2        6
  SINCE SEP 1    138                        67     71       71
  SINCE JAN 1    863                       478    385      732
..................................................................


WIND (MPH)
  RESULTANT WIND SPEED   5   RESULTANT WIND DIRECTION   S (160)
  HIGHEST WIND SPEED    14   HIGHEST WIND DIRECTION     S (160)
  HIGHEST GUST SPEED    19   HIGHEST GUST DIRECTION     S (160)
  AVERAGE WIND SPEED     5.0


SKY COVER
  POSSIBLE SUNSHINE  MM
  AVERAGE SKY COVER 1.0


WEATHER CONDITIONS
 THE FOLLOWING WEATHER WAS RECORDED YESTERDAY.
  RAIN
  LIGHT RAIN
  FOG


RELATIVE HUMIDITY (PERCENT)
 HIGHEST   100           100 AM
 LOWEST     78           300 PM
 AVERAGE    89

..........................................................


THE ROSEBURG OR CLIMATE NORMALS FOR TODAY
                         NORMAL    RECORD    YEAR
 MAXIMUM TEMPERATURE (F)   63        81      1937
 MINIMUM TEMPERATURE (F)   44        31      1953


SUNRISE AND SUNSET
OCTOBER 22 2017.......SUNRISE   736 AM PDT   SUNSET   619 PM PDT
OCTOBER 23 2017.......SUNRISE   737 AM PDT   SUNSET   617 PM PDT


-  INDICATES NEGATIVE NUMBERS.
R  INDICATES RECORD WAS SET OR TIED.
MM INDICATES DATA IS MISSING.
T  INDICATES TRACE AMOUNT.




$$
