000
CDUS46 KMFR 240837
CLIRBG


CLIMATE REPORT
NATIONAL WEATHER SERVICE MEDFORD, OR
137 AM PDT WED MAY 24 2017


...................................

...THE ROSEBURG OR CLIMATE SUMMARY FOR MAY 23 2017...

CLIMATE NORMAL PERIOD 1981 TO 2010
CLIMATE RECORD PERIOD 1931 TO 2017


WEATHER ITEM   OBSERVED TIME   RECORD YEAR NORMAL DEPARTURE LAST
                VALUE   (LST)  VALUE       VALUE  FROM      YEAR
                                                  NORMAL
..................................................................
TEMPERATURE (F)
 YESTERDAY
  MAXIMUM         93    249 PM  94    1997  71     22       65
  MINIMUM         59    526 AM  36    1964  48     11       50
                                      1955
  AVERAGE         76                        60     16       58

PRECIPITATION (IN)
  YESTERDAY        0.00          0.68 2006   0.07  -0.07     0.01
  MONTH TO DATE    1.14                      1.76  -0.62     0.85
  SINCE OCT 1     41.55                     32.77   8.78    36.82
  SINCE JAN 1     22.63                     17.12   5.51    17.63

SNOWFALL (IN)
  YESTERDAY       MM                        MM     MM       MM
  MONTH TO DATE   MM                        MM     MM       MM
  SINCE JUL 1     MM                        MM     MM        0.0
  SNOW DEPTH      MM

DEGREE DAYS
 HEATING
  YESTERDAY        0                         6     -6        7
  MONTH TO DATE  145                       175    -30       96
  SINCE MAR 1    958                      1070   -112      714
  SINCE JUL 1   3674                      3939   -265     3067

 COOLING
  YESTERDAY       11                         1     10        0
  MONTH TO DATE   36                        11     25       19
  SINCE MAR 1     36                        12     24       37
  SINCE JAN 1     36                        12     24       37
..................................................................


WIND (MPH)
  RESULTANT WIND SPEED   4   RESULTANT WIND DIRECTION   N (340)
  HIGHEST WIND SPEED    17   HIGHEST WIND DIRECTION     N (340)
  HIGHEST GUST SPEED    25   HIGHEST GUST DIRECTION     W (290)
  AVERAGE WIND SPEED     5.0


SKY COVER
  POSSIBLE SUNSHINE  MM
  AVERAGE SKY COVER 0.0


WEATHER CONDITIONS
 THE FOLLOWING WEATHER WAS RECORDED YESTERDAY.
  NO SIGNIFICANT WEATHER WAS OBSERVED.


RELATIVE HUMIDITY (PERCENT)
 HIGHEST    84           300 AM
 LOWEST     21           600 PM
 AVERAGE    53

..........................................................


THE ROSEBURG OR CLIMATE NORMALS FOR TODAY
                         NORMAL    RECORD    YEAR
 MAXIMUM TEMPERATURE (F)   72        93      1938
 MINIMUM TEMPERATURE (F)   49        35      1953


SUNRISE AND SUNSET
MAY 24 2017...........SUNRISE   541 AM PDT   SUNSET   840 PM PDT
MAY 25 2017...........SUNRISE   540 AM PDT   SUNSET   841 PM PDT


-  INDICATES NEGATIVE NUMBERS.
R  INDICATES RECORD WAS SET OR TIED.
MM INDICATES DATA IS MISSING.
T  INDICATES TRACE AMOUNT.




$$
