000
CDUS46 KMFR 050835
CLIRBG


CLIMATE REPORT
NATIONAL WEATHER SERVICE MEDFORD, OR
135 AM PDT SAT SEP 5 2015


...................................

...THE ROSEBURG OR CLIMATE SUMMARY FOR SEPTEMBER 4 2015...

CLIMATE NORMAL PERIOD 1981 TO 2010
CLIMATE RECORD PERIOD 1931 TO 2015


WEATHER ITEM   OBSERVED TIME   RECORD YEAR NORMAL DEPARTURE LAST
                VALUE   (LST)  VALUE       VALUE  FROM      YEAR
                                                  NORMAL
..................................................................
TEMPERATURE (F)
 YESTERDAY
  MAXIMUM         67   1251 PM 102    1955  82    -15       88
  MINIMUM         49    615 AM  41    1958  53     -4       48
  AVERAGE         58                        68    -10       68

PRECIPITATION (IN)
  YESTERDAY        0.01          0.45 1978   0.02  -0.01     0.00
  MONTH TO DATE    0.09                      0.09   0.00     0.00
  SINCE OCT 1     25.27                     35.39 -10.12    20.35
  SINCE JAN 1     10.99                     19.74  -8.75    16.65

SNOWFALL (IN)
  YESTERDAY       MM                        MM     MM       MM
  MONTH TO DATE   MM                        MM     MM       MM
  SINCE JUL 1      0.0                      MM     MM       MM
  SNOW DEPTH      MM

DEGREE DAYS
 HEATING
  YESTERDAY        7                         1      6        0
  MONTH TO DATE   14                         4     10        0
  SINCE SEP 1     14                         4     10        0
  SINCE JUL 1     14                        25    -11        7

 COOLING
  YESTERDAY        0                         4     -4        3
  MONTH TO DATE    6                        16    -10       15
  SINCE SEP 1      6                        16    -10       15
  SINCE JAN 1    895                       427    468      748
..................................................................


WIND (MPH)
  RESULTANT WIND SPEED   1   RESULTANT WIND DIRECTION   N (10)
  HIGHEST WIND SPEED    15   HIGHEST WIND DIRECTION     N (360)
  HIGHEST GUST SPEED    19   HIGHEST GUST DIRECTION     N (10)
  AVERAGE WIND SPEED     2.4


SKY COVER
  POSSIBLE SUNSHINE  MM
  AVERAGE SKY COVER 0.5


WEATHER CONDITIONS
 THE FOLLOWING WEATHER WAS RECORDED YESTERDAY.
  THUNDERSTORM
  LIGHT RAIN


RELATIVE HUMIDITY (PERCENT)
 HIGHEST    89           800 PM
 LOWEST     42          1200 PM
 AVERAGE    66

..........................................................


THE ROSEBURG OR CLIMATE NORMALS FOR TODAY
                         NORMAL    RECORD    YEAR
 MAXIMUM TEMPERATURE (F)   82       104      1944
 MINIMUM TEMPERATURE (F)   53        41      1954
                                             1996


SUNRISE AND SUNSET
SEPTEMBER  5 2015.....SUNRISE   642 AM PDT   SUNSET   742 PM PDT
SEPTEMBER  6 2015.....SUNRISE   643 AM PDT   SUNSET   740 PM PDT


-  INDICATES NEGATIVE NUMBERS.
R  INDICATES RECORD WAS SET OR TIED.
MM INDICATES DATA IS MISSING.
T  INDICATES TRACE AMOUNT.




$$
