000
CDUS46 KMFR 250835
CLIRBG


CLIMATE REPORT
NATIONAL WEATHER SERVICE MEDFORD, OR
1235 AM PST SAT FEB 25 2017


...................................

...THE ROSEBURG OR CLIMATE SUMMARY FOR FEBRUARY 24 2017...

CLIMATE NORMAL PERIOD 1981 TO 2010
CLIMATE RECORD PERIOD 1931 TO 2017


WEATHER ITEM   OBSERVED TIME   RECORD YEAR NORMAL DEPARTURE LAST
                VALUE   (LST)  VALUE       VALUE  FROM      YEAR
                                                  NORMAL
..................................................................
TEMPERATURE (F)
 YESTERDAY
  MAXIMUM         43   1230 PM  74    1938  55    -12       67
  MINIMUM         32    815 AM  25    1953  38     -6       42
  AVERAGE         38                        46     -8       55

PRECIPITATION (IN)
  YESTERDAY        0.06          2.63 1958   0.13  -0.07      T
  MONTH TO DATE    7.61                      3.44   4.17     2.18
  SINCE OCT 1     32.00                     24.18   7.82    27.98
  SINCE JAN 1     13.08                      8.53   4.55     8.79

SNOWFALL (IN)
  YESTERDAY       MM                        MM     MM       MM
  MONTH TO DATE   MM                        MM     MM       MM
  SINCE JUL 1     MM                        MM     MM        0.0
  SNOW DEPTH      MM

DEGREE DAYS
 HEATING
  YESTERDAY       27                        19      8       10
  MONTH TO DATE  435                       478    -43      349
  SINCE DEC 1   1977                      1868    109     1552
  SINCE JUL 1   2616                      2797   -181     2280

 COOLING
  YESTERDAY        0                         0      0        0
  MONTH TO DATE    0                         0      0        0
  SINCE DEC 1      0                         0      0        0
  SINCE JAN 1      0                         0      0        0
..................................................................


WIND (MPH)
  RESULTANT WIND SPEED   2   RESULTANT WIND DIRECTION  SE (150)
  HIGHEST WIND SPEED    12   HIGHEST WIND DIRECTION     S (170)
  HIGHEST GUST SPEED    18   HIGHEST GUST DIRECTION     S (180)
  AVERAGE WIND SPEED     2.6


SKY COVER
  POSSIBLE SUNSHINE  MM
  AVERAGE SKY COVER 1.0


WEATHER CONDITIONS
 THE FOLLOWING WEATHER WAS RECORDED YESTERDAY.
  LIGHT RAIN
  FOG


RELATIVE HUMIDITY (PERCENT)
 HIGHEST   100           100 AM
 LOWEST     62          1200 PM
 AVERAGE    81

..........................................................


THE ROSEBURG OR CLIMATE NORMALS FOR TODAY
                         NORMAL    RECORD    YEAR
 MAXIMUM TEMPERATURE (F)   55        72      2016
                                             1932
 MINIMUM TEMPERATURE (F)   38        21      1962


SUNRISE AND SUNSET
FEBRUARY 25 2017......SUNRISE   655 AM PST   SUNSET   558 PM PST
FEBRUARY 26 2017......SUNRISE   654 AM PST   SUNSET   559 PM PST


-  INDICATES NEGATIVE NUMBERS.
R  INDICATES RECORD WAS SET OR TIED.
MM INDICATES DATA IS MISSING.
T  INDICATES TRACE AMOUNT.




$$
