000
CDUS46 KSTO 030035
CLIRDD

CLIMATE REPORT
NATIONAL WEATHER SERVICE SACRAMENTO, CA
532 PM PDT THU JUL 2 2015


...................................

...THE REDDING AIRPORT CA CLIMATE SUMMARY FOR JULY 2 2015...
VALID TODAY AS OF 0500 PM LOCAL TIME.

CLIMATE NORMAL PERIOD 1981 TO 2010
CLIMATE RECORD PERIOD 1986 TO 2015


WEATHER ITEM   OBSERVED RECORD YEAR NORMAL DEPARTURE LAST
                VALUE   VALUE       VALUE  FROM      YEAR
                                           NORMAL
...........................................................
TEMPERATURE (F)
 TODAY
  MAXIMUM        109    116    2013  96     13      102
  MINIMUM         76     54    1989  65     11       66
  AVERAGE         93

PRECIPITATION (IN)
  TODAY            0.00   T    1990   0.00   0.00     0.00
  MONTH TO DATE    0.00               0.00   0.00     0.00
  SINCE OCT 1     23.04              33.71 -10.67    16.38
  SINCE JAN 1      6.79              20.86 -14.07    14.27

SNOWFALL (IN)
  TODAY            0.0   MM      MM  MM               0.0
  MONTH TO DATE    0.0               MM               0.0
  SINCE JUN 1      0.0               MM               0.0
  SINCE JUL 1      0.0               MM               0.0

DEGREE DAYS
 HEATING
  TODAY            0

 COOLING
  TODAY           28
...........................................................


WIND (MPH)
  RESULTANT WIND SPEED   1   RESULTANT WIND DIRECTION   S (190)
  HIGHEST WIND SPEED    17   HIGHEST WIND DIRECTION    SE (150)
  HIGHEST GUST SPEED    22   HIGHEST GUST DIRECTION    SE (150)


SKY COVER
  POSSIBLE SUNSHINE  MM
  AVERAGE SKY COVER 0.0


WEATHER CONDITIONS
 THE FOLLOWING WEATHER WAS RECORDED TODAY.
  NO SIGNIFICANT WEATHER WAS OBSERVED.


RELATIVE HUMIDITY (PERCENT)
 HIGHEST    50
 LOWEST     17
 AVERAGE    34

..........................................................


THE REDDING AIRPORT CA CLIMATE NORMALS FOR TOMORROW
                         NORMAL    RECORD    YEAR
 MAXIMUM TEMPERATURE (F)   96       115      1991
 MINIMUM TEMPERATURE (F)   65        56      2003


SUNRISE AND SUNSET
JULY  2 2015..........SUNRISE   543 AM PDT   SUNSET   843 PM PDT
JULY  3 2015..........SUNRISE   543 AM PDT   SUNSET   843 PM PDT


-  INDICATES NEGATIVE NUMBERS.
R  INDICATES RECORD WAS SET OR TIED.
MM INDICATES DATA IS MISSING.
T  INDICATES TRACE AMOUNT.

&&
....................................................................

REDDING CITY CLIMATE DATA FOR JULY 02

CLIMATE RECORD PERIOD 1897-1986

RECORD HIGH..............    111 IN 1950
RECORD LOW...............     50 IN 1919

RECORD RAINFALL..........   0.85 IN 1916

$$

NNNN
