000
CDUS46 KSTO 300841
CLIRDD

CLIMATE REPORT
NATIONAL WEATHER SERVICE SACRAMENTO, CA
141 AM PDT MON MAR 30 2015


...................................

...THE REDDING AIRPORT CA CLIMATE SUMMARY FOR MARCH 29 2015...

CLIMATE NORMAL PERIOD 1981 TO 2010
CLIMATE RECORD PERIOD 1986 TO 2015


WEATHER ITEM   OBSERVED RECORD YEAR NORMAL DEPARTURE LAST
                VALUE   VALUE       VALUE  FROM      YEAR
                                           NORMAL
...........................................................
TEMPERATURE (F)
 YESTERDAY
  MAXIMUM         88R    85    2002  66     22       57
  MINIMUM         56     33    1996  44     12       42
  AVERAGE         72

PRECIPITATION (IN)
  YESTERDAY        0.00   0.43 2014   0.10  -0.10     0.43
  MONTH TO DATE    1.06               4.17  -3.11     4.78
  SINCE OCT 1     20.95              28.49  -7.54    15.39
  SINCE JAN 1      4.70              15.64 -10.94    13.28

SNOWFALL (IN)
  YESTERDAY        0.0   MM      MM  MM              MM
  MONTH TO DATE    0.0               MM               0.0
  SINCE MAR 1      0.0               MM               0.0
  SINCE JUL 1      0.0               MM               5.0

DEGREE DAYS
 HEATING
  YESTERDAY        0

 COOLING
  YESTERDAY        7
...........................................................


WIND (MPH)
  RESULTANT WIND SPEED   4   RESULTANT WIND DIRECTION   N (350)
  HIGHEST WIND SPEED    17   HIGHEST WIND DIRECTION     N (10)
  HIGHEST GUST SPEED    23   HIGHEST GUST DIRECTION     N (10)


SKY COVER
  POSSIBLE SUNSHINE  MM
  AVERAGE SKY COVER 0.0


WEATHER CONDITIONS
 THE FOLLOWING WEATHER WAS RECORDED YESTERDAY.
  NO SIGNIFICANT WEATHER WAS OBSERVED.


RELATIVE HUMIDITY (PERCENT)
 HIGHEST    72
 LOWEST     12
 AVERAGE    42

..........................................................


THE REDDING AIRPORT CA CLIMATE NORMALS FOR TODAY
                         NORMAL    RECORD    YEAR
 MAXIMUM TEMPERATURE (F)   67        86      2002
 MINIMUM TEMPERATURE (F)   44        32      1999


SUNRISE AND SUNSET
MARCH 30 2015.........SUNRISE   656 AM PDT   SUNSET   732 PM PDT
MARCH 31 2015.........SUNRISE   655 AM PDT   SUNSET   733 PM PDT


-  INDICATES NEGATIVE NUMBERS.
R  INDICATES RECORD WAS SET OR TIED.
MM INDICATES DATA IS MISSING.
T  INDICATES TRACE AMOUNT.

&&
....................................................................

REDDING CITY CLIMATE DATA FOR MARCH 29

CLIMATE RECORD PERIOD 1897-1986

RECORD HIGH..............     85 IN 1911
RECORD LOW...............     30 IN 1985

RECORD RAINFALL..........   3.35 IN 1974

$$
