000
CDUS46 KSTO 060841
CLIRDD

CLIMATE REPORT
NATIONAL WEATHER SERVICE SACRAMENTO, CA
139 AM PDT FRI MAY 6 2016


...................................

...THE REDDING AIRPORT CA CLIMATE SUMMARY FOR MAY 5 2016...

CLIMATE NORMAL PERIOD 1981 TO 2010
CLIMATE RECORD PERIOD 1986 TO 2016


WEATHER ITEM   OBSERVED RECORD YEAR NORMAL DEPARTURE LAST
                VALUE   VALUE       VALUE  FROM      YEAR
                                           NORMAL
...........................................................
TEMPERATURE (F)
 YESTERDAY
  MAXIMUM         77    103    1992  77      0       83
  MINIMUM         57     41    2003  51      6       54
  AVERAGE         67

PRECIPITATION (IN)
  YESTERDAY        0.00   0.25 2005   0.06  -0.06     0.00
  MONTH TO DATE    0.11               0.32  -0.21     0.00
  SINCE OCT 1     37.17              31.49   5.68    22.13
  SINCE JAN 1     27.31              18.64   8.67     5.88

SNOWFALL (IN)
  YESTERDAY        0.0   MM      MM  MM               0.0
  MONTH TO DATE    0.0               MM               0.0
  SINCE MAR 1      0.0               MM               0.0
  SINCE JUL 1      0.0               MM               0.0

DEGREE DAYS
 HEATING
  YESTERDAY        0

 COOLING
  YESTERDAY        2
...........................................................


WIND (MPH)
  RESULTANT WIND SPEED   5   RESULTANT WIND DIRECTION   S (170)
  HIGHEST WIND SPEED    24   HIGHEST WIND DIRECTION     S (180)
  HIGHEST GUST SPEED    29   HIGHEST GUST DIRECTION     S (180)


SKY COVER
  POSSIBLE SUNSHINE  MM
  AVERAGE SKY COVER 0.3


WEATHER CONDITIONS
 THE FOLLOWING WEATHER WAS RECORDED YESTERDAY.
  THUNDERSTORM


RELATIVE HUMIDITY (PERCENT)
 HIGHEST    87
 LOWEST     50
 AVERAGE    69

..........................................................


THE REDDING AIRPORT CA CLIMATE NORMALS FOR TODAY
                         NORMAL    RECORD    YEAR
 MAXIMUM TEMPERATURE (F)   77       104      1987
 MINIMUM TEMPERATURE (F)   51        42      1995


SUNRISE AND SUNSET
MAY  6 2016...........SUNRISE   601 AM PDT   SUNSET   811 PM PDT
MAY  7 2016...........SUNRISE   600 AM PDT   SUNSET   812 PM PDT


-  INDICATES NEGATIVE NUMBERS.
R  INDICATES RECORD WAS SET OR TIED.
MM INDICATES DATA IS MISSING.
T  INDICATES TRACE AMOUNT.

&&
....................................................................

REDDING CITY CLIMATE DATA FOR MAY 05

CLIMATE RECORD PERIOD 1897-1986

RECORD HIGH..............     97 IN 1913
RECORD LOW...............     38 IN 1950

RECORD RAINFALL..........   1.45 IN 1900

$$
