000
CDUS46 KSTO 271441
CLIRDD

CLIMATE REPORT
NATIONAL WEATHER SERVICE SACRAMENTO, CA
741 AM PDT WED AUG 27 2014


...................................

...THE REDDING AIRPORT CA CLIMATE SUMMARY FOR AUGUST 26 2014...

CLIMATE NORMAL PERIOD 1981 TO 2010
CLIMATE RECORD PERIOD 1986 TO 2014


WEATHER ITEM   OBSERVED RECORD YEAR NORMAL DEPARTURE LAST
                VALUE   VALUE       VALUE  FROM      YEAR
                                           NORMAL
...........................................................
TEMPERATURE (F)
 YESTERDAY
  MAXIMUM        100    109    1988  95      5       88
  MINIMUM         59     53    1995  61     -2       63
  AVERAGE         80

PRECIPITATION (IN)
  YESTERDAY        0.00   0.08 1990   0.01  -0.01     0.00
  MONTH TO DATE    0.12               0.14  -0.02      T
  SINCE JUL 1      0.21               0.23  -0.02      T
  SINCE JAN 1     14.48              21.09  -6.61     9.30

SNOWFALL (IN)
  YESTERDAY        0.0   MM      MM  MM               0.0
  MONTH TO DATE    0.0               MM               0.0
  SINCE JUN 1      0.0               MM               0.0
  SINCE JUL 1      0.0               MM               0.0

DEGREE DAYS
 HEATING
  YESTERDAY        0

 COOLING
  YESTERDAY       15
...........................................................


WIND (MPH)
  RESULTANT WIND SPEED   5   RESULTANT WIND DIRECTION   S (180)
  HIGHEST WIND SPEED    15   HIGHEST WIND DIRECTION     S (160)
  HIGHEST GUST SPEED    18   HIGHEST GUST DIRECTION     S (170)


SKY COVER
  POSSIBLE SUNSHINE  MM
  AVERAGE SKY COVER 0.0


WEATHER CONDITIONS
 THE FOLLOWING WEATHER WAS RECORDED YESTERDAY.
  NO SIGNIFICANT WEATHER WAS OBSERVED.


RELATIVE HUMIDITY (PERCENT)
 HIGHEST    67
 LOWEST     11
 AVERAGE    39

..........................................................


THE REDDING AIRPORT CA CLIMATE NORMALS FOR TODAY
                         NORMAL    RECORD    YEAR
 MAXIMUM TEMPERATURE (F)   95       110      1988
 MINIMUM TEMPERATURE (F)   61        53      1994


SUNRISE AND SUNSET
AUGUST 27 2014........SUNRISE   632 AM PDT   SUNSET   749 PM PDT
AUGUST 28 2014........SUNRISE   633 AM PDT   SUNSET   747 PM PDT


-  INDICATES NEGATIVE NUMBERS.
R  INDICATES RECORD WAS SET OR TIED.
MM INDICATES DATA IS MISSING.
T  INDICATES TRACE AMOUNT.






&&
....................................................................

REDDING CITY CLIMATE DATA FOR AUGUST 26

CLIMATE RECORD PERIOD 1897-1986

RECORD HIGH..............    110 IN 1924
RECORD LOW...............     51 IN 1947

RECORD RAINFALL..........   0.91 IN 1954

$$
