738
CDUS46 KSTO 100852
CLIRDD

CLIMATE REPORT
NATIONAL WEATHER SERVICE SACRAMENTO, CA
1251 AM PST SAT DEC 10 2016


.........................................................

...THE REDDING AIRPORT CA CLIMATE SUMMARY FOR DECEMBER 9 2016...

CLIMATE NORMAL PERIOD 1981 TO 2010
CLIMATE RECORD PERIOD 1986 TO 2016


WEATHER ITEM   OBSERVED RECORD YEAR NORMAL DEPARTURE LAST
                VALUE   VALUE       VALUE  FROM      YEAR
                                           NORMAL
...........................................................
TEMPERATURE (F)
 YESTERDAY
  MAXIMUM         47     73    1988  55     -8       58
  MINIMUM         43     16    2009  37      6       52
  AVERAGE         45

PRECIPITATION (IN)
  YESTERDAY        0.70   1.88 1987   0.19   0.51     0.99
  MONTH TO DATE    1.31               1.66  -0.35     2.64
  SINCE OCT 1     14.01               8.24   5.77     4.29
  SINCE JAN 1     44.64              30.01  14.63    11.67

SNOWFALL (IN)
  YESTERDAY       MM     MM      MM  MM               0.0
  MONTH TO DATE    0.0               MM               0.0
  SINCE DEC 1      0.0               MM               0.0
  SINCE JUL 1      0.0               MM               0.0

DEGREE DAYS
 HEATING
  YESTERDAY       20

 COOLING
  YESTERDAY        0
...........................................................


WIND (MPH)
  RESULTANT WIND SPEED   0   RESULTANT WIND DIRECTION   N (340)
  HIGHEST WIND SPEED     6   HIGHEST WIND DIRECTION     N (360)
  HIGHEST GUST SPEED     7   HIGHEST GUST DIRECTION     N (360)


SKY COVER
  POSSIBLE SUNSHINE  MM
  AVERAGE SKY COVER 1.0


WEATHER CONDITIONS
 THE FOLLOWING WEATHER WAS RECORDED YESTERDAY.
  RAIN
  LIGHT RAIN
  FOG


RELATIVE HUMIDITY (PERCENT)
 HIGHEST   100
 LOWEST     92
 AVERAGE    96

..........................................................


THE REDDING AIRPORT CA CLIMATE NORMALS FOR TODAY
                         NORMAL    RECORD    YEAR
 MAXIMUM TEMPERATURE (F)   55        71      2012
 MINIMUM TEMPERATURE (F)   37        19      2009


SUNRISE AND SUNSET
DECEMBER 10 2016......SUNRISE   722 AM PST   SUNSET   442 PM PST
DECEMBER 11 2016......SUNRISE   723 AM PST   SUNSET   443 PM PST


-  INDICATES NEGATIVE NUMBERS.
R  INDICATES RECORD WAS SET OR TIED.
MM INDICATES DATA IS MISSING.
T  INDICATES TRACE AMOUNT.


&&
....................................................................

REDDING CITY CLIMATE DATA FOR DECEMBER 09

CLIMATE RECORD PERIOD 1897-1986

RECORD HIGH..............     76 IN 1962
RECORD LOW...............     21 IN 1972

RECORD RAINFALL..........   2.63 IN 1937

$$

NNNN
