000
CDUS46 KSTO 020043
CLIRDD

CLIMATE REPORT
NATIONAL WEATHER SERVICE SACRAMENTO, CA
430 PM PST SUN FEB 1 2015

...........................................................

...THE REDDING AIRPORT CA CLIMATE SUMMARY FOR FEBRUARY 1 2015...
VALID TODAY AS OF 0400 PM LOCAL TIME.

CLIMATE NORMAL PERIOD 1981 TO 2010
CLIMATE RECORD PERIOD 1986 TO 2015


WEATHER ITEM   OBSERVED RECORD YEAR NORMAL DEPARTURE LAST
                VALUE   VALUE       VALUE  FROM      YEAR
                                           NORMAL
...........................................................
TEMPERATURE (F)
 TODAY
  MAXIMUM         64     72    2009  57      7       59
  MINIMUM         38     26    1994  38      0       31
  AVERAGE         51

PRECIPITATION (IN)
  TODAY            0.00   1.13 1992   0.19  -0.19     0.00
  MONTH TO DATE    0.00               0.19  -0.19     0.00
  SINCE OCT 1     16.51              19.00  -2.49     2.53
  SINCE JAN 1      0.26               6.15  -5.89     0.42

SNOWFALL (IN)
  TODAY            0.0   MM      MM  MM               0.0
  MONTH TO DATE    0.0               MM               0.0
  SINCE DEC 1      0.0               MM               5.0
  SINCE JUL 1      0.0               MM               5.0

DEGREE DAYS
 HEATING
  TODAY           14

 COOLING
  TODAY            0
...........................................................


WIND (MPH)
  RESULTANT WIND SPEED   1   RESULTANT WIND DIRECTION   E (90)
  HIGHEST WIND SPEED    10   HIGHEST WIND DIRECTION     E (90)
  HIGHEST GUST SPEED    12   HIGHEST GUST DIRECTION     E (90)


SKY COVER
  POSSIBLE SUNSHINE  MM
  AVERAGE SKY COVER 0.0


WEATHER CONDITIONS
 THE FOLLOWING WEATHER WAS RECORDED TODAY.
  NO SIGNIFICANT WEATHER WAS OBSERVED.


RELATIVE HUMIDITY (PERCENT)
 HIGHEST    85
 LOWEST     52
 AVERAGE    69

..........................................................


THE REDDING AIRPORT CA CLIMATE NORMALS FOR TOMORROW
                         NORMAL    RECORD    YEAR
 MAXIMUM TEMPERATURE (F)   57        74      2005
 MINIMUM TEMPERATURE (F)   38        27      2007


SUNRISE AND SUNSET
FEBRUARY  1 2015......SUNRISE   719 AM PST   SUNSET   527 PM PST
FEBRUARY  2 2015......SUNRISE   718 AM PST   SUNSET   528 PM PST


-  INDICATES NEGATIVE NUMBERS.
R  INDICATES RECORD WAS SET OR TIED.
MM INDICATES DATA IS MISSING.
T  INDICATES TRACE AMOUNT.

&&
....................................................................

REDDING CITY CLIMATE DATA FOR FEBRUARY 01

CLIMATE RECORD PERIOD 1897-1986

RECORD HIGH..............     77 IN 1954
RECORD LOW...............     24 IN 1951

RECORD RAINFALL..........   3.06 IN 1915

$$
POWELL
