712
CDUS46 KSTO 140056
CLIRDD

CLIMATE REPORT
NATIONAL WEATHER SERVICE SACRAMENTO, CA
447 PM PST SAT FEB 13 2016


...................................

...THE REDDING AIRPORT CA CLIMATE SUMMARY FOR FEBRUARY 13 2016...
VALID TODAY AS OF 0400 PM LOCAL TIME.

CLIMATE NORMAL PERIOD 1981 TO 2010
CLIMATE RECORD PERIOD 1986 TO 2016


WEATHER ITEM   OBSERVED RECORD YEAR NORMAL DEPARTURE LAST
                VALUE   VALUE       VALUE  FROM      YEAR
                                           NORMAL
...........................................................
TEMPERATURE (F)
 TODAY
  MAXIMUM         75     77    2006  59     16       69
  MINIMUM         45     25    1990  39      6       46
  AVERAGE         60

PRECIPITATION (IN)
  TODAY            0.00   1.71 2000   0.19  -0.19     0.00
  MONTH TO DATE    0.09               2.59  -2.50     3.38
  SINCE OCT 1     22.63              21.40   1.23    19.89
  SINCE JAN 1     12.77               8.55   4.22     3.64

SNOWFALL (IN)
  TODAY            0.0   MM      MM  MM               0.0
  MONTH TO DATE    0.0               MM               0.0
  SINCE DEC 1      0.0               MM               0.0
  SINCE JUL 1      0.0               MM               0.0

DEGREE DAYS
 HEATING
  TODAY            5

 COOLING
  TODAY            0
...........................................................


WIND (MPH)
  RESULTANT WIND SPEED   5   RESULTANT WIND DIRECTION   N (350)
  HIGHEST WIND SPEED    13   HIGHEST WIND DIRECTION     N (20)
  HIGHEST GUST SPEED    16   HIGHEST GUST DIRECTION     N (20)


SKY COVER
  POSSIBLE SUNSHINE  MM
  AVERAGE SKY COVER 0.0


WEATHER CONDITIONS
 THE FOLLOWING WEATHER WAS RECORDED TODAY.
  NO SIGNIFICANT WEATHER WAS OBSERVED.


RELATIVE HUMIDITY (PERCENT)
 HIGHEST    89
 LOWEST     21
 AVERAGE    55

..........................................................


THE REDDING AIRPORT CA CLIMATE NORMALS FOR TOMORROW
                         NORMAL    RECORD    YEAR
 MAXIMUM TEMPERATURE (F)   60        78      2015
 MINIMUM TEMPERATURE (F)   39        26      1990


SUNRISE AND SUNSET
FEBRUARY 13 2016......SUNRISE   706 AM PST   SUNSET   542 PM PST
FEBRUARY 14 2016......SUNRISE   705 AM PST   SUNSET   543 PM PST


-  INDICATES NEGATIVE NUMBERS.
R  INDICATES RECORD WAS SET OR TIED.
MM INDICATES DATA IS MISSING.
T  INDICATES TRACE AMOUNT.

&&
....................................................................

REDDING CITY CLIMATE DATA FOR FEBRUARY 13

CLIMATE RECORD PERIOD 1897-1986

RECORD HIGH..............     82 IN 1977
RECORD LOW...............     26 IN 1949

RECORD RAINFALL..........   2.34 IN 1962

$$

NNNN
