000
CDUS46 KSTO 230848
CLIRDD

CLIMATE REPORT
NATIONAL WEATHER SERVICE SACRAMENTO, CA
1244 AM PST TUE JAN 23 2018

..................................

...THE REDDING AIRPORT CA CLIMATE SUMMARY FOR JANUARY 22 2018...

CLIMATE NORMAL PERIOD 1981 TO 2010
CLIMATE RECORD PERIOD 1986 TO 2018

WEATHER ITEM   OBSERVED RECORD YEAR NORMAL DEPARTURE LAST
                VALUE   VALUE       VALUE  FROM      YEAR
                                           NORMAL
...........................................................
TEMPERATURE (F)
 YESTERDAY
  MAXIMUM         51     77    2014  56     -5       51
  MINIMUM         41     25    2002  37      4       43
  AVERAGE         46

PRECIPITATION (IN)
  YESTERDAY        0.34   2.39 1995   0.19   0.15     0.61
  MONTH TO DATE    4.10               4.34  -0.24    11.38
  SINCE OCT 1      9.77              17.19  -7.42    30.11
  SINCE JAN 1      4.10               4.34  -0.24    11.38

SNOWFALL (IN)
  YESTERDAY       MM      0.0  2002  MM               0.0
  MONTH TO DATE    0.0               MM               3.0
  SINCE DEC 1      0.0               MM               3.0
  SINCE JUL 1      0.0               MM               3.0

DEGREE DAYS
 HEATING
  YESTERDAY       19

 COOLING
  YESTERDAY        0
...........................................................

WIND (MPH)
  RESULTANT WIND SPEED   2   RESULTANT WIND DIRECTION   N (350)
  HIGHEST WIND SPEED     7   HIGHEST WIND DIRECTION    NW (310)
  HIGHEST GUST SPEED    22   HIGHEST GUST DIRECTION     N (20)

SKY COVER
  POSSIBLE SUNSHINE  MM
  AVERAGE SKY COVER 0.9

WEATHER CONDITIONS
 THE FOLLOWING WEATHER WAS RECORDED YESTERDAY.
  RAIN
  LIGHT RAIN
  FOG

RELATIVE HUMIDITY (PERCENT)
 HIGHEST   100
 LOWEST     77
 AVERAGE    89

..........................................................

THE REDDING AIRPORT CA CLIMATE NORMALS FOR TODAY
                         NORMAL    RECORD    YEAR
 MAXIMUM TEMPERATURE (F)   56        75      2015
 MINIMUM TEMPERATURE (F)   37        26      2007

SUNRISE AND SUNSET
JANUARY 23 2018.......SUNRISE   726 AM PST   SUNSET   517 PM PST
JANUARY 24 2018.......SUNRISE   725 AM PST   SUNSET   518 PM PST

-  INDICATES NEGATIVE NUMBERS.
R  INDICATES RECORD WAS SET OR TIED.
MM INDICATES DATA IS MISSING.
T  INDICATES TRACE AMOUNT.

&&
....................................................................

REDDING CITY CLIMATE DATA FOR JANUARY 22

CLIMATE RECORD PERIOD 1897-1986

RECORD HIGH..............     78 IN 1968
RECORD LOW...............     24 IN 1962

RECORD RAINFALL..........   2.44 IN 1954

$$
