296
CDUS41 KPHI 270630
CLIRDG


CLIMATE REPORT
NATIONAL WEATHER SERVICE MOUNT HOLLY NJ
229 AM EDT MON MAR 27 2017


...................................

...THE READING PA CLIMATE SUMMARY FOR MARCH 26 2017...

CLIMATE NORMAL PERIOD 1981 TO 2010
CLIMATE RECORD PERIOD 1869 TO 2017


WEATHER ITEM   OBSERVED TIME   RECORD YEAR NORMAL DEPARTURE LAST
                VALUE   (LST)  VALUE       VALUE  FROM      YEAR
                                                  NORMAL
..................................................................
TEMPERATURE (F)
 YESTERDAY
  MAXIMUM         47   1231 AM  82    1921  54     -7       58
  MINIMUM         40   1159 PM  17    1983  35      5       31
  AVERAGE         44                        44      0       45

PRECIPITATION (IN)
  YESTERDAY        T             1.12 1913   0.13  -0.13     0.00
  MONTH TO DATE    2.04                      2.80  -0.76     0.66
  SINCE MAR 1      2.04                      2.80  -0.76     0.66
  SINCE JAN 1      5.43                      8.33  -2.90     7.47

DEGREE DAYS
 HEATING
  YESTERDAY       21                        20      1       20
  MONTH TO DATE  701                       645     56      460
  SINCE MAR 1    701                       645     56      460
  SINCE JUL 1   4063                      4687   -624     3807

 COOLING
  YESTERDAY        0                         0      0        0
  MONTH TO DATE    0                         0      0        3
  SINCE MAR 1      0                         0      0        3
  SINCE JAN 1      0                         0      0        3
..................................................................


WIND (MPH)
  HIGHEST WIND SPEED    15   HIGHEST WIND DIRECTION     E (80)
  HIGHEST GUST SPEED    20   HIGHEST GUST DIRECTION     E (80)
  AVERAGE WIND SPEED     8.1


SKY COVER
  POSSIBLE SUNSHINE  MM
  AVERAGE SKY COVER 1.0


WEATHER CONDITIONS
 THE FOLLOWING WEATHER WAS RECORDED YESTERDAY.
  LIGHT RAIN
  FOG


RELATIVE HUMIDITY (PERCENT)
 HIGHEST   100           900 PM
 LOWEST     76           700 AM
 AVERAGE    88

..........................................................


THE READING PA CLIMATE NORMALS FOR TODAY
                         NORMAL    RECORD    YEAR
 MAXIMUM TEMPERATURE (F)   55        85      1998
 MINIMUM TEMPERATURE (F)   35        18      2014


SUNRISE AND SUNSET
MARCH 27 2017.........SUNRISE   655 AM EDT   SUNSET   724 PM EDT
MARCH 28 2017.........SUNRISE   654 AM EDT   SUNSET   725 PM EDT


-  INDICATES NEGATIVE NUMBERS.
R  INDICATES RECORD WAS SET OR TIED.
MM INDICATES DATA IS MISSING.
T  INDICATES TRACE AMOUNT.




$$
