000
CDUS41 KPHI 032128
CLIRDG


CLIMATE REPORT
NATIONAL WEATHER SERVICE MOUNT HOLLY NJ
528 PM EDT TUE MAY 3 2016


...................................

...THE READING PA CLIMATE SUMMARY FOR MAY 3 2016...
VALID TODAY AS OF 0500 PM LOCAL TIME.

CLIMATE NORMAL PERIOD 1981 TO 2010
CLIMATE RECORD PERIOD 1869 TO 2016


WEATHER ITEM   OBSERVED TIME   RECORD YEAR NORMAL DEPARTURE LAST
                VALUE   (LST)  VALUE       VALUE  FROM      YEAR
                                                  NORMAL
..................................................................
TEMPERATURE (F)
 TODAY
  MAXIMUM         59    323 PM  90    2001  69    -10       80
  MINIMUM         53    906 AM  32    2005  46      7       46
  AVERAGE         56                        57     -1       63

PRECIPITATION (IN)
  TODAY            0.11          1.68 1985   0.11   0.00     0.00
  MONTH TO DATE    0.78                      0.34   0.44      T
  SINCE MAR 1      3.59                      7.59  -4.00     6.51
  SINCE JAN 1     10.40                     13.12  -2.72    10.25

SNOWFALL (IN)
  TODAY           MM            MM      MM  MM     MM       MM
  MONTH TO DATE   MM                        MM     MM       MM
  SINCE MAR 1     MM                        MM     MM       MM
  SINCE JUL 1     MM                        MM     MM       MM
  SNOW DEPTH      MM

DEGREE DAYS
 HEATING
  TODAY            9                         8      1        2
  MONTH TO DATE   36                        26     10       17
  SINCE MAR 1    991                      1182   -191     1306
  SINCE JUL 1   4338                      5224   -886     5611

 COOLING
  TODAY            0                         1     -1        0
  MONTH TO DATE    0                         3     -3        0
  SINCE MAR 1     13                        12      1        0
  SINCE JAN 1     13                        12      1        0
..................................................................


WIND (MPH)
  HIGHEST WIND SPEED    14   HIGHEST WIND DIRECTION    NE (30)
  HIGHEST GUST SPEED    17   HIGHEST GUST DIRECTION     N (20)
  AVERAGE WIND SPEED     4.4


SKY COVER
  POSSIBLE SUNSHINE  MM
  AVERAGE SKY COVER 1.0


WEATHER CONDITIONS
 THE FOLLOWING WEATHER WAS RECORDED TODAY.
  LIGHT RAIN
  FOG
  HAZE


RELATIVE HUMIDITY (PERCENT)
 HIGHEST    93          1200 AM
 LOWEST     80          1200 PM
 AVERAGE    87

..........................................................


THE READING PA CLIMATE NORMALS FOR TOMORROW
                         NORMAL    RECORD    YEAR
 MAXIMUM TEMPERATURE (F)   69        90      2001
                                             1913
 MINIMUM TEMPERATURE (F)   46        30      1986


SUNRISE AND SUNSET
MAY  3 2016...........SUNRISE   600 AM EDT   SUNSET   802 PM EDT
MAY  4 2016...........SUNRISE   559 AM EDT   SUNSET   803 PM EDT


-  INDICATES NEGATIVE NUMBERS.
R  INDICATES RECORD WAS SET OR TIED.
MM INDICATES DATA IS MISSING.
T  INDICATES TRACE AMOUNT.




$$
