000
CDUS41 KPHI 240627
CLIRDG


CLIMATE REPORT
NATIONAL WEATHER SERVICE MOUNT HOLLY NJ
227 AM EDT WED MAY 24 2017


...................................

...THE READING PA CLIMATE SUMMARY FOR MAY 23 2017...

CLIMATE NORMAL PERIOD 1981 TO 2010
CLIMATE RECORD PERIOD 1869 TO 2017


WEATHER ITEM   OBSERVED TIME   RECORD YEAR NORMAL DEPARTURE LAST
                VALUE   (LST)  VALUE       VALUE  FROM      YEAR
                                                  NORMAL
..................................................................
TEMPERATURE (F)
 YESTERDAY
  MAXIMUM         67    333 PM  95    1925  74     -7       78
  MINIMUM         54    610 AM  37    1971  52      2       50
  AVERAGE         61                        63     -2       64

PRECIPITATION (IN)
  YESTERDAY        0.00          3.30 1873   0.17  -0.17     0.13
  MONTH TO DATE    2.58                      2.89  -0.31     3.11
  SINCE MAR 1      8.89                     10.14  -1.25     5.92
  SINCE JAN 1     12.28                     15.67  -3.39    12.73

DEGREE DAYS
 HEATING
  YESTERDAY        4                         4      0        1
  MONTH TO DATE  161                       145     16      192
  SINCE MAR 1   1189                      1301   -112     1147
  SINCE JUL 1   4551                      5343   -792     4494

 COOLING
  YESTERDAY        0                         2     -2        0
  MONTH TO DATE   39                        31      8        0
  SINCE MAR 1     66                        40     26       13
  SINCE JAN 1     66                        40     26       13
..................................................................


WIND (MPH)
  HIGHEST WIND SPEED    10   HIGHEST WIND DIRECTION    SE (140)
  HIGHEST GUST SPEED    14   HIGHEST GUST DIRECTION    SE (140)
  AVERAGE WIND SPEED     1.9


SKY COVER
  POSSIBLE SUNSHINE  MM
  AVERAGE SKY COVER 0.4


WEATHER CONDITIONS
 THE FOLLOWING WEATHER WAS RECORDED YESTERDAY.
  FOG
  FOG W/VISIBILITY <= 1/4 MILE


RELATIVE HUMIDITY (PERCENT)
 HIGHEST   100           100 AM
 LOWEST     56          1100 AM
 AVERAGE    78

..........................................................


THE READING PA CLIMATE NORMALS FOR TODAY
                         NORMAL    RECORD    YEAR
 MAXIMUM TEMPERATURE (F)   75        92      1975
 MINIMUM TEMPERATURE (F)   53        38      1963


SUNRISE AND SUNSET
MAY 24 2017...........SUNRISE   540 AM EDT   SUNSET   822 PM EDT
MAY 25 2017...........SUNRISE   540 AM EDT   SUNSET   823 PM EDT


-  INDICATES NEGATIVE NUMBERS.
R  INDICATES RECORD WAS SET OR TIED.
MM INDICATES DATA IS MISSING.
T  INDICATES TRACE AMOUNT.




$$
