000
CDUS41 KPHI 162129
CLIRDG


CLIMATE REPORT
NATIONAL WEATHER SERVICE MOUNT HOLLY NJ
427 PM EST SAT DEC 16 2017


...................................

...THE READING PA CLIMATE SUMMARY FOR DECEMBER 16 2017...
VALID TODAY AS OF 0400 PM LOCAL TIME.

CLIMATE NORMAL PERIOD 1981 TO 2010
CLIMATE RECORD PERIOD 1869 TO 2017


WEATHER ITEM   OBSERVED TIME   RECORD YEAR NORMAL DEPARTURE LAST
                VALUE   (LST)  VALUE       VALUE  FROM      YEAR
                                                  NORMAL
..................................................................
TEMPERATURE (F)
 TODAY
  MAXIMUM         40    359 PM  59    1959  41     -1       26
  MINIMUM         17   1224 AM   5    1917  26     -9       12
  AVERAGE         29                        34     -5       19

PRECIPITATION (IN)
  TODAY            0.00          2.13 1902   0.10  -0.10      T
  MONTH TO DATE    0.60                      1.81  -1.21     1.25
  SINCE DEC 1      0.60                      1.81  -1.21     1.25
  SINCE JAN 1     42.37                     41.79   0.58    33.94

DEGREE DAYS
 HEATING
  TODAY           36                        31      5       46
  MONTH TO DATE  496                       466     30      468
  SINCE DEC 1    496                       466     30      468
  SINCE JUL 1   1400                      1533   -133     1322

 COOLING
  TODAY            0                         0      0        0
  MONTH TO DATE    0                         0      0        0
  SINCE DEC 1      0                         0      0        0
  SINCE JAN 1   1086                       896    190     1356
..................................................................


WIND (MPH)
  HIGHEST WIND SPEED    16   HIGHEST WIND DIRECTION    SW (220)
  HIGHEST GUST SPEED    20   HIGHEST GUST DIRECTION    SW (230)
  AVERAGE WIND SPEED     5.9


SKY COVER
  POSSIBLE SUNSHINE  MM
  AVERAGE SKY COVER 0.6


WEATHER CONDITIONS
 THE FOLLOWING WEATHER WAS RECORDED TODAY.
  FOG


RELATIVE HUMIDITY (PERCENT)
 HIGHEST   100          1200 AM
 LOWEST     59           300 PM
 AVERAGE    80

..........................................................


THE READING PA CLIMATE NORMALS FOR TOMORROW
                         NORMAL    RECORD    YEAR
 MAXIMUM TEMPERATURE (F)   41        62      2000
                                             1971
 MINIMUM TEMPERATURE (F)   26         2      1919


SUNRISE AND SUNSET
DECEMBER 16 2017......SUNRISE   721 AM EST   SUNSET   439 PM EST
DECEMBER 17 2017......SUNRISE   721 AM EST   SUNSET   439 PM EST


-  INDICATES NEGATIVE NUMBERS.
R  INDICATES RECORD WAS SET OR TIED.
MM INDICATES DATA IS MISSING.
T  INDICATES TRACE AMOUNT.




$$
