000
CDUS46 KPDT 010827
CLIRDM

CLIMATE REPORT
NATIONAL WEATHER SERVICE PENDLETON OR
1226 AM PST SUN FEB 1 2015


...................................

...THE REDMOND OR CLIMATE SUMMARY FOR JANUARY 31 2015...

CLIMATE NORMAL PERIOD 1981 TO 2010
CLIMATE RECORD PERIOD 1949 TO 2015


WEATHER ITEM   OBSERVED TIME   RECORD YEAR NORMAL DEPARTURE LAST
                VALUE   (LST)  VALUE       VALUE  FROM      YEAR
                                                  NORMAL
..................................................................
TEMPERATURE (F)
 YESTERDAY
  MAXIMUM         39    253 PM  66    1971  44     -5       43
  MINIMUM         25    752 AM -24    1950  24      1       21
  AVERAGE         32                        34     -2       32

PRECIPITATION (IN)
  YESTERDAY        0.00          0.40 1963   0.03  -0.03     0.00
  MONTH TO DATE    0.28                      0.97  -0.69     0.52
  SINCE OCT 1      4.56                      3.73   0.83     1.23
  SINCE JAN 1      0.28                      0.97  -0.69     0.52

DEGREE DAYS
 HEATING
  YESTERDAY       33                        31      2       33
  MONTH TO DATE  847                       999   -152      935
  SINCE DEC 1   1769                      2066   -297     2044
  SINCE JUL 1   3356                      3840   -484     3830

 COOLING
  YESTERDAY        0                         0      0        0
  MONTH TO DATE    0                         0      0        0
  SINCE DEC 1      0                         0      0        0
  SINCE JAN 1      0                         0      0        0
..................................................................


WIND (MPH)
  RESULTANT WIND SPEED   1   RESULTANT WIND DIRECTION   N (340)
  HIGHEST WIND SPEED    12   HIGHEST WIND DIRECTION    NW (320)
  HIGHEST GUST SPEED    13   HIGHEST GUST DIRECTION    NW (320)
  AVERAGE WIND SPEED     4.9


SKY COVER
  POSSIBLE SUNSHINE  MM
  AVERAGE SKY COVER 0.5


WEATHER CONDITIONS
THE FOLLOWING WEATHER WAS RECORDED YESTERDAY.
  FOG
  FOG W/VISIBILITY <= 1/4 MILE


RELATIVE HUMIDITY (PERCENT)
 HIGHEST   100           200 AM
 LOWEST     76           300 PM
 AVERAGE    88

..........................................................


THE REDMOND OR CLIMATE NORMALS FOR TODAY
                         NORMAL    RECORD    YEAR
 MAXIMUM TEMPERATURE (F)   44        61      1976
 MINIMUM TEMPERATURE (F)   24       -14      1979


SUNRISE AND SUNSET
FEBRUARY  1 2015......SUNRISE   723 AM PST   SUNSET   514 PM PST
FEBRUARY  2 2015......SUNRISE   722 AM PST   SUNSET   516 PM PST


-  INDICATES NEGATIVE NUMBERS.
R  INDICATES RECORD WAS SET OR TIED.
MM INDICATES DATA IS MISSING.
T  INDICATES TRACE AMOUNT.




$$
