000
CDUS46 KPDT 210054 RRA
CLIRDM

CLIMATE REPORT
NATIONAL WEATHER SERVICE PENDLETON OR
429 PM PST MON FEB 20 2017


...................................

...THE REDMOND OR CLIMATE SUMMARY FOR FEBRUARY 20 2017...
VALID TODAY AS OF 0400 PM LOCAL TIME.

CLIMATE NORMAL PERIOD 1981 TO 2010
CLIMATE RECORD PERIOD 1949 TO 2017


WEATHER ITEM   OBSERVED TIME   RECORD YEAR NORMAL DEPARTURE LAST
                VALUE   (LST)  VALUE       VALUE  FROM      YEAR
                                                  NORMAL
..................................................................
TEMPERATURE (F)
 TODAY
  MAXIMUM         54    140 PM  73    1995  48      6       48
  MINIMUM         35   1218 AM   2    1993  24     11       21
  AVERAGE         45                        36      9       35

PRECIPITATION (IN)
  TODAY            0.03          0.49 1951   0.02   0.01     0.00
  MONTH TO DATE    0.86                      0.47   0.39     0.04
  SINCE OCT 1      6.23                      4.20   2.03     4.83
  SINCE JAN 1      2.48                      1.44   1.04     1.26

DEGREE DAYS
 HEATING
  TODAY           20                        29     -9       30
  MONTH TO DATE  563                       605    -42      460
  SINCE DEC 1   3142                      2671    471     2187
  SINCE JUL 1   4606                      4445    161     3905

 COOLING
  TODAY            0                         0      0        0
  MONTH TO DATE    0                         0      0        0
  SINCE DEC 1      0                         0      0        0
  SINCE JAN 1      0                         0      0        0
..................................................................


WIND (MPH)
  RESULTANT WIND SPEED  12   RESULTANT WIND DIRECTION  SW (210)
  HIGHEST WIND SPEED    35   HIGHEST WIND DIRECTION     S (200)
  HIGHEST GUST SPEED    49   HIGHEST GUST DIRECTION    SW (210)
  AVERAGE WIND SPEED    12.8


SKY COVER
  POSSIBLE SUNSHINE  MM
  AVERAGE SKY COVER 0.3


WEATHER CONDITIONS
 THE FOLLOWING WEATHER WAS RECORDED TODAY.
  LIGHT RAIN


RELATIVE HUMIDITY (PERCENT)
 HIGHEST    89           400 AM
 LOWEST     41           200 PM
 AVERAGE    65

..........................................................


THE REDMOND OR CLIMATE NORMALS FOR TOMORROW
                         NORMAL    RECORD    YEAR
 MAXIMUM TEMPERATURE (F)   48        68      1988
 MINIMUM TEMPERATURE (F)   24        10      1952


SUNRISE AND SUNSET
FEBRUARY 20 2017......SUNRISE   656 AM PST   SUNSET   541 PM PST
FEBRUARY 21 2017......SUNRISE   654 AM PST   SUNSET   543 PM PST


-  INDICATES NEGATIVE NUMBERS.
R  INDICATES RECORD WAS SET OR TIED.
MM INDICATES DATA IS MISSING.
T  INDICATES TRACE AMOUNT.




$$
