000
CDUS46 KPDT 280837
CLIRDM

CLIMATE REPORT
NATIONAL WEATHER SERVICE PENDLETON OR
137 AM PDT TUE JUL 28 2015


...................................

...THE REDMOND OR CLIMATE SUMMARY FOR JULY 27 2015...

CLIMATE NORMAL PERIOD 1981 TO 2010
CLIMATE RECORD PERIOD 1949 TO 2015


WEATHER ITEM   OBSERVED TIME   RECORD YEAR NORMAL DEPARTURE LAST
                VALUE   (LST)  VALUE       VALUE  FROM      YEAR
                                                  NORMAL
..................................................................
TEMPERATURE (F)
 YESTERDAY
  MAXIMUM         73    438 PM 103    1968  88    -15       86
  MINIMUM         38R   443 AM  38    1986  47     -9       51
  AVERAGE         56                        68    -12       69

PRECIPITATION (IN)
  YESTERDAY        0.00          0.02 1983   0.02  -0.02     0.00
  MONTH TO DATE    0.44                      0.48  -0.04     0.29
  SINCE OCT 1      8.75                      7.92   0.83     4.75
  SINCE JAN 1      4.47                      5.16  -0.69     4.04

DEGREE DAYS
 HEATING
  YESTERDAY        9                         1      8        0
  MONTH TO DATE   43                        64    -21       31
  SINCE JUN 1    120                       281   -161      254
  SINCE JUL 1     43                        64    -21       31

 COOLING
  YESTERDAY        0                         4     -4        4
  MONTH TO DATE  108                        84     24      149
  SINCE JUN 1    215                       108    107      150
  SINCE JAN 1    224                       113    111      150
..................................................................


WIND (MPH)
  RESULTANT WIND SPEED   3   RESULTANT WIND DIRECTION   N (0)
  HIGHEST WIND SPEED    16   HIGHEST WIND DIRECTION    NE (30)
  HIGHEST GUST SPEED    22   HIGHEST GUST DIRECTION    NW (320)
  AVERAGE WIND SPEED     5.3


SKY COVER
  POSSIBLE SUNSHINE  MM
  AVERAGE SKY COVER 0.1


WEATHER CONDITIONS
 THE FOLLOWING WEATHER WAS RECORDED YESTERDAY.
  NO SIGNIFICANT WEATHER WAS OBSERVED.


RELATIVE HUMIDITY (PERCENT)
 HIGHEST    92           500 AM
 LOWEST     25           400 PM
 AVERAGE    59

..........................................................


THE REDMOND OR CLIMATE NORMALS FOR TODAY
                         NORMAL    RECORD    YEAR
 MAXIMUM TEMPERATURE (F)   88       104      1968
 MINIMUM TEMPERATURE (F)   47        32      1959


SUNRISE AND SUNSET
JULY 28 2015..........SUNRISE   548 AM PDT   SUNSET   834 PM PDT
JULY 29 2015..........SUNRISE   549 AM PDT   SUNSET   833 PM PDT


-  INDICATES NEGATIVE NUMBERS.
R  INDICATES RECORD WAS SET OR TIED.
MM INDICATES DATA IS MISSING.
T  INDICATES TRACE AMOUNT.


$$
