000
CDUS46 KPDT 210837
CLIRDM

CLIMATE REPORT
NATIONAL WEATHER SERVICE PENDLETON OR
135 AM PDT TUE OCT 21 2014


...................................

...THE REDMOND OR CLIMATE SUMMARY FOR OCTOBER 20 2014...

CLIMATE NORMAL PERIOD 1981 TO 2010
CLIMATE RECORD PERIOD 1949 TO 2014


WEATHER ITEM   OBSERVED TIME   RECORD YEAR NORMAL DEPARTURE LAST
                VALUE   (LST)  VALUE       VALUE  FROM      YEAR
                                                  NORMAL
..................................................................
TEMPERATURE (F)
 YESTERDAY
  MAXIMUM         63   1001 AM  84    1999  62      1       71
  MINIMUM         36   1109 PM  18    1976  31      5       26
  AVERAGE         50                        46      4       49

PRECIPITATION (IN)
  YESTERDAY        0.06          0.30 1951   0.02   0.04     0.00
  MONTH TO DATE    0.26                      0.36  -0.10     0.05
  SINCE OCT 1      0.26                      0.36  -0.10     0.05
  SINCE JAN 1      5.68                      6.50  -0.82     4.14

DEGREE DAYS
 HEATING
  YESTERDAY       15                        19     -4       16
  MONTH TO DATE  189                       317   -128      431
  SINCE SEP 1    375                       567   -192      661
  SINCE JUL 1    449                       716   -267      697

 COOLING
  YESTERDAY        0                         0      0        0
  MONTH TO DATE    0                         0      0        0
  SINCE SEP 1     14                        16     -2       36
  SINCE JAN 1    311                       222     89      350
..................................................................


WIND (MPH)
  RESULTANT WIND SPEED   2   RESULTANT WIND DIRECTION   S (190)
  HIGHEST WIND SPEED    20   HIGHEST WIND DIRECTION    NW (310)
  HIGHEST GUST SPEED    24   HIGHEST GUST DIRECTION    NW (310)
  AVERAGE WIND SPEED     5.7


SKY COVER
  POSSIBLE SUNSHINE  MM
  AVERAGE SKY COVER 0.5


WEATHER CONDITIONS
THE FOLLOWING WEATHER WAS RECORDED YESTERDAY.
  LIGHT RAIN
  FOG


RELATIVE HUMIDITY (PERCENT)
 HIGHEST   100           900 PM
 LOWEST     46          1000 AM
 AVERAGE    73

..........................................................


THE REDMOND OR CLIMATE NORMALS FOR TODAY
                         NORMAL    RECORD    YEAR
 MAXIMUM TEMPERATURE (F)   61        86      1999
 MINIMUM TEMPERATURE (F)   30        13      1961


SUNRISE AND SUNSET
OCTOBER 21 2014.......SUNRISE   727 AM PDT   SUNSET   610 PM PDT
OCTOBER 22 2014.......SUNRISE   729 AM PDT   SUNSET   609 PM PDT


-  INDICATES NEGATIVE NUMBERS.
R  INDICATES RECORD WAS SET OR TIED.
MM INDICATES DATA IS MISSING.
T  INDICATES TRACE AMOUNT.




$$
