000
CDUS46 KPDT 080033
CLIRDM

CLIMATE REPORT
NATIONAL WEATHER SERVICE PENDLETON OR
533 PM PDT TUE JUL 7 2015


...................................

...THE REDMOND OR CLIMATE SUMMARY FOR JULY 7 2015...
VALID TODAY AS OF 0500 PM LOCAL TIME.

CLIMATE NORMAL PERIOD 1981 TO 2010
CLIMATE RECORD PERIOD 1949 TO 2015


WEATHER ITEM   OBSERVED TIME   RECORD YEAR NORMAL DEPARTURE LAST
                VALUE   (LST)  VALUE       VALUE  FROM      YEAR
                                                  NORMAL
..................................................................
TEMPERATURE (F)
 TODAY
  MAXIMUM         93    339 PM 100    1968  84      9       93
  MINIMUM         55    507 AM  32    1955  45     10       51
  AVERAGE         74                        64     10       72

PRECIPITATION (IN)
  TODAY            0.00          0.13 2002   0.01  -0.01     0.00
  MONTH TO DATE    0.20                      0.12   0.08     0.06
  SINCE OCT 1      8.51                      7.56   0.95     4.52
  SINCE JAN 1      4.23                      4.80  -0.57     3.81

DEGREE DAYS
 HEATING
  TODAY            0                         3     -3        0
  MONTH TO DATE    0                        25    -25        0
  SINCE JUN 1     77                       242   -165      223
  SINCE JUL 1      0                        25    -25        0

 COOLING
  TODAY            9                         2      7        7
  MONTH TO DATE   76                        14     62       36
  SINCE JUN 1    183                        38    145       37
  SINCE JAN 1    192                        43    149       37
..................................................................


WIND (MPH)
  RESULTANT WIND SPEED   1   RESULTANT WIND DIRECTION   E (80)
  HIGHEST WIND SPEED    17   HIGHEST WIND DIRECTION     N (350)
  HIGHEST GUST SPEED    22   HIGHEST GUST DIRECTION    NW (320)
  AVERAGE WIND SPEED     5.8


SKY COVER
  POSSIBLE SUNSHINE  MM
  AVERAGE SKY COVER 0.0


WEATHER CONDITIONS
 THE FOLLOWING WEATHER WAS RECORDED TODAY.
  NO SIGNIFICANT WEATHER WAS OBSERVED.


RELATIVE HUMIDITY (PERCENT)
 HIGHEST    86           200 AM
 LOWEST     21           400 PM
 AVERAGE    54

..........................................................


THE REDMOND OR CLIMATE NORMALS FOR TOMORROW
                         NORMAL    RECORD    YEAR
 MAXIMUM TEMPERATURE (F)   84       103      1968
 MINIMUM TEMPERATURE (F)   45        32      1981


SUNRISE AND SUNSET
JULY  7 2015..........SUNRISE   528 AM PDT   SUNSET   850 PM PDT
JULY  8 2015..........SUNRISE   529 AM PDT   SUNSET   850 PM PDT


-  INDICATES NEGATIVE NUMBERS.
R  INDICATES RECORD WAS SET OR TIED.
MM INDICATES DATA IS MISSING.
T  INDICATES TRACE AMOUNT.


$$
