000
CDUS46 KPDT 200041
CLIRDM

CLIMATE REPORT
NATIONAL WEATHER SERVICE PENDLETON OR
539 PM PDT TUE SEP 19 2017


...................................

...THE REDMOND OR CLIMATE SUMMARY FOR SEPTEMBER 19 2017...
VALID TODAY AS OF 0500 PM LOCAL TIME.

CLIMATE NORMAL PERIOD 1981 TO 2010
CLIMATE RECORD PERIOD 1949 TO 2017


WEATHER ITEM   OBSERVED TIME   RECORD YEAR NORMAL DEPARTURE LAST
                VALUE   (LST)  VALUE       VALUE  FROM      YEAR
                                                  NORMAL
..................................................................
TEMPERATURE (F)
 TODAY
  MAXIMUM         58    217 PM  95    1999  75    -17       71
  MINIMUM         39    147 AM  24    2004  37      2       33
                                      1983
  AVERAGE         49                        56     -7       52

PRECIPITATION (IN)
  TODAY            0.11          0.74 2010   0.01   0.10     0.00
  MONTH TO DATE    0.17                      0.25  -0.08     0.02
  SINCE OCT 1      8.96                      8.74   0.22     9.08
  SINCE JAN 1      5.21                      5.98  -0.77     5.51

DEGREE DAYS
 HEATING
  TODAY           16                         9      7       13
  MONTH TO DATE   77                       131    -54      169
  SINCE SEP 1     77                       131    -54      169
  SINCE JUL 1    100                       280   -180      258

 COOLING
  TODAY            0                         0      0        0
  MONTH TO DATE   56                        14     42        0
  SINCE SEP 1     56                        14     42        0
  SINCE JAN 1    434                       220    214      239
..................................................................


WIND (MPH)
  RESULTANT WIND SPEED   4   RESULTANT WIND DIRECTION  SW (240)
  HIGHEST WIND SPEED    22   HIGHEST WIND DIRECTION     W (290)
  HIGHEST GUST SPEED    28   HIGHEST GUST DIRECTION    NW (300)
  AVERAGE WIND SPEED     8.7


SKY COVER
  POSSIBLE SUNSHINE  MM
  AVERAGE SKY COVER 0.9


WEATHER CONDITIONS
 THE FOLLOWING WEATHER WAS RECORDED TODAY.
  LIGHT RAIN


RELATIVE HUMIDITY (PERCENT)
 HIGHEST    86           500 AM
 LOWEST     43           300 PM
 AVERAGE    65

..........................................................


THE REDMOND OR CLIMATE NORMALS FOR TOMORROW
                         NORMAL    RECORD    YEAR
 MAXIMUM TEMPERATURE (F)   75        95      1999
 MINIMUM TEMPERATURE (F)   37        23      1983


SUNRISE AND SUNSET
SEPTEMBER 19 2017.....SUNRISE   649 AM PDT   SUNSET   707 PM PDT
SEPTEMBER 20 2017.....SUNRISE   650 AM PDT   SUNSET   705 PM PDT


-  INDICATES NEGATIVE NUMBERS.
R  INDICATES RECORD WAS SET OR TIED.
MM INDICATES DATA IS MISSING.
T  INDICATES TRACE AMOUNT.




$$
