000
CDUS42 KRAH 240641
CLIRDU


CLIMATE REPORT
NATIONAL WEATHER SERVICE RALEIGH NC
239 AM EDT THU JUL 24 2014


...................................

...THE RALEIGH-DURHAM INTL AIRPORT NC CLIMATE SUMMARY FOR JULY 23 2014...

CLIMATE NORMAL PERIOD 1981 TO 2010
CLIMATE RECORD PERIOD 1887 TO 2014


WEATHER ITEM   OBSERVED TIME   RECORD YEAR NORMAL DEPARTURE LAST
                VALUE   (LST)  VALUE       VALUE  FROM      YEAR
                                                  NORMAL
..................................................................
TEMPERATURE (F)
 YESTERDAY
  MAXIMUM         92    354 PM 105    1952  90      2       91
  MINIMUM         71    459 AM  54    1947  70      1       74
  AVERAGE         82                        80      2       83

PRECIPITATION (IN)
  YESTERDAY        0.00          1.78 1919   0.16  -0.16     0.00
  MONTH TO DATE    6.98                      3.46   3.52     1.85
  SINCE JUN 1     10.29                      6.98   3.31    11.93
  SINCE JAN 1     29.56                     24.01   5.55    30.96

DEGREE DAYS
 HEATING
  YESTERDAY        0                         0      0        0
  MONTH TO DATE    0                         0      0        0
  SINCE JUN 1      0                         4     -4        0
  SINCE JUL 1      0                         0      0        0

 COOLING
  YESTERDAY       17                        15      2       18
  MONTH TO DATE  332                       345    -13      347
  SINCE JUN 1    709                       692     17      678
  SINCE JAN 1    922                       901     21      856
..................................................................


WIND (MPH)
  HIGHEST WIND SPEED    17   HIGHEST WIND DIRECTION    SW (210)
  HIGHEST GUST SPEED    23   HIGHEST GUST DIRECTION    SW (220)
  AVERAGE WIND SPEED     5.5


SKY COVER
  POSSIBLE SUNSHINE  MM
  AVERAGE SKY COVER 0.5


WEATHER CONDITIONS
 THE FOLLOWING WEATHER WAS RECORDED YESTERDAY.
  FOG
  FOG W/VISIBILITY <= 1/4 MILE


RELATIVE HUMIDITY (PERCENT)
 HIGHEST   100           300 AM
 LOWEST     49           200 PM
 AVERAGE    75

..........................................................


THE RALEIGH-DURHAM INTL AIRPORT NC CLIMATE NORMALS FOR TODAY
                         NORMAL    RECORD    YEAR
 MAXIMUM TEMPERATURE (F)   90       101      2011
 MINIMUM TEMPERATURE (F)   70        57      1947


SUNRISE AND SUNSET
JULY 24 2014..........SUNRISE   617 AM EDT   SUNSET   826 PM EDT
JULY 25 2014..........SUNRISE   617 AM EDT   SUNSET   825 PM EDT


-  INDICATES NEGATIVE NUMBERS.
R  INDICATES RECORD WAS SET OR TIED.
MM INDICATES DATA IS MISSING.
T  INDICATES TRACE AMOUNT.

&&

CLIMATE REPORT NWS FORECAST OFFICE
NCSU CENTENNIAL CAMPUS
RALEIGH, NC

MAXIMUM TEMPERATURE... 91

MINIMUM TEMPERATURE... 71

PRECIPITATION... 0.00

$$
