000
CDUS42 KRAH 200745
CLIRDU


CLIMATE REPORT
NATIONAL WEATHER SERVICE RALEIGH NC
338 AM EDT SUN AUG 20 2017


...................................

...THE RALEIGH-DURHAM INTL AIRPORT NC CLIMATE SUMMARY FOR AUGUST 19 2017...

CLIMATE NORMAL PERIOD 1981 TO 2010
CLIMATE RECORD PERIOD 1887 TO 2017


WEATHER ITEM   OBSERVED TIME   RECORD YEAR NORMAL DEPARTURE LAST
                VALUE   (LST)  VALUE       VALUE  FROM      YEAR
                                                  NORMAL
..................................................................
TEMPERATURE (F)
 YESTERDAY
  MAXIMUM         92    500 PM 103    1988  88      4       91
  MINIMUM         73   1148 PM  58    1977  69      4       75
  AVERAGE         83                        78      5       83

PRECIPITATION (IN)
  YESTERDAY        0.05          2.08 2012   0.13  -0.08     0.38
  MONTH TO DATE    4.53                      2.51   2.02     2.83
  SINCE JUN 1     13.07                     10.76   2.31    16.96
  SINCE JAN 1     34.93                     27.79   7.14    36.57

DEGREE DAYS
 HEATING
  YESTERDAY        0                         0      0        0
  MONTH TO DATE    0                         0      0        0
  SINCE JUN 1      1                         4     -3        0
  SINCE JUL 1      0                         0      0        0

 COOLING
  YESTERDAY       18                        13      5       18
  MONTH TO DATE  288                       270     18      345
  SINCE JUN 1   1147                      1083     64     1239
  SINCE JAN 1   1486                      1292    194     1475
..................................................................


WIND (MPH)
  HIGHEST WIND SPEED    10   HIGHEST WIND DIRECTION     N (20)
  HIGHEST GUST SPEED    14   HIGHEST GUST DIRECTION    NE (30)
  AVERAGE WIND SPEED     2.8


SKY COVER
  POSSIBLE SUNSHINE  MM
  AVERAGE SKY COVER 0.4


WEATHER CONDITIONS
 THE FOLLOWING WEATHER WAS RECORDED YESTERDAY.
  THUNDERSTORM
  LIGHT RAIN
  FOG


RELATIVE HUMIDITY (PERCENT)
 HIGHEST   100           300 AM
 LOWEST     41           100 PM
 AVERAGE    71

..........................................................


THE RALEIGH-DURHAM INTL AIRPORT NC CLIMATE NORMALS FOR TODAY
                         NORMAL    RECORD    YEAR
 MAXIMUM TEMPERATURE (F)   88       103      2007
 MINIMUM TEMPERATURE (F)   68        54      1998


SUNRISE AND SUNSET
AUGUST 20 2017........SUNRISE   638 AM EDT   SUNSET   758 PM EDT
AUGUST 21 2017........SUNRISE   639 AM EDT   SUNSET   757 PM EDT


-  INDICATES NEGATIVE NUMBERS.
R  INDICATES RECORD WAS SET OR TIED.
MM INDICATES DATA IS MISSING.
T  INDICATES TRACE AMOUNT.


&&

CLIMATE REPORT NWS FORECAST OFFICE
NCSU CENTENNIAL CAMPUS
RALEIGH, NC

MAX TEMPERATURE.....92
MIN TEMPERATURE.....72
PRECIPITATION.......0.13


$$
