000
CDUS42 KRAH 310541
CLIRDU


CLIMATE REPORT
NATIONAL WEATHER SERVICE RALEIGH NC
140 AM EDT SUN AUG 31 2014


...................................

...THE RALEIGH-DURHAM INTL AIRPORT NC CLIMATE SUMMARY FOR AUGUST 30 2014...

CLIMATE NORMAL PERIOD 1981 TO 2010
CLIMATE RECORD PERIOD 1887 TO 2014


WEATHER ITEM   OBSERVED TIME   RECORD YEAR NORMAL DEPARTURE LAST
                VALUE   (LST)  VALUE       VALUE  FROM      YEAR
                                                  NORMAL
..................................................................
TEMPERATURE (F)
 YESTERDAY
  MAXIMUM         89    349 PM 103    1932  87      2       88
  MINIMUM         72    649 AM  46    1965  67      5       65
  AVERAGE         81                        77      4       77

PRECIPITATION (IN)
  YESTERDAY        0.00          2.99 1959   0.13  -0.13     0.00
  MONTH TO DATE    6.87                      4.12   2.75     4.88
  SINCE JUN 1     19.14                     12.37   6.77    18.44
  SINCE JAN 1     38.41                     29.40   9.01    37.47

DEGREE DAYS
 HEATING
  YESTERDAY        0                         0      0        0
  MONTH TO DATE    0                         0      0        0
  SINCE JUN 1      0                         4     -4        0
  SINCE JUL 1      0                         0      0        0

 COOLING
  YESTERDAY       16                        12      4       12
  MONTH TO DATE  328                       408    -80      337
  SINCE JUN 1   1128                      1221    -93     1114
  SINCE JAN 1   1341                      1430    -89     1292
..................................................................


WIND (MPH)
  HIGHEST WIND SPEED    12   HIGHEST WIND DIRECTION     S (190)
  HIGHEST GUST SPEED    15   HIGHEST GUST DIRECTION     S (190)
  AVERAGE WIND SPEED     4.9


SKY COVER
  POSSIBLE SUNSHINE  MM
  AVERAGE SKY COVER 0.7


WEATHER CONDITIONS
 THE FOLLOWING WEATHER WAS RECORDED YESTERDAY.
  NO SIGNIFICANT WEATHER WAS OBSERVED.


RELATIVE HUMIDITY (PERCENT)
 HIGHEST    90           400 AM
 LOWEST     55           200 PM
 AVERAGE    73

..........................................................


THE RALEIGH-DURHAM INTL AIRPORT NC CLIMATE NORMALS FOR TODAY
                         NORMAL    RECORD    YEAR
 MAXIMUM TEMPERATURE (F)   86       103      1932
 MINIMUM TEMPERATURE (F)   67        49      1976
                                             1946


SUNRISE AND SUNSET
AUGUST 31 2014........SUNRISE   646 AM EDT   SUNSET   744 PM EDT
SEPTEMBER  1 2014.....SUNRISE   647 AM EDT   SUNSET   743 PM EDT


-  INDICATES NEGATIVE NUMBERS.
R  INDICATES RECORD WAS SET OR TIED.
MM INDICATES DATA IS MISSING.
T  INDICATES TRACE AMOUNT.




$$
