000
CDUS42 KRAH 110547
CLIRDU


CLIMATE REPORT
NATIONAL WEATHER SERVICE RALEIGH NC
1245 AM EST MON DEC 11 2017


...................................

...THE RALEIGH-DURHAM INTL AIRPORT NC CLIMATE SUMMARY FOR DECEMBER 10 2017...

CLIMATE NORMAL PERIOD 1981 TO 2010
CLIMATE RECORD PERIOD 1887 TO 2017


WEATHER ITEM   OBSERVED TIME   RECORD YEAR NORMAL DEPARTURE LAST
                VALUE   (LST)  VALUE       VALUE  FROM      YEAR
                                                  NORMAL
..................................................................
TEMPERATURE (F)
 YESTERDAY
  MAXIMUM         43    346 PM  81    2007  55    -12       45
  MINIMUM         27    757 AM  14    1917  34     -7       20
  AVERAGE         35                        45    -10       33

PRECIPITATION (IN)
  YESTERDAY        0.00          1.19 1992   0.10  -0.10     0.00
  MONTH TO DATE    1.87                      1.00   0.87     1.29
  SINCE DEC 1      1.87                      1.00   0.87     1.29
  SINCE JAN 1     45.12                     41.27   3.85    50.35

SNOWFALL (IN)
  YESTERDAY        0.0           0.2  1934   0.0    0.0      0.0
  MONTH TO DATE    0.6                       0.1    0.5      0.0
  SINCE DEC 1      0.6                       0.1    0.5      0.0
  SINCE JUL 1      0.6                       0.2    0.4      0.0
  SNOW DEPTH       0

DEGREE DAYS
 HEATING
  YESTERDAY       30                        20     10       32
  MONTH TO DATE  192                       191      1      201
  SINCE DEC 1    192                       191      1      201
  SINCE JUL 1    774                       772      2      656

 COOLING
  YESTERDAY        0                         0      0        0
  MONTH TO DATE    0                         0      0        0
  SINCE DEC 1      0                         0      0        0
  SINCE JAN 1   1968                      1728    240     2101
..................................................................


WIND (MPH)
  HIGHEST WIND SPEED    15   HIGHEST WIND DIRECTION     W (270)
  HIGHEST GUST SPEED    20   HIGHEST GUST DIRECTION     W (280)
  AVERAGE WIND SPEED     5.7


SKY COVER
  POSSIBLE SUNSHINE  MM
  AVERAGE SKY COVER 0.2


WEATHER CONDITIONS
 THE FOLLOWING WEATHER WAS RECORDED YESTERDAY.
  FOG


RELATIVE HUMIDITY (PERCENT)
 HIGHEST   100          1200 AM
 LOWEST     49           200 PM
 AVERAGE    75

..........................................................


THE RALEIGH-DURHAM INTL AIRPORT NC CLIMATE NORMALS FOR TODAY
                         NORMAL    RECORD    YEAR
 MAXIMUM TEMPERATURE (F)   55        74      2007
 MINIMUM TEMPERATURE (F)   34        13      1977
                                             1968


SUNRISE AND SUNSET
DECEMBER 11 2017......SUNRISE   715 AM EST   SUNSET   502 PM EST
DECEMBER 12 2017......SUNRISE   716 AM EST   SUNSET   502 PM EST


-  INDICATES NEGATIVE NUMBERS.
R  INDICATES RECORD WAS SET OR TIED.
MM INDICATES DATA IS MISSING.
T  INDICATES TRACE AMOUNT.

&&

CLIMATE REPORT
NWS FORECAST OFFICE
NCSU CENTENNIAL CAMPUS
RALEIGH NC

MAXIMUM TEMPERATURE... 44

MINIMUM TEMPERATURE... 29

PRECIPITATION... 0.00



$$
