000
CDUS42 KRAH 270651
CLIRDU

CLIMATE REPORT
NATIONAL WEATHER SERVICE RALEIGH NC
249 AM EDT MON MAR 27 2017
...................................

...THE RALEIGH-DURHAM INTL AIRPORT NC CLIMATE SUMMARY FOR MARCH 26 2017...

CLIMATE NORMAL PERIOD 1981 TO 2010
CLIMATE RECORD PERIOD 1887 TO 2017


WEATHER ITEM   OBSERVED TIME   RECORD YEAR NORMAL DEPARTURE LAST
                VALUE   (LST)  VALUE       VALUE  FROM      YEAR
                                                  NORMAL
..................................................................
TEMPERATURE (F)
 YESTERDAY
  MAXIMUM         77    348 PM  87    1929  67     10       65
  MINIMUM         52    614 AM  22    1940  43      9       55
  AVERAGE         65                        54     11       60

PRECIPITATION (IN)
  YESTERDAY        0.00          1.18 1888   0.14  -0.14     0.06
  MONTH TO DATE    2.59                      3.46  -0.87     3.23
  SINCE MAR 1      2.59                      3.46  -0.87     3.23
  SINCE JAN 1      7.02                     10.19  -3.17     9.64

SNOWFALL (IN)
  YESTERDAY        0.0           5.2  1971   0.0    0.0      0.0
  MONTH TO DATE    0.3                       0.5   -0.2       T
  SINCE MAR 1      0.3                       0.5   -0.2       T
  SINCE JUL 1      0.8                       6.0   -5.2      1.4
  SNOW DEPTH       0

DEGREE DAYS
 HEATING
  YESTERDAY        0                        11    -11        5
  MONTH TO DATE  409                       374     35      208
  SINCE MAR 1    409                       374     35      208
  SINCE JUL 1   2382                      2946   -564     2351

 COOLING
  YESTERDAY        0                         0      0        0
  MONTH TO DATE    5                         0      5       37
  SINCE MAR 1      5                         0      5       37
  SINCE JAN 1     13                         1     12       37
..................................................................


WIND (MPH)
  HIGHEST WIND SPEED    16   HIGHEST WIND DIRECTION     S (180)
  HIGHEST GUST SPEED    22   HIGHEST GUST DIRECTION     S (200)
  AVERAGE WIND SPEED     7.0


SKY COVER
  POSSIBLE SUNSHINE  MM
  AVERAGE SKY COVER 0.7


WEATHER CONDITIONS
 THE FOLLOWING WEATHER WAS RECORDED YESTERDAY.
  NO SIGNIFICANT WEATHER WAS OBSERVED.


RELATIVE HUMIDITY (PERCENT)
 HIGHEST    93           500 AM
 LOWEST     36           400 PM
 AVERAGE    65

..........................................................


THE RALEIGH-DURHAM INTL AIRPORT NC CLIMATE NORMALS FOR TODAY
                         NORMAL    RECORD    YEAR
 MAXIMUM TEMPERATURE (F)   67        87      2007
 MINIMUM TEMPERATURE (F)   43        20      1955


SUNRISE AND SUNSET
MARCH 27 2017.........SUNRISE   708 AM EDT   SUNSET   733 PM EDT
MARCH 28 2017.........SUNRISE   707 AM EDT   SUNSET   734 PM EDT


-  INDICATES NEGATIVE NUMBERS.
R  INDICATES RECORD WAS SET OR TIED.
MM INDICATES DATA IS MISSING.
T  INDICATES TRACE AMOUNT.

&&

CLIMATE REPORT
NWS FORECAST OFFICE
NCSU CENTENNIAL CAMPUS
RALEIGH NC

MAXIMUM TEMPERATURE...75

MINIMUM TEMPERATURE...51

PRECIPITATION... T


$$
