000
CDUS42 KRAH 062155
CLIRDU


CLIMATE REPORT
NATIONAL WEATHER SERVICE RALEIGH NC
453 PM EST FRI MAR 6 2015


...................................

...THE RALEIGH-DURHAM INTL AIRPORT NC CLIMATE SUMMARY FOR MARCH 6 2015...
VALID TODAY AS OF 0453 PM LOCAL TIME.

CLIMATE NORMAL PERIOD 1981 TO 2010
CLIMATE RECORD PERIOD 1887 TO 2015


WEATHER ITEM   OBSERVED TIME   RECORD YEAR NORMAL DEPARTURE LAST
                VALUE   (LST)  VALUE       VALUE  FROM      YEAR
                                                  NORMAL
..................................................................
TEMPERATURE (F)
 TODAY
  MAXIMUM         37    440 PM  82    1967  60    -23       42
                                      1918
  MINIMUM         24    825 AM  11    1960  37    -13       30
  AVERAGE         31                        49    -18       36

PRECIPITATION (IN)
  TODAY            0.00          3.40 1932   0.13  -0.13     0.55
  MONTH TO DATE    1.73                      0.78   0.95     0.91
  SINCE MAR 1      1.73                      0.78   0.95     0.91
  SINCE JAN 1      7.99                      7.51   0.48     5.87

SNOWFALL (IN)
  TODAY            0.0           3.0  1912   0.0    0.0       T
  MONTH TO DATE    0.0                       0.2   -0.2      0.2
  SINCE MAR 1      0.0                       0.2   -0.2      0.2
  SINCE JUL 1      7.9                       5.7    2.2      5.8
  SNOW DEPTH       0

DEGREE DAYS
 HEATING
  TODAY           34                        16     18       29
  MONTH TO DATE  134                       102     32      154
  SINCE MAR 1    134                       102     32      154
  SINCE JUL 1   3031                      2674    357     2855

 COOLING
  TODAY            0                         0      0        0
  MONTH TO DATE    0                         0      0        0
  SINCE MAR 1      0                         0      0        0
  SINCE JAN 1      0                         1     -1        0
..................................................................


WIND (MPH)
  HIGHEST WIND SPEED    17   HIGHEST WIND DIRECTION    NE (50)
  HIGHEST GUST SPEED    24   HIGHEST GUST DIRECTION    NE (40)
  AVERAGE WIND SPEED     8.3


SKY COVER
  POSSIBLE SUNSHINE  MM
  AVERAGE SKY COVER 0.6


WEATHER CONDITIONS
 THE FOLLOWING WEATHER WAS RECORDED TODAY.
  NO SIGNIFICANT WEATHER WAS OBSERVED.


RELATIVE HUMIDITY (PERCENT)
 HIGHEST    72          1200 AM
 LOWEST     35           300 PM
 AVERAGE    54

..........................................................


THE RALEIGH-DURHAM INTL AIRPORT NC CLIMATE NORMALS FOR TOMORROW
                         NORMAL    RECORD    YEAR
 MAXIMUM TEMPERATURE (F)   61        85      1974
 MINIMUM TEMPERATURE (F)   38        15      1960


SUNRISE AND SUNSET
MARCH  6 2015.........SUNRISE   639 AM EST   SUNSET   615 PM EST
MARCH  7 2015.........SUNRISE   637 AM EST   SUNSET   615 PM EST


-  INDICATES NEGATIVE NUMBERS.
R  INDICATES RECORD WAS SET OR TIED.
MM INDICATES DATA IS MISSING.
T  INDICATES TRACE AMOUNT.

&&

CLIMATE REPORT NWS FORECAST OFFICE
NCSU CENTENNIAL CAMPUS
RALEIGH, NC

MAXIMUM TEMPERATURE... 38

MINIMUM TEMPERATURE... 23

PRECIPITATION... 0.00

$$
