000
CDUS46 KBOI 240932
CLIREO


CLIMATE REPORT
NATIONAL WEATHER SERVICE BOISE ID
332 AM MDT SUN SEP 24 2017


...................................

...THE ROME OR CLIMATE SUMMARY FOR SEPTEMBER 23 2017...

CLIMATE NORMAL PERIOD 1981 TO 2010
CLIMATE RECORD PERIOD 9999 TO 9999


WEATHER ITEM   OBSERVED TIME   NORMAL DEPARTURE LAST
                VALUE   (LST)  VALUE  FROM      YEAR
                                      NORMAL
......................................................
TEMPERATURE (F)
 YESTERDAY
  MAXIMUM         60        MM  76    -16       66
  MINIMUM         32        MM  38     -6       43
  AVERAGE         46            57    -11       55

PRECIPITATION (IN)
  YESTERDAY        0.00          0.02  -0.02     0.00
  MONTH TO DATE    0.40          0.27   0.13     0.64
  SINCE OCT 1      9.50          8.79   0.71     8.74
  SINCE JAN 1      7.12          6.60   0.52     4.31

DEGREE DAYS
 HEATING
  YESTERDAY       19             8     11       10
  MONTH TO DATE  123           113     10      139
  SINCE SEP 1    123           113     10      139
  SINCE JUL 1    123           154    -31      160

 COOLING
  YESTERDAY        0             0      0        0
  MONTH TO DATE  132            39     93       24
  SINCE SEP 1    132            39     93       24
  SINCE JAN 1   1037           505    532      685
......................................................


WIND (MPH)
  RESULTANT WIND SPEED   1   RESULTANT WIND DIRECTION   S (160)
  HIGHEST WIND SPEED     8   HIGHEST WIND DIRECTION     N (10)
  HIGHEST GUST SPEED    MM   HIGHEST GUST DIRECTION    MM
  AVERAGE WIND SPEED     4.6


SKY COVER
  AVERAGE SKY COVER 0.0


WEATHER CONDITIONS
 THE FOLLOWING WEATHER WAS RECORDED YESTERDAY.
  NO SIGNIFICANT WEATHER WAS OBSERVED.


RELATIVE HUMIDITY (PERCENT)
 HIGHEST    92           100 AM
 LOWEST     31           400 PM
 AVERAGE    62

..........................................................


THE ROME OR CLIMATE NORMALS FOR TODAY
                         NORMAL    RECORD    YEAR
 MAXIMUM TEMPERATURE (F)   76        MM        MM
 MINIMUM TEMPERATURE (F)   37        MM        MM


SUNRISE AND SUNSET
SEPTEMBER 24 2017.....SUNRISE   641 AM PDT   SUNSET   645 PM PDT
SEPTEMBER 25 2017.....SUNRISE   642 AM PDT   SUNSET   643 PM PDT


-  INDICATES NEGATIVE NUMBERS.
R  INDICATES RECORD WAS SET OR TIED.
MM INDICATES DATA IS MISSING.
T  INDICATES TRACE AMOUNT.




$$
