000
CDUS43 KLOT 010657
CLIRFD


CLIMATE REPORT
NATIONAL WEATHER SERVICE CHICAGO IL
147 AM CDT SAT NOV 1 2014


...................................

...THE ROCKFORD IL CLIMATE SUMMARY FOR OCTOBER 31 2014...

CLIMATE NORMAL PERIOD 1981 TO 2010
CLIMATE RECORD PERIOD 1905 TO 2014


WEATHER ITEM   OBSERVED TIME   RECORD YEAR NORMAL DEPARTURE LAST
                VALUE   (LST)  VALUE       VALUE  FROM      YEAR
                                                  NORMAL
..................................................................
TEMPERATURE (F)
 YESTERDAY
  MAXIMUM         47   1226 AM  84    1950  56     -9       63
  MINIMUM         33   1141 PM  14    1925  37     -4       44
  AVERAGE         40                        46     -6       54

PRECIPITATION (IN)
  YESTERDAY        T             2.51 1919   0.09  -0.09     0.79
  MONTH TO DATE    2.69                      2.67   0.02     3.18
  SINCE SEP 1      4.69                      6.02  -1.33     4.79
  SINCE JAN 1     30.94                     31.68  -0.74    36.79

SNOWFALL (IN)
  YESTERDAY        0.1 R         T    1935   0.0    0.1      0.0
  MONTH TO DATE    0.1                       0.1    0.0       T
  SINCE SEP 1      0.1                       0.1    0.0       T
  SINCE JUL 1      0.1                       0.1    0.0       T
  SNOW DEPTH       0

DEGREE DAYS
 HEATING
  YESTERDAY       25                        19      6       11
  MONTH TO DATE  421                       421      0      419
  SINCE SEP 1    552                       539     13      490
  SINCE JUL 1    562                       553      9      501

 COOLING
  YESTERDAY        0                         0      0        0
  MONTH TO DATE    3                         9     -6       16
  SINCE SEP 1     73                        93    -20      141
  SINCE JAN 1    729                       820    -91      890
..................................................................


WIND (MPH)
  HIGHEST WIND SPEED    35   HIGHEST WIND DIRECTION     N (350)
  HIGHEST GUST SPEED    47   HIGHEST GUST DIRECTION     N (10)
  AVERAGE WIND SPEED    20.6


SKY COVER
  POSSIBLE SUNSHINE  MM
  AVERAGE SKY COVER 0.7


WEATHER CONDITIONS
 THE FOLLOWING WEATHER WAS RECORDED YESTERDAY.
  LIGHT RAIN
  LIGHT SNOW
  FOG


RELATIVE HUMIDITY (PERCENT)
 HIGHEST    64           800 AM
 LOWEST     40           400 PM
 AVERAGE    52

..........................................................


THE ROCKFORD IL CLIMATE NORMALS FOR TODAY
                         NORMAL    RECORD    YEAR
 MAXIMUM TEMPERATURE (F)   56        81      1933
 MINIMUM TEMPERATURE (F)   36        20      1930
                                             1925


SUNRISE AND SUNSET
NOVEMBER  1 2014......SUNRISE   729 AM CDT   SUNSET   550 PM CDT
NOVEMBER  2 2014......SUNRISE   631 AM CST   SUNSET   449 PM CST


-  INDICATES NEGATIVE NUMBERS.
R  INDICATES RECORD WAS SET OR TIED.
MM INDICATES DATA IS MISSING.
T  INDICATES TRACE AMOUNT.




$$
