000
CDUS43 KGRB 290710
CLIRHI

CLIMATE REPORT
NATIONAL WEATHER SERVICE GREEN BAY
207 AM CDT THU JUN 29 2017

...................................

...THE RHINELANDER WI CLIMATE SUMMARY FOR JUNE 28 2017...

CLIMATE NORMAL PERIOD 1981 TO 2010
CLIMATE RECORD PERIOD 1908 TO 2017

WEATHER ITEM   OBSERVED TIME   RECORD YEAR NORMAL DEPARTURE LAST
                VALUE   (LST)  VALUE       VALUE  FROM      YEAR
                                                  NORMAL
..................................................................
TEMPERATURE (F)
 YESTERDAY
  MAXIMUM         65   1159 PM  95    1910  78    -13       74
  MINIMUM         51    214 AM  40    1919  54     -3       48
                                      1911
  AVERAGE         58                        66     -8       61

PRECIPITATION (IN)
  YESTERDAY        0.48          2.00 1981   0.14   0.34     0.00
  MONTH TO DATE    7.24                      3.64   3.60     6.56
  SINCE JUN 1      7.24                      3.64   3.60     6.56
  SINCE JAN 1     24.96                     13.32  11.64    17.64

SNOWFALL (IN)
  YESTERDAY        0.0           0.0    MM  MM     MM        0.0
  MONTH TO DATE    0.0                      MM     MM        0.0
  SINCE JUN 1      0.0                      MM     MM        0.0
  SINCE JUL 1     65.8                      MM     MM       55.7
  SNOW DEPTH       0

DEGREE DAYS
 HEATING
  YESTERDAY        7                         2      5        4
  MONTH TO DATE   97                       130    -33       86
  SINCE JUN 1     97                       130    -33       86
  SINCE JUL 1   7773                      9016  -1243     7787

COOLING
  YESTERDAY        0                         3     -3        0
  MONTH TO DATE   63                        47     16       53
  SINCE JUN 1     63                        47     16       53
  SINCE JAN 1     65                        59      6       68
..................................................................

WIND (MPH)
  HIGHEST WIND SPEED    15   HIGHEST WIND DIRECTION    SE (130)
  HIGHEST GUST SPEED    20   HIGHEST GUST DIRECTION     S (190)
  AVERAGE WIND SPEED     6.9

SKY COVER
  POSSIBLE SUNSHINE  MM
  AVERAGE SKY COVER 0.7

WEATHER CONDITIONS
 THE FOLLOWING WEATHER WAS RECORDED YESTERDAY.
  HEAVY RAIN
  RAIN
  LIGHT RAIN
  FOG

RELATIVE HUMIDITY (PERCENT)
 HIGHEST   100           800 AM
 LOWEST     67           400 AM
 AVERAGE    84
..........................................................

THE RHINELANDER WI CLIMATE NORMALS FOR TODAY
                         NORMAL    RECORD    YEAR
 MAXIMUM TEMPERATURE (F)   78       104      1931
 MINIMUM TEMPERATURE (F)   54        33      1925

SUNRISE AND SUNSET
JUNE 29 2017..........SUNRISE   512 AM CDT   SUNSET   851 PM CDT
JUNE 30 2017..........SUNRISE   512 AM CDT   SUNSET   851 PM CDT

-  INDICATES NEGATIVE NUMBERS.
R  INDICATES RECORD WAS SET OR TIED.
MM INDICATES DATA IS MISSING.
T  INDICATES TRACE AMOUNT.

$$
