000
CDUS43 KGRB 220644
CLIRHI


CLIMATE REPORT
NATIONAL WEATHER SERVICE GREEN BAY
1243 AM CST WED FEB 22 2017


...................................

...THE RHINELANDER WI CLIMATE SUMMARY FOR FEBRUARY 21 2017...

CLIMATE NORMAL PERIOD 1981 TO 2010
CLIMATE RECORD PERIOD 1908 TO 2017


WEATHER ITEM   OBSERVED TIME   RECORD YEAR NORMAL DEPARTURE LAST
                VALUE   (LST)  VALUE       VALUE  FROM      YEAR
                                                  NORMAL
..................................................................
TEMPERATURE (F)
 YESTERDAY
  MAXIMUM         56R   330 PM  52    1930  28     28       32
  MINIMUM         38    802 AM -34    1929   8     30       25
  AVERAGE         47                        18     29       29

PRECIPITATION (IN)
  YESTERDAY        0.05          1.75 1937   0.04   0.01     0.03
  MONTH TO DATE    0.78                      0.66   0.12     0.71
  SINCE DEC 1      4.78                      3.21   1.57     5.43
  SINCE JAN 1      2.71                      1.77   0.94     1.47

SNOWFALL (IN)
  YESTERDAY        0.0          20.0  1937  MM     MM        0.5
  MONTH TO DATE    1.5                      MM     MM        9.5
  SINCE DEC 1     38.2                      MM     MM       29.5
  SINCE JUL 1     44.8                      MM     MM       33.6
  SNOW DEPTH       3

DEGREE DAYS
 HEATING
  YESTERDAY       18                        47    -29       36
  MONTH TO DATE  855                      1043   -188      999
  SINCE DEC 1   3770                      4170   -400     3658
  SINCE JUL 1   5252                      6304  -1052     5375

 COOLING
  YESTERDAY        0                         0      0        0
  MONTH TO DATE    0                         0      0        0
  SINCE DEC 1      0                         0      0        0
  SINCE JAN 1      0                         0      0        0
..................................................................


WIND (MPH)
  HIGHEST WIND SPEED    20   HIGHEST WIND DIRECTION     W (270)
  HIGHEST GUST SPEED    26   HIGHEST GUST DIRECTION    SW (230)
  AVERAGE WIND SPEED     9.8


SKY COVER
  POSSIBLE SUNSHINE  MM
  AVERAGE SKY COVER 0.2


WEATHER CONDITIONS
 THE FOLLOWING WEATHER WAS RECORDED YESTERDAY.
  LIGHT RAIN
  FOG
  FOG W/VISIBILITY <= 1/4 MILE


RELATIVE HUMIDITY (PERCENT)
 HIGHEST   100           700 AM
 LOWEST     38           400 PM
 AVERAGE    69

..........................................................


THE RHINELANDER WI CLIMATE NORMALS FOR TODAY
                         NORMAL    RECORD    YEAR
 MAXIMUM TEMPERATURE (F)   29        56      2000
                                             1930
 MINIMUM TEMPERATURE (F)    9       -29      1936


SUNRISE AND SUNSET
FEBRUARY 22 2017......SUNRISE   648 AM CST   SUNSET   535 PM CST
FEBRUARY 23 2017......SUNRISE   646 AM CST   SUNSET   537 PM CST


-  INDICATES NEGATIVE NUMBERS.
R  INDICATES RECORD WAS SET OR TIED.
MM INDICATES DATA IS MISSING.
T  INDICATES TRACE AMOUNT.




$$
