000
CDUS43 KGRB 290739
CLIRHI


CLIMATE REPORT
NATIONAL WEATHER SERVICE GREEN BAY
238 AM CDT FRI AUG 29 2014


...................................

...THE RHINELANDER WI CLIMATE SUMMARY FOR AUGUST 28 2014...

CLIMATE NORMAL PERIOD 1981 TO 2010
CLIMATE RECORD PERIOD 1908 TO 2014


WEATHER ITEM   OBSERVED TIME   RECORD YEAR NORMAL DEPARTURE LAST
                VALUE   (LST)  VALUE       VALUE  FROM      YEAR
                                                  NORMAL
..................................................................
TEMPERATURE (F)
 YESTERDAY
  MAXIMUM         71   1239 PM  92    1984  74     -3       83
                                      1953
  MINIMUM         43    459 AM  36    1941  51     -8       61
                                      1916
  AVERAGE         57                        63     -6       72

PRECIPITATION (IN)
  YESTERDAY        0.01          2.30 1975   0.10  -0.09      T
  MONTH TO DATE    3.98                      2.95   1.03     3.20
  SINCE JUN 1     14.70                     10.86   3.84    11.24
  SINCE JAN 1     25.81                     20.54   5.27    24.57

SNOWFALL (IN)
  YESTERDAY        0.0           0.0    MM  MM     MM        0.0
  MONTH TO DATE    0.0                      MM     MM        0.0
  SINCE JUN 1      0.0                      MM     MM        0.0
  SINCE JUL 1      0.0                      MM     MM        0.0
  SNOW DEPTH       0

DEGREE DAYS
 HEATING
  YESTERDAY        8                         4      4        0
  MONTH TO DATE   68                        64      4      106
  SINCE JUN 1    285                       249     36      364
  SINCE JUL 1    192                       115     77      190

 COOLING
  YESTERDAY        0                         1     -1        7
  MONTH TO DATE   29                        70    -41       69
  SINCE JUN 1    140                       228    -88      241
  SINCE JAN 1    147                       240    -93      255
..................................................................


WIND (MPH)
  HIGHEST WIND SPEED    10   HIGHEST WIND DIRECTION     S (180)
  HIGHEST GUST SPEED    15   HIGHEST GUST DIRECTION     S (160)
  AVERAGE WIND SPEED     4.3


SKY COVER
  POSSIBLE SUNSHINE  MM
  AVERAGE SKY COVER 0.4


WEATHER CONDITIONS
 THE FOLLOWING WEATHER WAS RECORDED YESTERDAY.
  FOG


RELATIVE HUMIDITY (PERCENT)
 HIGHEST   100           300 AM
 LOWEST     49          1100 AM
 AVERAGE    75

..........................................................


THE RHINELANDER WI CLIMATE NORMALS FOR TODAY
                         NORMAL    RECORD    YEAR
 MAXIMUM TEMPERATURE (F)   74        91      1984
 MINIMUM TEMPERATURE (F)   51        33      1934


SUNRISE AND SUNSET
AUGUST 29 2014........SUNRISE   615 AM CDT   SUNSET   741 PM CDT
AUGUST 30 2014........SUNRISE   617 AM CDT   SUNSET   739 PM CDT


-  INDICATES NEGATIVE NUMBERS.
R  INDICATES RECORD WAS SET OR TIED.
MM INDICATES DATA IS MISSING.
T  INDICATES TRACE AMOUNT.




$$
