000
CDUS43 KGRB 022149
CLIRHI


CLIMATE REPORT
NATIONAL WEATHER SERVICE GREEN BAY
448 PM CDT TUE SEP 2 2014


...................................

...THE RHINELANDER WI CLIMATE SUMMARY FOR SEPTEMBER 2 2014...
VALID TODAY AS OF 0400 PM LOCAL TIME.

CLIMATE NORMAL PERIOD 1981 TO 2010
CLIMATE RECORD PERIOD 1908 TO 2014


WEATHER ITEM   OBSERVED TIME   RECORD YEAR NORMAL DEPARTURE LAST
                VALUE   (LST)  VALUE       VALUE  FROM      YEAR
                                                  NORMAL
..................................................................
TEMPERATURE (F)
 TODAY
  MAXIMUM         75    142 PM  92    1929  73      2       59
  MINIMUM         48    422 AM  33    1976  50     -2       39
  AVERAGE         62                        61      1       49

PRECIPITATION (IN)
  TODAY            0.00          1.12 1970   0.13  -0.13     0.01
  MONTH TO DATE    0.50                      0.26   0.24     0.14
  SINCE SEP 1      0.50                      0.26   0.24     0.14
  SINCE JAN 1     26.96                     21.14   5.82    26.98

SNOWFALL (IN)
  TODAY            0.0           0.0    MM  MM     MM        0.0
  MONTH TO DATE    0.0                      MM     MM        0.0
  SINCE SEP 1      0.0                      MM     MM        0.0
  SINCE JUL 1      0.0                      MM     MM        0.0
  SNOW DEPTH       0

DEGREE DAYS
 HEATING
  TODAY            3                         5     -2       16
  MONTH TO DATE    5                        10     -5       16
  SINCE SEP 1      5                        10     -5       16
  SINCE JUL 1    205                       137     68      206

 COOLING
  TODAY            0                         1     -1        0
  MONTH TO DATE    0                         2     -2        1
  SINCE SEP 1      0                         2     -2        1
  SINCE JAN 1    147                       243    -96      265
..................................................................


WIND (MPH)
  HIGHEST WIND SPEED    16   HIGHEST WIND DIRECTION     W (260)
  HIGHEST GUST SPEED    21   HIGHEST GUST DIRECTION     W (260)
  AVERAGE WIND SPEED     6.9


SKY COVER
  POSSIBLE SUNSHINE  MM
  AVERAGE SKY COVER 0.1


WEATHER CONDITIONS
 THE FOLLOWING WEATHER WAS RECORDED TODAY.
  FOG


RELATIVE HUMIDITY (PERCENT)
 HIGHEST   100          1200 AM
 LOWEST     44           100 PM
 AVERAGE    72

..........................................................


THE RHINELANDER WI CLIMATE NORMALS FOR TOMORROW
                         NORMAL    RECORD    YEAR
 MAXIMUM TEMPERATURE (F)   72        88      1999
                                             1960
                                             1922
 MINIMUM TEMPERATURE (F)   49        31      1974
                                             1946


SUNRISE AND SUNSET
SEPTEMBER  2 2014.....SUNRISE   620 AM CDT   SUNSET   734 PM CDT
SEPTEMBER  3 2014.....SUNRISE   621 AM CDT   SUNSET   732 PM CDT


-  INDICATES NEGATIVE NUMBERS.
R  INDICATES RECORD WAS SET OR TIED.
MM INDICATES DATA IS MISSING.
T  INDICATES TRACE AMOUNT.




$$
