000
CDUS43 KGRB 180653
CLIRHI

CLIMATE REPORT
NATIONAL WEATHER SERVICE GREEN BAY
149 AM CDT WED OCT 18 2017

...................................

...THE RHINELANDER WI CLIMATE SUMMARY FOR OCTOBER 17 2017...

CLIMATE NORMAL PERIOD 1981 TO 2010
CLIMATE RECORD PERIOD 1908 TO 2017

WEATHER ITEM   OBSERVED TIME   RECORD YEAR NORMAL DEPARTURE LAST
                VALUE   (LST)  VALUE       VALUE  FROM      YEAR
                                                  NORMAL
..................................................................
TEMPERATURE (F)
 YESTERDAY
  MAXIMUM         69    326 PM  81    1910  53     16       70
  MINIMUM         37    650 AM  15    1952  34      3       52
  AVERAGE         53                        44      9       61

PRECIPITATION (IN)
  YESTERDAY        0.00          4.64 2016   0.11  -0.11     4.64
  MONTH TO DATE    3.48                      1.90   1.58     5.17
  SINCE SEP 1      5.43                      6.10  -0.67    10.79
  SINCE JAN 1     36.52                     26.98   9.54    38.38

SNOWFALL (IN)
  YESTERDAY        0.0           1.0  1946  MM     MM        0.0
  MONTH TO DATE    0.0                      MM     MM        0.0
  SINCE SEP 1      0.0                      MM     MM        0.0
  SINCE JUL 1      0.0                      MM     MM        0.0
  SNOW DEPTH       0

DEGREE DAYS
 HEATING
  YESTERDAY       12                        21     -9        4
  MONTH TO DATE  239                       322    -83      212
  SINCE SEP 1    446                       627   -181      372
  SINCE JUL 1    612                       754   -142      433

COOLING
  YESTERDAY        0                         0      0        0
  MONTH TO DATE    0                         0      0        0
  SINCE SEP 1     53                        18     35       13
  SINCE JAN 1    215                       259    -44      321
..................................................................

WIND (MPH)
  HIGHEST WIND SPEED    14   HIGHEST WIND DIRECTION    SW (230)
  HIGHEST GUST SPEED    19   HIGHEST GUST DIRECTION    SW (220)
  AVERAGE WIND SPEED     6.4

SKY COVER
  POSSIBLE SUNSHINE  MM
  AVERAGE SKY COVER 0.0

WEATHER CONDITIONS
 THE FOLLOWING WEATHER WAS RECORDED YESTERDAY.
  NO SIGNIFICANT WEATHER WAS OBSERVED.

RELATIVE HUMIDITY (PERCENT)
 HIGHEST    92           700 AM
 LOWEST     37           200 PM
 AVERAGE    65
..........................................................

THE RHINELANDER WI CLIMATE NORMALS FOR TODAY
                         NORMAL    RECORD    YEAR
 MAXIMUM TEMPERATURE (F)   53        79      1910
 MINIMUM TEMPERATURE (F)   33        16      1972

SUNRISE AND SUNSET
OCTOBER 18 2017.......SUNRISE   719 AM CDT   SUNSET   606 PM CDT
OCTOBER 19 2017.......SUNRISE   720 AM CDT   SUNSET   605 PM CDT

-  INDICATES NEGATIVE NUMBERS.
R  INDICATES RECORD WAS SET OR TIED.
MM INDICATES DATA IS MISSING.
T  INDICATES TRACE AMOUNT.

$$
