000
CDUS43 KGRB 232119
CLIRHI


CLIMATE REPORT
NATIONAL WEATHER SERVICE GREEN BAY
418 PM CDT TUE SEP 23 2014


...................................

...THE RHINELANDER WI CLIMATE SUMMARY FOR SEPTEMBER 23 2014...
VALID TODAY AS OF 0400 PM LOCAL TIME.

CLIMATE NORMAL PERIOD 1981 TO 2010
CLIMATE RECORD PERIOD 1908 TO 2014


WEATHER ITEM   OBSERVED TIME   RECORD YEAR NORMAL DEPARTURE LAST
                VALUE   (LST)  VALUE       VALUE  FROM      YEAR
                                                  NORMAL
..................................................................
TEMPERATURE (F)
 TODAY
  MAXIMUM         73    229 PM  91    1908  63     10       65
  MINIMUM         39    612 AM  25    1974  41     -2       35
  AVERAGE         56                        52      4       50

PRECIPITATION (IN)
  TODAY            0.00          2.37 2010   0.15  -0.15     0.00
  MONTH TO DATE    6.12                      3.22   2.90     1.80
  SINCE SEP 1      6.12                      3.22   2.90     1.80
  SINCE JAN 1     32.58                     24.10   8.48    28.64

SNOWFALL (IN)
  TODAY            0.0           T    1942  MM     MM        0.0
                                      1928
  MONTH TO DATE    T                        MM     MM        0.0
  SINCE SEP 1      T                        MM     MM        0.0
  SINCE JUL 1      T                        MM     MM        0.0
  SNOW DEPTH       0

DEGREE DAYS
 HEATING
  TODAY            9                        13     -4       15
  MONTH TO DATE  255                       202     53      208
  SINCE SEP 1    255                       202     53      208
  SINCE JUL 1    455                       329    126      398

 COOLING
  TODAY            0                         0      0        0
  MONTH TO DATE    1                        16    -15       17
  SINCE SEP 1      1                        16    -15       17
  SINCE JAN 1    148                       257   -109      281
..................................................................


WIND (MPH)
  HIGHEST WIND SPEED    12   HIGHEST WIND DIRECTION    SW (230)
  HIGHEST GUST SPEED    15   HIGHEST GUST DIRECTION    SW (230)
  AVERAGE WIND SPEED     5.6


SKY COVER
  POSSIBLE SUNSHINE  MM
  AVERAGE SKY COVER 0.1


WEATHER CONDITIONS
 THE FOLLOWING WEATHER WAS RECORDED TODAY.
  FOG
  FOG W/VISIBILITY <= 1/4 MILE


RELATIVE HUMIDITY (PERCENT)
 HIGHEST   100           200 AM
 LOWEST     44           100 PM
 AVERAGE    72

..........................................................


THE RHINELANDER WI CLIMATE NORMALS FOR TOMORROW
                         NORMAL    RECORD    YEAR
 MAXIMUM TEMPERATURE (F)   63        89      1908
 MINIMUM TEMPERATURE (F)   41        23      2000


SUNRISE AND SUNSET
SEPTEMBER 23 2014.....SUNRISE   646 AM CDT   SUNSET   653 PM CDT
SEPTEMBER 24 2014.....SUNRISE   647 AM CDT   SUNSET   651 PM CDT


-  INDICATES NEGATIVE NUMBERS.
R  INDICATES RECORD WAS SET OR TIED.
MM INDICATES DATA IS MISSING.
T  INDICATES TRACE AMOUNT.




$$
