000
CDUS41 KAKQ 162226
CLIRIC


CLIMATE REPORT
NATIONAL WEATHER SERVICE WAKEFIELD, VA
525 PM EST TUE JAN 16 2018


...................................

...THE RICHMOND VA CLIMATE SUMMARY FOR JANUARY 16 2018...
VALID TODAY AS OF 0500 PM LOCAL TIME.

CLIMATE NORMAL PERIOD 1981 TO 2010
CLIMATE RECORD PERIOD 1871 TO 2018


WEATHER ITEM   OBSERVED TIME   RECORD YEAR NORMAL DEPARTURE LAST
                VALUE   (LST)  VALUE       VALUE  FROM      YEAR
                                                  NORMAL
..................................................................
TEMPERATURE (F)
 TODAY
  MAXIMUM         44    349 PM  73    1953  47     -3       43
  MINIMUM         26    845 AM   3    1977  28     -2       37
                                      1972
  AVERAGE         35

PRECIPITATION (IN)
  TODAY            T             1.27 1909   0.10  -0.10     0.11
  MONTH TO DATE    1.34                      1.57  -0.23     2.40
  SINCE DEC 1      2.39                      4.83  -2.44     5.20
  SINCE JAN 1      1.34                      1.57  -0.23     2.40

SNOWFALL (IN)
  TODAY            T
  MONTH TO DATE    3.0
  SINCE NOV 1      6.1
  SINCE JUL 1      6.1
  SNOW DEPTH       0

DEGREE DAYS
 HEATING
  TODAY           30                        27      3       25
  MONTH TO DATE  559                       432    127      429
  SINCE DEC 1   1334                      1175    159     1163
  SINCE JUL 1   1946                      1851     95     1753

 COOLING
  TODAY            0                         0      0        0
  MONTH TO DATE    0                         0      0        0
  SINCE DEC 1      0                         1     -1        0
  SINCE JAN 1      0                         0      0        0
..................................................................


WIND (MPH)
  RESULTANT WIND SPEED   1   RESULTANT WIND DIRECTION  SE (130)
  HIGHEST WIND SPEED     9   HIGHEST WIND DIRECTION    SE (150)
  HIGHEST GUST SPEED    12   HIGHEST GUST DIRECTION    SE (150)


SKY COVER
  POSSIBLE SUNSHINE  MM
  AVERAGE SKY COVER 1.0


WEATHER CONDITIONS
 THE FOLLOWING WEATHER WAS RECORDED TODAY.
  LIGHT SNOW
  FOG
  FOG W/VISIBILITY <= 1/4 MILE
  HAZE


RELATIVE HUMIDITY (PERCENT)
 HIGHEST   100
 LOWEST     39
 AVERAGE    70

..........................................................


THE RICHMOND VA CLIMATE NORMALS FOR TOMORROW
                         NORMAL    RECORD    YEAR
 MAXIMUM TEMPERATURE (F)   47        80      1943
 MINIMUM TEMPERATURE (F)   28        -1      1977


SUNRISE AND SUNSET
JANUARY 16 2018.......SUNRISE   722 AM EST   SUNSET   516 PM EST
JANUARY 17 2018.......SUNRISE   722 AM EST   SUNSET   517 PM EST


-  INDICATES NEGATIVE NUMBERS.
R  INDICATES RECORD WAS SET OR TIED.
MM INDICATES DATA IS MISSING.
T  INDICATES TRACE AMOUNT.




$$
