000
CDUS41 KAKQ 012137
CLIRIC


CLIMATE REPORT
NATIONAL WEATHER SERVICE WAKEFIELD, VA
537 PM EDT MON JUN 1 2015


...................................

...THE RICHMOND VA CLIMATE SUMMARY FOR JUNE 1 2015...
VALID TODAY AS OF 0500 PM LOCAL TIME.

CLIMATE NORMAL PERIOD 1981 TO 2010
CLIMATE RECORD PERIOD 1871 TO 2015


WEATHER ITEM   OBSERVED TIME   RECORD YEAR NORMAL DEPARTURE LAST
                VALUE   (LST)  VALUE       VALUE  FROM      YEAR
                                                  NORMAL
..................................................................
TEMPERATURE (F)
 TODAY
  MAXIMUM         94    217 PM  97    1991  82     12       78
  MINIMUM         71    426 AM  41    1938  60     11       53
                                      1930
  AVERAGE         83

PRECIPITATION (IN)
  TODAY            0.11          2.86 1889   0.14  -0.03     0.00
  MONTH TO DATE    0.11                      0.14  -0.03     0.00
  SINCE JUN 1      0.11                      0.14  -0.03     0.00
  SINCE JAN 1     18.09                     17.03   1.06    16.04

SNOWFALL (IN)
  TODAY            0.0
  MONTH TO DATE    0.0
  SINCE NOV 1     12.8
  SINCE JUL 1     12.8
  SNOW DEPTH       0

DEGREE DAYS
 HEATING
  TODAY            0                         1     -1        0
  MONTH TO DATE    0                         1     -1        0
  SINCE JUN 1      0                         1     -1        0
  SINCE JUL 1   3846                      3767     79     3780

 COOLING
  TODAY           18                         7     11        1
  MONTH TO DATE   18                         7     11        1
  SINCE JUN 1     18                         7     11        1
  SINCE JAN 1    280                       168    112      209
..................................................................


WIND (MPH)
  RESULTANT WIND SPEED   8   RESULTANT WIND DIRECTION   S (190)
  HIGHEST WIND SPEED    15   HIGHEST WIND DIRECTION    SE (140)
  HIGHEST GUST SPEED    20   HIGHEST GUST DIRECTION     S (200)


SKY COVER
  POSSIBLE SUNSHINE  MM
  AVERAGE SKY COVER 0.7


WEATHER CONDITIONS
 THE FOLLOWING WEATHER WAS RECORDED TODAY.
  THUNDERSTORM
  HEAVY RAIN
  LIGHT RAIN


RELATIVE HUMIDITY (PERCENT)
 HIGHEST    79
 LOWEST     47
 AVERAGE    63

..........................................................


THE RICHMOND VA CLIMATE NORMALS FOR TOMORROW
                         NORMAL    RECORD    YEAR
 MAXIMUM TEMPERATURE (F)   82        98      1951
 MINIMUM TEMPERATURE (F)   61        40      1967


SUNRISE AND SUNSET
JUNE  1 2015..........SUNRISE   550 AM EDT   SUNSET   825 PM EDT
JUNE  2 2015..........SUNRISE   550 AM EDT   SUNSET   825 PM EDT


-  INDICATES NEGATIVE NUMBERS.
R  INDICATES RECORD WAS SET OR TIED.
MM INDICATES DATA IS MISSING.
T  INDICATES TRACE AMOUNT.




$$
