000
CDUS41 KAKQ 230537
CLIRIC


CLIMATE REPORT
NATIONAL WEATHER SERVICE WAKEFIELD, VA
136 AM EDT SAT SEP 23 2017


...................................

...THE RICHMOND VA CLIMATE SUMMARY FOR SEPTEMBER 22 2017...

CLIMATE NORMAL PERIOD 1981 TO 2010
CLIMATE RECORD PERIOD 1871 TO 2017


WEATHER ITEM   OBSERVED TIME   RECORD YEAR NORMAL DEPARTURE LAST
                VALUE   (LST)  VALUE       VALUE  FROM      YEAR
                                                  NORMAL
..................................................................
TEMPERATURE (F)
 YESTERDAY
  MAXIMUM         84   1232 PM  97    1980  79      5       80
                                      1931
  MINIMUM         62   1156 PM  40    1962  58      4       68
  AVERAGE         73                        68      5       74

PRECIPITATION (IN)
  YESTERDAY        0.00          2.68 1994   0.13  -0.13     0.03
  MONTH TO DATE    1.48                      3.12  -1.64     3.96
  SINCE SEP 1      1.48                      3.12  -1.64     3.96
  SINCE JAN 1     30.53                     33.11  -2.58    37.40

SNOWFALL (IN)
  YESTERDAY        0.0           0.0  2002   0.0    0.0
                                      2001
  MONTH TO DATE    0.0                       0.0    0.0
  SINCE NOV 1      7.1                      10.3   -3.2
  SINCE JUL 1      0.0                       0.0    0.0
  SNOW DEPTH       0

DEGREE DAYS
 HEATING
  YESTERDAY        0                         1     -1        0
  MONTH TO DATE    9                         9      0        0
  SINCE SEP 1      9                         9      0        0
  SINCE JUL 1      9                        10     -1        0

 COOLING
  YESTERDAY        8                         5      3        9
  MONTH TO DATE  134                       168    -34      230
  SINCE SEP 1    134                       168    -34      230
  SINCE JAN 1   1547                      1475     72     1584
..................................................................


WIND (MPH)
  HIGHEST WIND SPEED    13   HIGHEST WIND DIRECTION     N (10)
  HIGHEST GUST SPEED    17   HIGHEST GUST DIRECTION     N (20)
  AVERAGE WIND SPEED     4.2


SKY COVER
  POSSIBLE SUNSHINE  MM
  AVERAGE SKY COVER 0.6


WEATHER CONDITIONS
 THE FOLLOWING WEATHER WAS RECORDED YESTERDAY.
  FOG


RELATIVE HUMIDITY (PERCENT)
 HIGHEST   100           100 AM
 LOWEST     55          1200 PM
 AVERAGE    78

..........................................................


THE RICHMOND VA CLIMATE NORMALS FOR TODAY
                         NORMAL    RECORD    YEAR
 MAXIMUM TEMPERATURE (F)   79        98      2005
 MINIMUM TEMPERATURE (F)   57        37      1983


SUNRISE AND SUNSET
SEPTEMBER 23 2017.....SUNRISE   658 AM EDT   SUNSET   704 PM EDT
SEPTEMBER 24 2017.....SUNRISE   659 AM EDT   SUNSET   703 PM EDT


-  INDICATES NEGATIVE NUMBERS.
R  INDICATES RECORD WAS SET OR TIED.
MM INDICATES DATA IS MISSING.
T  INDICATES TRACE AMOUNT.




$$
