000
CDUS41 KAKQ 220558
CLIRIC


CLIMATE REPORT
NATIONAL WEATHER SERVICE WAKEFIELD, VA
158 AM EDT SAT JUL 22 2017


...................................

...THE RICHMOND VA CLIMATE SUMMARY FOR JULY 21 2017...

CLIMATE NORMAL PERIOD 1981 TO 2010
CLIMATE RECORD PERIOD 1871 TO 2017


WEATHER ITEM   OBSERVED TIME   RECORD YEAR NORMAL DEPARTURE LAST
                VALUE   (LST)  VALUE       VALUE  FROM      YEAR
                                                  NORMAL
..................................................................
TEMPERATURE (F)
 YESTERDAY
  MAXIMUM         99    216 PM 104    1930  90      9       87
  MINIMUM         75    555 AM  55    2001  69      6       67
                                      1966
  AVERAGE         87                        79      8       77

PRECIPITATION (IN)
  YESTERDAY        0.00          2.34 1979   0.15  -0.15     0.00
  MONTH TO DATE    0.68                      2.98  -2.30     3.29
  SINCE JUN 1      3.01                      6.91  -3.90    11.10
  SINCE JAN 1     21.54                     23.80  -2.26    31.73

SNOWFALL (IN)
  YESTERDAY        0.0           0.0  2002   0.0    0.0
                                      2001
  MONTH TO DATE    0.0                       0.0    0.0
  SINCE NOV 1      7.1                      10.3   -3.2
  SINCE JUL 1      0.0                       0.0    0.0
  SNOW DEPTH       0

DEGREE DAYS
 HEATING
  YESTERDAY        0                         0      0        0
  MONTH TO DATE    0                         0      0        0
  SINCE JUN 1      2                         7     -5        0
  SINCE JUL 1      0                         0      0        0

 COOLING
  YESTERDAY       22                        14      8       12
  MONTH TO DATE  373                       303     70      291
  SINCE JUN 1    688                       618     70      586
  SINCE JAN 1    911                       779    132      695
..................................................................


WIND (MPH)
  HIGHEST WIND SPEED    15   HIGHEST WIND DIRECTION    SW (220)
  HIGHEST GUST SPEED   109   HIGHEST GUST DIRECTION    NW (330)
  AVERAGE WIND SPEED     5.3


SKY COVER
  POSSIBLE SUNSHINE  MM
  AVERAGE SKY COVER 0.8


WEATHER CONDITIONS
 THE FOLLOWING WEATHER WAS RECORDED YESTERDAY.
  NO SIGNIFICANT WEATHER WAS OBSERVED.


RELATIVE HUMIDITY (PERCENT)
 HIGHEST    87           500 AM
 LOWEST     40           200 PM
 AVERAGE    64

..........................................................


THE RICHMOND VA CLIMATE NORMALS FOR TODAY
                         NORMAL    RECORD    YEAR
 MAXIMUM TEMPERATURE (F)   90       103      1952
                                             1930
 MINIMUM TEMPERATURE (F)   69        55      1974


SUNRISE AND SUNSET
JULY 22 2017..........SUNRISE   606 AM EDT   SUNSET   826 PM EDT
JULY 23 2017..........SUNRISE   606 AM EDT   SUNSET   825 PM EDT


-  INDICATES NEGATIVE NUMBERS.
R  INDICATES RECORD WAS SET OR TIED.
MM INDICATES DATA IS MISSING.
T  INDICATES TRACE AMOUNT.




$$
