295
CDUS41 KAKQ 090627
CLIRIC


CLIMATE REPORT
NATIONAL WEATHER SERVICE WAKEFIELD, VA
126 AM EST TUE FEB 9 2016


...................................

...THE RICHMOND VA CLIMATE SUMMARY FOR FEBRUARY 8 2016...

CLIMATE NORMAL PERIOD 1981 TO 2010
CLIMATE RECORD PERIOD 1871 TO 2016


WEATHER ITEM   OBSERVED TIME   RECORD YEAR NORMAL DEPARTURE LAST
                VALUE   (LST)  VALUE       VALUE  FROM      YEAR
                                                  NORMAL
..................................................................
TEMPERATURE (F)
 YESTERDAY
  MAXIMUM         48    123 PM  75    1925  50     -2       71
  MINIMUM         31    711 AM -10    1936  30      1       36
  AVERAGE         40                        40      0       54

PRECIPITATION (IN)
  YESTERDAY        0.03          1.29 1961   0.10  -0.07     0.00
  MONTH TO DATE    1.34                      0.79   0.55     0.47
  SINCE DEC 1     10.58                      7.09   3.49     7.10
  SINCE JAN 1      4.64                      3.83   0.81     3.96

SNOWFALL (IN)
  YESTERDAY        0.0           4.9  1974   0.1   -0.1
  MONTH TO DATE    T                         1.1   -1.1
  SINCE NOV 1     12.1                       7.3    4.8
  SINCE JUL 1     12.1                       7.3    4.8
  SNOW DEPTH       0

DEGREE DAYS
 HEATING
  YESTERDAY       25                        25      0       11
  MONTH TO DATE  160                       207    -47      208
  SINCE DEC 1   1464                      1792   -328     1705
  SINCE JUL 1   2056                      2468   -412     2375

 COOLING
  YESTERDAY        0                         0      0        0
  MONTH TO DATE    0                         0      0        0
  SINCE DEC 1      8                         1      7        0
  SINCE JAN 1      0                         0      0        0
..................................................................


WIND (MPH)
  HIGHEST WIND SPEED    17   HIGHEST WIND DIRECTION     N (350)
  HIGHEST GUST SPEED    22   HIGHEST GUST DIRECTION     N (360)
  AVERAGE WIND SPEED     7.8


SKY COVER
  POSSIBLE SUNSHINE  MM
  AVERAGE SKY COVER 0.6


WEATHER CONDITIONS
 THE FOLLOWING WEATHER WAS RECORDED YESTERDAY.
  FOG


RELATIVE HUMIDITY (PERCENT)
 HIGHEST    92          1100 PM
 LOWEST     42           100 PM
 AVERAGE    67

..........................................................


THE RICHMOND VA CLIMATE NORMALS FOR TODAY
                         NORMAL    RECORD    YEAR
 MAXIMUM TEMPERATURE (F)   50        72      1990
 MINIMUM TEMPERATURE (F)   30        -1      1934


SUNRISE AND SUNSET
FEBRUARY  9 2016......SUNRISE   706 AM EST   SUNSET   542 PM EST
FEBRUARY 10 2016......SUNRISE   705 AM EST   SUNSET   543 PM EST


-  INDICATES NEGATIVE NUMBERS.
R  INDICATES RECORD WAS SET OR TIED.
MM INDICATES DATA IS MISSING.
T  INDICATES TRACE AMOUNT.




$$
