000
CDUS41 KAKQ 180731
CLIRIC


CLIMATE REPORT
NATIONAL WEATHER SERVICE WAKEFIELD, VA
126 AM EST SAT NOV 18 2017


...................................

...THE RICHMOND VA CLIMATE SUMMARY FOR NOVEMBER 17 2017...

CLIMATE NORMAL PERIOD 1981 TO 2010
CLIMATE RECORD PERIOD 1871 TO 2017


WEATHER ITEM   OBSERVED TIME   RECORD YEAR NORMAL DEPARTURE LAST
                VALUE   (LST)  VALUE       VALUE  FROM      YEAR
                                                  NORMAL
..................................................................
TEMPERATURE (F)
 YESTERDAY
  MAXIMUM         55    233 PM  77    1963  61     -6       64
                                      1921
  MINIMUM         32   1151 PM  11    1933  39     -7       39
  AVERAGE         44                        50     -6       52

PRECIPITATION (IN)
  YESTERDAY        0.00          1.02 1988   0.11  -0.11     0.00
  MONTH TO DATE    1.37                      1.83  -0.46     0.82
  SINCE SEP 1      7.80                      8.94  -1.14    16.25
  SINCE JAN 1     36.85                     38.93  -2.08    49.69

SNOWFALL (IN)
  YESTERDAY        0.0           0.0  2002   0.0    0.0
  MONTH TO DATE    0.0                       0.1   -0.1
  SINCE NOV 1      0.0                       0.1   -0.1
  SINCE JUL 1      0.0                       0.1   -0.1
  SNOW DEPTH       0

DEGREE DAYS
 HEATING
  YESTERDAY       21                        15      6       13
  MONTH TO DATE  248                       216     32      230
  SINCE SEP 1    382                       448    -66      366
  SINCE JUL 1    382                       449    -67      366

 COOLING
  YESTERDAY        0                         0      0        0
  MONTH TO DATE    6                         0      6        4
  SINCE SEP 1    293                       236     57      345
  SINCE JAN 1   1706                      1543    163     1699
..................................................................


WIND (MPH)
  HIGHEST WIND SPEED    15   HIGHEST WIND DIRECTION    NW (320)
  HIGHEST GUST SPEED    20   HIGHEST GUST DIRECTION     N (350)
  AVERAGE WIND SPEED     5.2


SKY COVER
  POSSIBLE SUNSHINE  MM
  AVERAGE SKY COVER 0.2


WEATHER CONDITIONS
 THE FOLLOWING WEATHER WAS RECORDED YESTERDAY.
  NO SIGNIFICANT WEATHER WAS OBSERVED.


RELATIVE HUMIDITY (PERCENT)
 HIGHEST    89          1100 PM
 LOWEST     38           100 PM
 AVERAGE    64

..........................................................


THE RICHMOND VA CLIMATE NORMALS FOR TODAY
                         NORMAL    RECORD    YEAR
 MAXIMUM TEMPERATURE (F)   61        80      1928
 MINIMUM TEMPERATURE (F)   39        21      1959


SUNRISE AND SUNSET
NOVEMBER 18 2017......SUNRISE   652 AM EST   SUNSET   456 PM EST
NOVEMBER 19 2017......SUNRISE   653 AM EST   SUNSET   456 PM EST


-  INDICATES NEGATIVE NUMBERS.
R  INDICATES RECORD WAS SET OR TIED.
MM INDICATES DATA IS MISSING.
T  INDICATES TRACE AMOUNT.




$$
