195
CDUS41 KAKQ 272132
CLIRIC


CLIMATE REPORT
NATIONAL WEATHER SERVICE WAKEFIELD, VA
531 PM EDT MON MAR 27 2017


...................................

...THE RICHMOND VA CLIMATE SUMMARY FOR MARCH 27 2017...
VALID TODAY AS OF 0500 PM LOCAL TIME.

CLIMATE NORMAL PERIOD 1981 TO 2010
CLIMATE RECORD PERIOD 1871 TO 2017


WEATHER ITEM   OBSERVED TIME   RECORD YEAR NORMAL DEPARTURE LAST
                VALUE   (LST)  VALUE       VALUE  FROM      YEAR
                                                  NORMAL
..................................................................
TEMPERATURE (F)
 TODAY
  MAXIMUM         78    359 PM  87    1907  64     14       54
  MINIMUM         51   1255 AM  21    2014  40     11       48
                                      1955
  AVERAGE         65

PRECIPITATION (IN)
  TODAY            T             1.58 1891   0.14  -0.14     0.11
  MONTH TO DATE    2.11                      3.51  -1.40     0.91
  SINCE MAR 1      2.11                      3.51  -1.40     0.91
  SINCE JAN 1      7.11                      9.31  -2.20     8.56

SNOWFALL (IN)
  TODAY            0.0
  MONTH TO DATE    T
  SINCE NOV 1      7.1
  SINCE JUL 1      7.1
  SNOW DEPTH       0

DEGREE DAYS
 HEATING
  TODAY            0                        13    -13       14
  MONTH TO DATE  467                       465      2      331
  SINCE MAR 1    467                       465      2      331
  SINCE JUL 1   2949                      3401   -452     2919

 COOLING
  TODAY            0                         0      0        0
  MONTH TO DATE    6                         0      6        6
  SINCE MAR 1      6                         0      6        6
  SINCE JAN 1      6                         0      6        6
..................................................................


WIND (MPH)
  RESULTANT WIND SPEED   8   RESULTANT WIND DIRECTION   S (200)
  HIGHEST WIND SPEED    18   HIGHEST WIND DIRECTION    SW (220)
  HIGHEST GUST SPEED    25   HIGHEST GUST DIRECTION    SW (220)


SKY COVER
  POSSIBLE SUNSHINE  MM
  AVERAGE SKY COVER 0.9


WEATHER CONDITIONS
 THE FOLLOWING WEATHER WAS RECORDED TODAY.
  NO SIGNIFICANT WEATHER WAS OBSERVED.


RELATIVE HUMIDITY (PERCENT)
 HIGHEST   100
 LOWEST     45
 AVERAGE    73

..........................................................


THE RICHMOND VA CLIMATE NORMALS FOR TOMORROW
                         NORMAL    RECORD    YEAR
 MAXIMUM TEMPERATURE (F)   64        91      1907
 MINIMUM TEMPERATURE (F)   41        23      2001


SUNRISE AND SUNSET
MARCH 27 2017.........SUNRISE   702 AM EDT   SUNSET   728 PM EDT
MARCH 28 2017.........SUNRISE   700 AM EDT   SUNSET   729 PM EDT


-  INDICATES NEGATIVE NUMBERS.
R  INDICATES RECORD WAS SET OR TIED.
MM INDICATES DATA IS MISSING.
T  INDICATES TRACE AMOUNT.




$$
