000
CDUS41 KAKQ 210828
CLIRIC


CLIMATE REPORT
NATIONAL WEATHER SERVICE WAKEFIELD, VA
427 AM EDT MON APR 21 2014


...................................

...THE RICHMOND VA CLIMATE SUMMARY FOR APRIL 20 2014...

CLIMATE NORMAL PERIOD 1981 TO 2010
CLIMATE RECORD PERIOD 1871 TO 2014


WEATHER ITEM   OBSERVED TIME   RECORD YEAR NORMAL DEPARTURE LAST
                VALUE   (LST)  VALUE       VALUE  FROM      YEAR
                                                  NORMAL
..................................................................
TEMPERATURE (F)
 YESTERDAY
  MAXIMUM         67    210 PM  95    1985  72     -5       65
  MINIMUM         43   1159 PM  29    1926  47     -4       47
  AVERAGE         55                        60     -5       56

PRECIPITATION (IN)
  YESTERDAY        0.00          3.35 2008   0.10  -0.10     0.17
  MONTH TO DATE    1.54                      2.20  -0.66     1.83
  SINCE MAR 1      4.78                      6.24  -1.46     7.40
  SINCE JAN 1     11.09                     12.04  -0.95    15.33

SNOWFALL (IN)
  YESTERDAY        0.0           0.0  2002   0.0    0.0
  MONTH TO DATE    0.0                       0.1   -0.1
  SINCE NOV 1     14.5                      10.3    4.2
  SINCE JUL 1     14.5                      10.3    4.2
  SNOW DEPTH       0

DEGREE DAYS
 HEATING
  YESTERDAY       10                         7      3        9
  MONTH TO DATE  150                       184    -34      131
  SINCE MAR 1    763                       700     63      795
  SINCE JUL 1   3716                      3636     80     3523

 COOLING
  YESTERDAY        0                         1     -1        0
  MONTH TO DATE   19                        19      0       65
  SINCE MAR 1     21                        25     -4       65
  SINCE JAN 1     21                        25     -4       66
..................................................................


WIND (MPH)
  HIGHEST WIND SPEED    21   HIGHEST WIND DIRECTION    NE (40)
  HIGHEST GUST SPEED    28   HIGHEST GUST DIRECTION    NE (40)
  AVERAGE WIND SPEED    10.8


SKY COVER
  POSSIBLE SUNSHINE  MM
  AVERAGE SKY COVER 0.8


WEATHER CONDITIONS
 THE FOLLOWING WEATHER WAS RECORDED YESTERDAY.
  NO SIGNIFICANT WEATHER WAS OBSERVED.


RELATIVE HUMIDITY (PERCENT)
 HIGHEST    56           300 AM
 LOWEST     32           200 PM
 AVERAGE    44

..........................................................


THE RICHMOND VA CLIMATE NORMALS FOR TODAY
                         NORMAL    RECORD    YEAR
 MAXIMUM TEMPERATURE (F)   72        92      1985
                                             1957
 MINIMUM TEMPERATURE (F)   48        28      1956


SUNRISE AND SUNSET
APRIL 21 2014.........SUNRISE   626 AM EDT   SUNSET   750 PM EDT
APRIL 22 2014.........SUNRISE   625 AM EDT   SUNSET   751 PM EDT


-  INDICATES NEGATIVE NUMBERS.
R  INDICATES RECORD WAS SET OR TIED.
MM INDICATES DATA IS MISSING.
T  INDICATES TRACE AMOUNT.




$$
