000
CDUS41 KAKQ 270826
CLIRIC


CLIMATE REPORT
NATIONAL WEATHER SERVICE WAKEFIELD, VA
425 AM EDT WED AUG 27 2014


...................................

...THE RICHMOND VA CLIMATE SUMMARY FOR AUGUST 26 2014...

CLIMATE NORMAL PERIOD 1981 TO 2010
CLIMATE RECORD PERIOD 1871 TO 2014


WEATHER ITEM   OBSERVED TIME   RECORD YEAR NORMAL DEPARTURE LAST
                VALUE   (LST)  VALUE       VALUE  FROM      YEAR
                                                  NORMAL
..................................................................
TEMPERATURE (F)
 YESTERDAY
  MAXIMUM         87    310 PM  99    1975  87      0       85
  MINIMUM         61    605 AM  52    1942  66     -5       57
  AVERAGE         74                        76     -2       71

PRECIPITATION (IN)
  YESTERDAY        0.00          3.07 1922   0.15  -0.15     0.00
  MONTH TO DATE    3.61                      3.97  -0.36     5.53
  SINCE JUN 1      9.63                     12.41  -2.78    17.91
  SINCE JAN 1     25.67                     29.30  -3.63    36.79

SNOWFALL (IN)
  YESTERDAY        0.0           0.0  2002   0.0    0.0
                                      2001
  MONTH TO DATE    0.0                       0.0    0.0
  SINCE NOV 1     14.5                      10.3    4.2
  SINCE JUL 1      0.0                       0.0    0.0
  SNOW DEPTH       0

DEGREE DAYS
 HEATING
  YESTERDAY        0                         0      0        0
  MONTH TO DATE    0                         0      0        0
  SINCE JUN 1      0                         7     -7        0
  SINCE JUL 1      0                         0      0        0

 COOLING
  YESTERDAY        9                        11     -2        6
  MONTH TO DATE  287                       333    -46      277
  SINCE JUN 1   1101                      1091     10     1125
  SINCE JAN 1   1309                      1252     57     1338
..................................................................


WIND (MPH)
  HIGHEST WIND SPEED    14   HIGHEST WIND DIRECTION    NE (50)
  HIGHEST GUST SPEED    21   HIGHEST GUST DIRECTION    NE (40)
  AVERAGE WIND SPEED     4.7


SKY COVER
  POSSIBLE SUNSHINE  MM
  AVERAGE SKY COVER 0.2


WEATHER CONDITIONS
 THE FOLLOWING WEATHER WAS RECORDED YESTERDAY.
  NO SIGNIFICANT WEATHER WAS OBSERVED.


RELATIVE HUMIDITY (PERCENT)
 HIGHEST    90           200 AM
 LOWEST     34           400 PM
 AVERAGE    62

..........................................................


THE RICHMOND VA CLIMATE NORMALS FOR TODAY
                         NORMAL    RECORD    YEAR
 MAXIMUM TEMPERATURE (F)   87        98      1948
 MINIMUM TEMPERATURE (F)   66        53      1919


SUNRISE AND SUNSET
AUGUST 27 2014........SUNRISE   635 AM EDT   SUNSET   746 PM EDT
AUGUST 28 2014........SUNRISE   636 AM EDT   SUNSET   744 PM EDT


-  INDICATES NEGATIVE NUMBERS.
R  INDICATES RECORD WAS SET OR TIED.
MM INDICATES DATA IS MISSING.
T  INDICATES TRACE AMOUNT.




$$
