000
CDUS45 KGJT 222337
CLIRIL


CLIMATE REPORT
NATIONAL WEATHER SERVICE GRAND JUNCTION CO
435 PM MST SAT NOV 22 2014


...................................

...THE RIFLE CO CLIMATE SUMMARY FOR NOVEMBER 22 2014...
VALID TODAY AS OF 0400 PM LOCAL TIME.

CLIMATE NORMAL PERIOD 1981 TO 2010
CLIMATE RECORD PERIOD 9999 TO 9999


WEATHER ITEM   OBSERVED TIME   RECORD YEAR NORMAL DEPARTURE LAST
                VALUE   (LST)  VALUE       VALUE  FROM      YEAR
                                                  NORMAL
..................................................................
TEMPERATURE (F)
 TODAY
  MAXIMUM         44    301 PM  MM      MM  44      0       34
  MINIMUM         18    620 AM  MM      MM  21     -3       24
  AVERAGE         31                        33     -2       29

PRECIPITATION (IN)
  TODAY            T            MM      MM   0.02  -0.02     0.22
  MONTH TO DATE    0.35                      0.87  -0.52     0.62
  SINCE SEP 1      3.53                      4.26  -0.73     5.58
  SINCE JAN 1     11.66                     13.23  -1.57    10.67

SNOWFALL (IN)
  TODAY           MM            MM      MM  MM     MM       MM
  MONTH TO DATE   MM                        MM     MM       MM
  SINCE SEP 1     MM                        MM     MM       MM
  SINCE JUL 1     MM                        MM     MM       MM
  SNOW DEPTH      MM

DEGREE DAYS
 HEATING
  TODAY           34                        32      2       36
  MONTH TO DATE  675                       608     67      589
  SINCE SEP 1   1162                      1245    -83     1267
  SINCE JUL 1   1179                      1252    -73     1267

 COOLING
  TODAY            0                         0      0        0
  MONTH TO DATE    0                         0      0        0
  SINCE SEP 1     26                        25      1       92
  SINCE JAN 1    555                       541     14      798
..................................................................


WIND (MPH)
  HIGHEST WIND SPEED    18   HIGHEST WIND DIRECTION    NW (310)
  HIGHEST GUST SPEED    26   HIGHEST GUST DIRECTION    NW (320)
  AVERAGE WIND SPEED     0.8


SKY COVER
  POSSIBLE SUNSHINE  MM
  AVERAGE SKY COVER 0.1


WEATHER CONDITIONS
 THE FOLLOWING WEATHER WAS RECORDED TODAY.
  LIGHT RAIN


RELATIVE HUMIDITY (PERCENT)
 HIGHEST    84           300 AM
 LOWEST     39           100 PM
 AVERAGE    62

..........................................................


THE RIFLE CO CLIMATE NORMALS FOR TOMORROW
                         NORMAL    RECORD    YEAR
 MAXIMUM TEMPERATURE (F)   44        MM        MM
 MINIMUM TEMPERATURE (F)   21        MM        MM


SUNRISE AND SUNSET
NOVEMBER 22 2014......SUNRISE   703 AM MST   SUNSET   451 PM MST
NOVEMBER 23 2014......SUNRISE   704 AM MST   SUNSET   450 PM MST


-  INDICATES NEGATIVE NUMBERS.
R  INDICATES RECORD WAS SET OR TIED.
MM INDICATES DATA IS MISSING.
T  INDICATES TRACE AMOUNT.




$$
