000
CDUS45 KRIW 010739
CLIRIW


CLIMATE REPORT
NATIONAL WEATHER SERVICE RIVERTON WY
136 AM MDT WED JUL 1 2015


...................................

...THE RIVERTON WY CLIMATE SUMMARY FOR JUNE 30 2015...

CLIMATE NORMAL PERIOD 1981 TO 2010
CLIMATE RECORD PERIOD 1995 TO 2015


WEATHER ITEM   OBSERVED TIME   RECORD YEAR NORMAL DEPARTURE LAST
                VALUE   (LST)  VALUE       VALUE  FROM      YEAR
                                                  NORMAL
..................................................................
TEMPERATURE (F)
 YESTERDAY
  MAXIMUM         91    115 PM  98    2007  83      8       76
  MINIMUM         63   1059 PM  46    2005  53     10       52
  AVERAGE         77                        68      9       64

PRECIPITATION (IN)
  YESTERDAY        0.01          0.04 2004   0.03  -0.02     0.00
  MONTH TO DATE    0.79                      1.28  -0.49     1.12
  SINCE JUN 1      0.79                      1.28  -0.49     1.12
  SINCE JAN 1      7.64                      5.36   2.28     3.44

SNOWFALL (IN)
  YESTERDAY        0.0                                       0.0
  MONTH TO DATE    T                                         0.0
  SINCE JUN 1      T                                         0.0
  SINCE JUL 1     39.1                                      55.8
  SNOW DEPTH       0

DEGREE DAYS
 HEATING
  YESTERDAY        0                         1     -1        1
  MONTH TO DATE   23                       119    -96      126
  SINCE JUN 1     23                       119    -96      126
  SINCE JUL 1   7209                      7870   -661     7868

 COOLING
  YESTERDAY       12                         4      8        0
  MONTH TO DATE  131                        66     65       23
  SINCE JUN 1    131                        66     65       23
  SINCE JAN 1    131                        75     56       38
..................................................................


WIND (MPH)
  HIGHEST WIND SPEED    28   HIGHEST WIND DIRECTION    NE (30)
  HIGHEST GUST SPEED    35   HIGHEST GUST DIRECTION    NE (40)
  AVERAGE WIND SPEED     7.9


SKY COVER
  POSSIBLE SUNSHINE  MM
  AVERAGE SKY COVER 0.1


WEATHER CONDITIONS
 THE FOLLOWING WEATHER WAS RECORDED YESTERDAY.
  THUNDERSTORM
  LIGHT RAIN


RELATIVE HUMIDITY (PERCENT)
 HIGHEST    72          1100 PM
 LOWEST     24           100 PM
 AVERAGE    48

..........................................................


THE RIVERTON WY CLIMATE NORMALS FOR TODAY
                         NORMAL    RECORD    YEAR
 MAXIMUM TEMPERATURE (F)   84       100      2012
 MINIMUM TEMPERATURE (F)   53        42      1999


SUNRISE AND SUNSET
JULY  1 2015..........SUNRISE   538 AM MDT   SUNSET   857 PM MDT
JULY  2 2015..........SUNRISE   539 AM MDT   SUNSET   857 PM MDT


-  INDICATES NEGATIVE NUMBERS.
R  INDICATES RECORD WAS SET OR TIED.
MM INDICATES DATA IS MISSING.
T  INDICATES TRACE AMOUNT.




$$
