000
CDUS45 KRIW 280742
CLIRIW


CLIMATE REPORT
NATIONAL WEATHER SERVICE RIVERTON WY
127 AM MDT SAT MAR 28 2015


...................................

...THE RIVERTON WY CLIMATE SUMMARY FOR MARCH 27 2015...

CLIMATE NORMAL PERIOD 1981 TO 2010
CLIMATE RECORD PERIOD 1995 TO 2015


WEATHER ITEM   OBSERVED TIME   RECORD YEAR NORMAL DEPARTURE LAST
                VALUE   (LST)  VALUE       VALUE  FROM      YEAR
                                                  NORMAL
..................................................................
TEMPERATURE (F)
 YESTERDAY
  MAXIMUM         72R   353 PM  71    2007  51     21       50
  MINIMUM         43    636 AM   2    2009  27     16       26
  AVERAGE         58                        39     19       38

PRECIPITATION (IN)
  YESTERDAY        0.00          0.22 2003   0.03  -0.03     0.03
  MONTH TO DATE    0.41                      0.44  -0.03     0.49
  SINCE MAR 1      0.41                      0.44  -0.03     0.49
  SINCE JAN 1      1.48                      0.95   0.53     1.39

SNOWFALL (IN)
  YESTERDAY        0.0                                       0.2
  MONTH TO DATE    6.7                                       3.3
  SINCE MAR 1      6.7                                       3.3
  SINCE JUL 1     35.3                                      52.5
  SNOW DEPTH       0

DEGREE DAYS
 HEATING
  YESTERDAY        7                        26    -19       27
  MONTH TO DATE  740                       816    -76      819
  SINCE MAR 1    740                       816    -76      819
  SINCE JUL 1   6133                      6670   -537     6700

 COOLING
  YESTERDAY        0                         0      0        0
  MONTH TO DATE    0                         0      0        0
  SINCE MAR 1      0                         0      0        0
  SINCE JAN 1      0                         0      0        0
..................................................................


WIND (MPH)
  HIGHEST WIND SPEED    30   HIGHEST WIND DIRECTION    NW (310)
  HIGHEST GUST SPEED    37   HIGHEST GUST DIRECTION    NW (300)
  AVERAGE WIND SPEED    13.8


SKY COVER
  POSSIBLE SUNSHINE  MM
  AVERAGE SKY COVER 0.0


WEATHER CONDITIONS
 THE FOLLOWING WEATHER WAS RECORDED YESTERDAY.
  NO SIGNIFICANT WEATHER WAS OBSERVED.


RELATIVE HUMIDITY (PERCENT)
 HIGHEST    53           300 AM
 LOWEST     15           300 PM
 AVERAGE    34

..........................................................


THE RIVERTON WY CLIMATE NORMALS FOR TODAY
                         NORMAL    RECORD    YEAR
 MAXIMUM TEMPERATURE (F)   52        65      2012
 MINIMUM TEMPERATURE (F)   27        12      2008


SUNRISE AND SUNSET
MARCH 28 2015.........SUNRISE   703 AM MDT   SUNSET   735 PM MDT
MARCH 29 2015.........SUNRISE   701 AM MDT   SUNSET   736 PM MDT


-  INDICATES NEGATIVE NUMBERS.
R  INDICATES RECORD WAS SET OR TIED.
MM INDICATES DATA IS MISSING.
T  INDICATES TRACE AMOUNT.




$$
