000
CDUS45 KRIW 230741
CLIRIW


CLIMATE REPORT
NATIONAL WEATHER SERVICE RIVERTON WY
137 AM MDT WED AUG 23 2017


...................................

...THE RIVERTON WY CLIMATE SUMMARY FOR AUGUST 22 2017...

CLIMATE NORMAL PERIOD 1981 TO 2010
CLIMATE RECORD PERIOD 1995 TO 2017


WEATHER ITEM   OBSERVED TIME   RECORD YEAR NORMAL DEPARTURE LAST
                VALUE   (LST)  VALUE       VALUE  FROM      YEAR
                                                  NORMAL
..................................................................
TEMPERATURE (F)
 YESTERDAY
  MAXIMUM         85    531 PM  96    2009  84      1       91
  MINIMUM         49    525 AM  48    2015  53     -4       56
                                      2008
  AVERAGE         67                        68     -1       74

PRECIPITATION (IN)
  YESTERDAY        0.00          0.19 2007   0.02  -0.02     0.00
  MONTH TO DATE    0.92                      0.40   0.52     0.26
  SINCE JUN 1      1.27                      2.57  -1.30     0.65
  SINCE JAN 1     11.43                      6.65   4.78     9.54

SNOWFALL (IN)
  YESTERDAY        0.0                                       0.0
  MONTH TO DATE    0.0                                       0.0
  SINCE JUN 1      0.0                                       0.0
  SINCE JUL 1      0.0                                       0.0
  SNOW DEPTH       0

DEGREE DAYS
 HEATING
  YESTERDAY        0                         1     -1        0
  MONTH TO DATE    7                        12     -5       25
  SINCE JUN 1     76                       143    -67       45
  SINCE JUL 1      7                        24    -17       29

 COOLING
  YESTERDAY        2                         4     -2        9
  MONTH TO DATE   70                       144    -74      130
  SINCE JUN 1    417                       430    -13      547
  SINCE JAN 1    417                       439    -22      547
..................................................................


WIND (MPH)
  HIGHEST WIND SPEED    13   HIGHEST WIND DIRECTION    NE (50)
  HIGHEST GUST SPEED    17   HIGHEST GUST DIRECTION    NE (50)
  AVERAGE WIND SPEED     6.8


SKY COVER
  POSSIBLE SUNSHINE  MM
  AVERAGE SKY COVER 0.0


WEATHER CONDITIONS
 THE FOLLOWING WEATHER WAS RECORDED YESTERDAY.
  NO SIGNIFICANT WEATHER WAS OBSERVED.


RELATIVE HUMIDITY (PERCENT)
 HIGHEST    63           600 AM
 LOWEST     12           400 PM
 AVERAGE    38

..........................................................


THE RIVERTON WY CLIMATE NORMALS FOR TODAY
                         NORMAL    RECORD    YEAR
 MAXIMUM TEMPERATURE (F)   83        95      2011
 MINIMUM TEMPERATURE (F)   53        39      2015


SUNRISE AND SUNSET
AUGUST 23 2017........SUNRISE   629 AM MDT   SUNSET   803 PM MDT
AUGUST 24 2017........SUNRISE   630 AM MDT   SUNSET   801 PM MDT


-  INDICATES NEGATIVE NUMBERS.
R  INDICATES RECORD WAS SET OR TIED.
MM INDICATES DATA IS MISSING.
T  INDICATES TRACE AMOUNT.




$$
