000
CDUS45 KRIW 240738
CLIRIW


CLIMATE REPORT
NATIONAL WEATHER SERVICE RIVERTON WY
128 AM MDT TUE MAY 24 2016


...................................

...THE RIVERTON WY CLIMATE SUMMARY FOR MAY 23 2016...

CLIMATE NORMAL PERIOD 1981 TO 2010
CLIMATE RECORD PERIOD 1995 TO 2016


WEATHER ITEM   OBSERVED TIME   RECORD YEAR NORMAL DEPARTURE LAST
                VALUE   (LST)  VALUE       VALUE  FROM      YEAR
                                                  NORMAL
..................................................................
TEMPERATURE (F)
 YESTERDAY
  MAXIMUM         64    443 PM  84    2003  70     -6       65
  MINIMUM         36    524 AM  28    2002  43     -7       44
  AVERAGE         50                        56     -6       55

PRECIPITATION (IN)
  YESTERDAY        0.00          0.63 2015   0.06  -0.06     0.63
  MONTH TO DATE    2.65                      1.34   1.31     3.10
  SINCE MAR 1      8.09                      3.19   4.90     4.33
  SINCE JAN 1      8.77                      3.70   5.07     5.40

SNOWFALL (IN)
  YESTERDAY        0.0                                       0.0
  MONTH TO DATE    T                                         0.5
  SINCE MAR 1     34.2                                      10.5
  SINCE JUL 1     62.4                                      39.1
  SNOW DEPTH       0

DEGREE DAYS
 HEATING
  YESTERDAY       15                         9      6       10
  MONTH TO DATE  326                       287     39      358
  SINCE MAR 1   1698                      1829   -131     1723
  SINCE JUL 1   7019                      7683   -664     7116

 COOLING
  YESTERDAY        0                         0      0        0
  MONTH TO DATE    0                         0      0        0
  SINCE MAR 1      0                         0      0        0
  SINCE JAN 1      0                         0      0        0
..................................................................


WIND (MPH)
  HIGHEST WIND SPEED    25   HIGHEST WIND DIRECTION     W (270)
  HIGHEST GUST SPEED    31   HIGHEST GUST DIRECTION     W (260)
  AVERAGE WIND SPEED     9.7


SKY COVER
  POSSIBLE SUNSHINE  MM
  AVERAGE SKY COVER 0.1


WEATHER CONDITIONS
 THE FOLLOWING WEATHER WAS RECORDED YESTERDAY.
  NO SIGNIFICANT WEATHER WAS OBSERVED.


RELATIVE HUMIDITY (PERCENT)
 HIGHEST    59           500 AM
 LOWEST     20           100 PM
 AVERAGE    40

..........................................................


THE RIVERTON WY CLIMATE NORMALS FOR TODAY
                         NORMAL    RECORD    YEAR
 MAXIMUM TEMPERATURE (F)   70        81      2003
 MINIMUM TEMPERATURE (F)   43        28      2002


SUNRISE AND SUNSET
MAY 24 2016...........SUNRISE   542 AM MDT   SUNSET   840 PM MDT
MAY 25 2016...........SUNRISE   541 AM MDT   SUNSET   841 PM MDT


-  INDICATES NEGATIVE NUMBERS.
R  INDICATES RECORD WAS SET OR TIED.
MM INDICATES DATA IS MISSING.
T  INDICATES TRACE AMOUNT.




$$
