000
CDUS45 KRIW 240750
CLIRIW


CLIMATE REPORT
NATIONAL WEATHER SERVICE RIVERTON WY
1248 AM MST MON NOV 24 2014


...................................

...THE RIVERTON WY CLIMATE SUMMARY FOR NOVEMBER 23 2014...

CLIMATE NORMAL PERIOD 1981 TO 2010
CLIMATE RECORD PERIOD 1995 TO 2014


WEATHER ITEM   OBSERVED TIME   RECORD YEAR NORMAL DEPARTURE LAST
                VALUE   (LST)  VALUE       VALUE  FROM      YEAR
                                                  NORMAL
..................................................................
TEMPERATURE (F)
 YESTERDAY
  MAXIMUM         36    301 PM  57    2006  38     -2       27
  MINIMUM         25    239 AM  -1    2003  15     10        3
  AVERAGE         31                        26      5       15

PRECIPITATION (IN)
  YESTERDAY        0.00          0.11 2002   0.01  -0.01     0.00
  MONTH TO DATE    0.33                      0.39  -0.06     0.03
  SINCE SEP 1      1.30                      2.18  -0.88     4.98
  SINCE JAN 1      6.67                      9.00  -2.33     9.04

SNOWFALL (IN)
  YESTERDAY        0.0                                       0.0
  MONTH TO DATE    3.3                                       1.5
  SINCE SEP 1      3.6                                      26.3
  SINCE JUL 1      3.6                                      26.3
  SNOW DEPTH       T

DEGREE DAYS
 HEATING
  YESTERDAY       34                        39     -5       50
  MONTH TO DATE  905                       753    152      701
  SINCE SEP 1   1531                      1595    -64     1647
  SINCE JUL 1   1581                      1633    -52     1647

 COOLING
  YESTERDAY        0                         0      0        0
  MONTH TO DATE    0                         0      0        0
  SINCE SEP 1     31                        26      5       68
  SINCE JAN 1    431                       494    -63      798
..................................................................


WIND (MPH)
  HIGHEST WIND SPEED    33   HIGHEST WIND DIRECTION    NW (300)
  HIGHEST GUST SPEED    44   HIGHEST GUST DIRECTION    NW (300)
  AVERAGE WIND SPEED    18.3


SKY COVER
  POSSIBLE SUNSHINE  MM
  AVERAGE SKY COVER 0.1


WEATHER CONDITIONS
 THE FOLLOWING WEATHER WAS RECORDED YESTERDAY.
  NO SIGNIFICANT WEATHER WAS OBSERVED.


RELATIVE HUMIDITY (PERCENT)
 HIGHEST    58           700 AM
 LOWEST     44          1100 AM
 AVERAGE    51

..........................................................


THE RIVERTON WY CLIMATE NORMALS FOR TODAY
                         NORMAL    RECORD    YEAR
 MAXIMUM TEMPERATURE (F)   37        62      1995
 MINIMUM TEMPERATURE (F)   15        -6      2010


SUNRISE AND SUNSET
NOVEMBER 24 2014......SUNRISE   718 AM MST   SUNSET   443 PM MST
NOVEMBER 25 2014......SUNRISE   719 AM MST   SUNSET   443 PM MST


-  INDICATES NEGATIVE NUMBERS.
R  INDICATES RECORD WAS SET OR TIED.
MM INDICATES DATA IS MISSING.
T  INDICATES TRACE AMOUNT.




$$
