000
CDUS45 KRIW 310031
CLIRIW


CLIMATE REPORT
NATIONAL WEATHER SERVICE RIVERTON WY
629 PM MDT SUN AUG 30 2015


...................................

...THE RIVERTON WY CLIMATE SUMMARY FOR AUGUST 30 2015...
VALID TODAY AS OF 0500 PM LOCAL TIME.

CLIMATE NORMAL PERIOD 1981 TO 2010
CLIMATE RECORD PERIOD 1995 TO 2015


WEATHER ITEM   OBSERVED TIME   RECORD YEAR NORMAL DEPARTURE LAST
                VALUE   (LST)  VALUE       VALUE  FROM      YEAR
                                                  NORMAL
..................................................................
TEMPERATURE (F)
 TODAY
  MAXIMUM         89        MM  92    2013  81      8       84
                                      2008
  MINIMUM         63        MM  45    2002  51     12       53
  AVERAGE         76                        66     10       69

PRECIPITATION (IN)
  TODAY            0.00          0.60 2003   0.02  -0.02     0.01
  MONTH TO DATE    0.06                      0.55  -0.49     1.13
  SINCE JUN 1      1.95                      2.72  -0.77     3.03
  SINCE JAN 1      8.80                      6.80   2.00     5.35

SNOWFALL (IN)
  TODAY            0.0                                       0.0
  MONTH TO DATE    0.0                                       0.0
  SINCE JUN 1      T                                         0.0
  SINCE JUL 1      0.0                                       0.0
  SNOW DEPTH       0

DEGREE DAYS
 HEATING
  TODAY            0                         2     -2        0
  MONTH TO DATE   25                        24      1       39
  SINCE JUN 1     58                       155    -97      169
  SINCE JUL 1     35                        36     -1       43

 COOLING
  TODAY           11                         3      8        4
  MONTH TO DATE  186                       171     15      124
  SINCE JUN 1    471                       457     14      385
  SINCE JAN 1    471                       466      5      400
..................................................................


WIND (MPH)
  HIGHEST WIND SPEED    22   HIGHEST WIND DIRECTION     S (190)
  HIGHEST GUST SPEED    35   HIGHEST GUST DIRECTION     S (200)
  AVERAGE WIND SPEED    10.2


SKY COVER
  POSSIBLE SUNSHINE  MM
  AVERAGE SKY COVER 0.1


WEATHER CONDITIONS
 THE FOLLOWING WEATHER WAS RECORDED TODAY.
  NO SIGNIFICANT WEATHER WAS OBSERVED.


RELATIVE HUMIDITY (PERCENT)
 HIGHEST    48           300 AM
 LOWEST     16           200 PM
 AVERAGE    32

..........................................................


THE RIVERTON WY CLIMATE NORMALS FOR TOMORROW
                         NORMAL    RECORD    YEAR
 MAXIMUM TEMPERATURE (F)   80        92      2011
                                             1996
 MINIMUM TEMPERATURE (F)   50        40      2010
                                             2005


SUNRISE AND SUNSET
AUGUST 30 2015........SUNRISE   636 AM MDT   SUNSET   752 PM MDT
AUGUST 31 2015........SUNRISE   637 AM MDT   SUNSET   751 PM MDT


-  INDICATES NEGATIVE NUMBERS.
R  INDICATES RECORD WAS SET OR TIED.
MM INDICATES DATA IS MISSING.
T  INDICATES TRACE AMOUNT.




$$
