000
CDUS45 KRIW 280730
CLIRIW


CLIMATE REPORT
NATIONAL WEATHER SERVICE RIVERTON WY
130 AM MDT THU AUG 28 2014


...................................

...THE RIVERTON WY CLIMATE SUMMARY FOR AUGUST 27 2014...

CLIMATE NORMAL PERIOD 1981 TO 2010
CLIMATE RECORD PERIOD 1995 TO 2014


WEATHER ITEM   OBSERVED TIME   RECORD YEAR NORMAL DEPARTURE LAST
                VALUE   (LST)  VALUE       VALUE  FROM      YEAR
                                                  NORMAL
..................................................................
TEMPERATURE (F)
 YESTERDAY
  MAXIMUM         62   1204 AM  95    2011  82    -20       86
  MINIMUM         54    613 AM  46    2008  52      2       59
  AVERAGE         58                        67     -9       73

PRECIPITATION (IN)
  YESTERDAY        0.07R         0.06 2004   0.02   0.05     0.00
  MONTH TO DATE    1.12                      0.49   0.63     0.02
  SINCE JUN 1      3.02                      2.66   0.36     0.61
  SINCE JAN 1      5.34                      6.74  -1.40     4.05

SNOWFALL (IN)
  YESTERDAY        0.0                                       0.0
  MONTH TO DATE    0.0                                       0.0
  SINCE JUN 1      0.0                                       0.0
  SINCE JUL 1      0.0                                       0.0
  SNOW DEPTH       0

DEGREE DAYS
 HEATING
  YESTERDAY        7                         2      5        0
  MONTH TO DATE   39                        18     21        0
  SINCE JUN 1    169                       149     20       52
  SINCE JUL 1     43                        30     13        0

 COOLING
  YESTERDAY        0                         3     -3        8
  MONTH TO DATE  118                       162    -44      234
  SINCE JUN 1    379                       448    -69      678
  SINCE JAN 1    394                       457    -63      691
..................................................................


WIND (MPH)
  HIGHEST WIND SPEED    17   HIGHEST WIND DIRECTION    NE (40)
  HIGHEST GUST SPEED    21   HIGHEST GUST DIRECTION    NE (40)
  AVERAGE WIND SPEED     5.7


SKY COVER
  POSSIBLE SUNSHINE  MM
  AVERAGE SKY COVER 0.6


WEATHER CONDITIONS
 THE FOLLOWING WEATHER WAS RECORDED YESTERDAY.
  LIGHT RAIN
  FOG


RELATIVE HUMIDITY (PERCENT)
 HIGHEST    93          1100 AM
 LOWEST     56          1200 AM
 AVERAGE    75

..........................................................


THE RIVERTON WY CLIMATE NORMALS FOR TODAY
                         NORMAL    RECORD    YEAR
 MAXIMUM TEMPERATURE (F)   81        94      2012
 MINIMUM TEMPERATURE (F)   51        43      2004


SUNRISE AND SUNSET
AUGUST 28 2014........SUNRISE   634 AM MDT   SUNSET   755 PM MDT
AUGUST 29 2014........SUNRISE   635 AM MDT   SUNSET   754 PM MDT


-  INDICATES NEGATIVE NUMBERS.
R  INDICATES RECORD WAS SET OR TIED.
MM INDICATES DATA IS MISSING.
T  INDICATES TRACE AMOUNT.




$$
