909
CDUS45 KRIW 270736
CLIRIW


CLIMATE REPORT
NATIONAL WEATHER SERVICE RIVERTON WY
126 AM MDT WED JUL 27 2016


...................................

...THE RIVERTON WY CLIMATE SUMMARY FOR JULY 26 2016...

CLIMATE NORMAL PERIOD 1981 TO 2010
CLIMATE RECORD PERIOD 1995 TO 2016


WEATHER ITEM   OBSERVED TIME   RECORD YEAR NORMAL DEPARTURE LAST
                VALUE   (LST)  VALUE       VALUE  FROM      YEAR
                                                  NORMAL
..................................................................
TEMPERATURE (F)
 YESTERDAY
  MAXIMUM         94    354 PM  97    2008  89      5       94
  MINIMUM         65    551 AM  50    2005  58      7       58
  AVERAGE         80                        73      7       76

PRECIPITATION (IN)
  YESTERDAY        0.00          0.24 2007   0.02  -0.02     0.00
  MONTH TO DATE    T                         0.78  -0.78     1.10
  SINCE JUN 1      0.39                      2.06  -1.67     1.89
  SINCE JAN 1      9.28                      6.14   3.14     8.74

SNOWFALL (IN)
  YESTERDAY        0.0                                       0.0
  MONTH TO DATE    0.0                                       0.0
  SINCE JUN 1      0.0                                        T
  SINCE JUL 1      0.0                                       0.0
  SNOW DEPTH       0

DEGREE DAYS
 HEATING
  YESTERDAY        0                         0      0        0
  MONTH TO DATE    4                         8     -4        6
  SINCE JUN 1     20                       127   -107       29
  SINCE JUL 1      4                         8     -4        6

 COOLING
  YESTERDAY       15                         8      7       11
  MONTH TO DATE  206                       178     28      135
  SINCE JUN 1    368                       244    124      266
  SINCE JAN 1    368                       253    115      266
..................................................................


WIND (MPH)
  HIGHEST WIND SPEED    28   HIGHEST WIND DIRECTION    SE (150)
  HIGHEST GUST SPEED    39   HIGHEST GUST DIRECTION    SE (150)
  AVERAGE WIND SPEED     9.2


SKY COVER
  POSSIBLE SUNSHINE  MM
  AVERAGE SKY COVER 0.0


WEATHER CONDITIONS
 THE FOLLOWING WEATHER WAS RECORDED YESTERDAY.
  NO SIGNIFICANT WEATHER WAS OBSERVED.


RELATIVE HUMIDITY (PERCENT)
 HIGHEST    40           500 AM
 LOWEST     10           400 PM
 AVERAGE    25

..........................................................


THE RIVERTON WY CLIMATE NORMALS FOR TODAY
                         NORMAL    RECORD    YEAR
 MAXIMUM TEMPERATURE (F)   89        98      2008
 MINIMUM TEMPERATURE (F)   58        46      2005


SUNRISE AND SUNSET
JULY 27 2016..........SUNRISE   600 AM MDT   SUNSET   840 PM MDT
JULY 28 2016..........SUNRISE   601 AM MDT   SUNSET   839 PM MDT


-  INDICATES NEGATIVE NUMBERS.
R  INDICATES RECORD WAS SET OR TIED.
MM INDICATES DATA IS MISSING.
T  INDICATES TRACE AMOUNT.




$$
