000
CDUS45 KRIW 280733
CLIRIW


CLIMATE REPORT
NATIONAL WEATHER SERVICE RIVERTON WY
1233 AM MST WED JAN 28 2015


...................................

...THE RIVERTON WY CLIMATE SUMMARY FOR JANUARY 27 2015...

CLIMATE NORMAL PERIOD 1981 TO 2010
CLIMATE RECORD PERIOD 1995 TO 2015


WEATHER ITEM   OBSERVED TIME   RECORD YEAR NORMAL DEPARTURE LAST
                VALUE   (LST)  VALUE       VALUE  FROM      YEAR
                                                  NORMAL
..................................................................
TEMPERATURE (F)
 YESTERDAY
  MAXIMUM         44    349 PM  54    2003  32     12       23
  MINIMUM         22    745 AM -19    2009   9     13        8
  AVERAGE         33                        20     13       16

PRECIPITATION (IN)
  YESTERDAY        0.00          0.16 2000   0.01  -0.01      T
  MONTH TO DATE    0.03                      0.21  -0.18     0.68
  SINCE DEC 1      0.68                      0.53   0.15     0.96
  SINCE JAN 1      0.03                      0.21  -0.18     0.68

SNOWFALL (IN)
  YESTERDAY        0.0                                        T
  MONTH TO DATE    0.4                                      11.1
  SINCE DEC 1      7.3                                      17.9
  SINCE JUL 1     12.8                                      44.2
  SNOW DEPTH       T

DEGREE DAYS
 HEATING
  YESTERDAY       32                        45    -13       49
  MONTH TO DATE 1188                      1221    -33     1134
  SINCE DEC 1   2492                      2622   -130     2540
  SINCE JUL 1   4269                      4538   -269     4438

 COOLING
  YESTERDAY        0                         0      0        0
  MONTH TO DATE    0                         0      0        0
  SINCE DEC 1      0                         0      0        0
  SINCE JAN 1      0                         0      0        0
..................................................................


WIND (MPH)
  HIGHEST WIND SPEED    15   HIGHEST WIND DIRECTION    NW (310)
  HIGHEST GUST SPEED    16   HIGHEST GUST DIRECTION    NW (310)
  AVERAGE WIND SPEED     4.4


SKY COVER
  POSSIBLE SUNSHINE  MM
  AVERAGE SKY COVER 0.1


WEATHER CONDITIONS
 THE FOLLOWING WEATHER WAS RECORDED YESTERDAY.
  NO SIGNIFICANT WEATHER WAS OBSERVED.


RELATIVE HUMIDITY (PERCENT)
 HIGHEST    92           500 AM
 LOWEST     62           300 PM
 AVERAGE    77

..........................................................


THE RIVERTON WY CLIMATE NORMALS FOR TODAY
                         NORMAL    RECORD    YEAR
 MAXIMUM TEMPERATURE (F)   32        46      2005
 MINIMUM TEMPERATURE (F)    9        -7      2007


SUNRISE AND SUNSET
JANUARY 28 2015.......SUNRISE   733 AM MST   SUNSET   521 PM MST
JANUARY 29 2015.......SUNRISE   732 AM MST   SUNSET   522 PM MST


-  INDICATES NEGATIVE NUMBERS.
R  INDICATES RECORD WAS SET OR TIED.
MM INDICATES DATA IS MISSING.
T  INDICATES TRACE AMOUNT.




$$
