000
CDUS45 KRIW 170046
CLIRKS


CLIMATE REPORT
NATIONAL WEATHER SERVICE RIVERTON WY
645 PM MDT MON OCT 16 2017


...................................

...THE ROCK SPRINGS WY CLIMATE SUMMARY FOR OCTOBER 16 2017...
VALID TODAY AS OF 0500 PM LOCAL TIME.

CLIMATE NORMAL PERIOD 1981 TO 2010
CLIMATE RECORD PERIOD 1948 TO 2017


WEATHER ITEM   OBSERVED TIME   RECORD YEAR NORMAL DEPARTURE LAST
                VALUE   (LST)  VALUE       VALUE  FROM      YEAR
                                                  NORMAL
..................................................................
TEMPERATURE (F)
 TODAY
  MAXIMUM         65        MM  76    1991  57      8       58
  MINIMUM         28    500 AM  14    1966  32     -4       38
  AVERAGE         47                        44      3       48

PRECIPITATION (IN)
  TODAY            0.00                      0.03  -0.03     0.03
  MONTH TO DATE    0.02                      0.46  -0.44     0.26
  SINCE SEP 1      0.79                      1.38  -0.59     1.85
  SINCE JAN 1      5.17                      7.16  -1.99     7.02

DEGREE DAYS
 HEATING
  TODAY           18                        21     -3       17
  MONTH TO DATE  372                       285     87      273
  SINCE SEP 1    681                       549    132      511
  SINCE JUL 1    698                       613     85      570

 COOLING
  TODAY            0                         0      0        0
  MONTH TO DATE    0                         0      0        0
  SINCE SEP 1     26                         9     17       12
  SINCE JAN 1    394                       286    108      354
..................................................................


WIND (MPH)
  HIGHEST WIND SPEED    18   HIGHEST WIND DIRECTION     W (270)
  HIGHEST GUST SPEED    25   HIGHEST GUST DIRECTION     W (280)
  AVERAGE WIND SPEED     7.6


SKY COVER
  POSSIBLE SUNSHINE  MM
  AVERAGE SKY COVER 0.0


WEATHER CONDITIONS
 THE FOLLOWING WEATHER WAS RECORDED TODAY.
  NO SIGNIFICANT WEATHER WAS OBSERVED.


RELATIVE HUMIDITY (PERCENT)
 HIGHEST    46           500 AM
 LOWEST      7           200 PM
 AVERAGE    27

..........................................................


THE ROCK SPRINGS WY CLIMATE NORMALS FOR TOMORROW
                         NORMAL    RECORD    YEAR
 MAXIMUM TEMPERATURE (F)   56        75      1974
 MINIMUM TEMPERATURE (F)   32        13      1948


SUNRISE AND SUNSET
OCTOBER 16 2017.......SUNRISE   730 AM MDT   SUNSET   633 PM MDT
OCTOBER 17 2017.......SUNRISE   731 AM MDT   SUNSET   631 PM MDT


-  INDICATES NEGATIVE NUMBERS.
R  INDICATES RECORD WAS SET OR TIED.
MM INDICATES DATA IS MISSING.
T  INDICATES TRACE AMOUNT.




$$
