000
CDUS45 KRIW 200739
CLIRKS


CLIMATE REPORT
NATIONAL WEATHER SERVICE RIVERTON WY
137 AM MDT SUN APR 20 2014


...................................

...THE ROCK SPRINGS WY CLIMATE SUMMARY FOR APRIL 19 2014...

CLIMATE NORMAL PERIOD 1981 TO 2010
CLIMATE RECORD PERIOD 1948 TO 2014


WEATHER ITEM   OBSERVED TIME   RECORD YEAR NORMAL DEPARTURE LAST
                VALUE   (LST)  VALUE       VALUE  FROM      YEAR
                                                  NORMAL
..................................................................
TEMPERATURE (F)
 YESTERDAY
  MAXIMUM         66    206 PM  75    1989  55     11       46
  MINIMUM         38    531 AM   7    1966  30      8       25
  AVERAGE         52                        42     10       36

PRECIPITATION (IN)
  YESTERDAY        T             0.81 1993   0.03  -0.03     0.01
  MONTH TO DATE    0.17                      0.53  -0.36     0.29
  SINCE MAR 1      0.60                      1.21  -0.61     0.48
  SINCE JAN 1      0.75                      2.14  -1.39     0.85

DEGREE DAYS
 HEATING
  YESTERDAY       13                        23    -10       29
  MONTH TO DATE  430                       474    -44      576
  SINCE MAR 1   1316                      1451   -135     1491
  SINCE JUL 1   6768                      7303   -535     6972

 COOLING
  YESTERDAY        0                         0      0        0
  MONTH TO DATE    0                         0      0        0
  SINCE MAR 1      0                         0      0        0
  SINCE JAN 1      0                         0      0        0
..................................................................


WIND (MPH)
  HIGHEST WIND SPEED    24   HIGHEST WIND DIRECTION     W (260)
  HIGHEST GUST SPEED    29   HIGHEST GUST DIRECTION    SW (220)
  AVERAGE WIND SPEED     9.3


SKY COVER
  POSSIBLE SUNSHINE  MM
  AVERAGE SKY COVER 0.4


WEATHER CONDITIONS
 THE FOLLOWING WEATHER WAS RECORDED YESTERDAY.
  LIGHT RAIN


RELATIVE HUMIDITY (PERCENT)
 HIGHEST    65           300 AM
 LOWEST     22           200 PM
 AVERAGE    44

..........................................................


THE ROCK SPRINGS WY CLIMATE NORMALS FOR TODAY
                         NORMAL    RECORD    YEAR
 MAXIMUM TEMPERATURE (F)   55        79      1989
 MINIMUM TEMPERATURE (F)   30         6      1966


SUNRISE AND SUNSET
APRIL 20 2014.........SUNRISE   629 AM MDT   SUNSET   802 PM MDT
APRIL 21 2014.........SUNRISE   627 AM MDT   SUNSET   803 PM MDT


-  INDICATES NEGATIVE NUMBERS.
R  INDICATES RECORD WAS SET OR TIED.
MM INDICATES DATA IS MISSING.
T  INDICATES TRACE AMOUNT.




$$
