000
CDUS45 KRIW 010736
CLIRKS


CLIMATE REPORT
NATIONAL WEATHER SERVICE RIVERTON WY
134 AM MDT FRI AUG 1 2014


...................................

...THE ROCK SPRINGS WY CLIMATE SUMMARY FOR JULY 31 2014...

CLIMATE NORMAL PERIOD 1981 TO 2010
CLIMATE RECORD PERIOD 1948 TO 2014


WEATHER ITEM   OBSERVED TIME   RECORD YEAR NORMAL DEPARTURE LAST
                VALUE   (LST)  VALUE       VALUE  FROM      YEAR
                                                  NORMAL
..................................................................
TEMPERATURE (F)
 YESTERDAY
  MAXIMUM         80    458 PM  94    2003  85     -5       87
                                      1988
  MINIMUM         47    510 AM  42    1995  55     -8       52
  AVERAGE         64                        70     -6       70

PRECIPITATION (IN)
  YESTERDAY        0.00          1.40 1976   0.02  -0.02     0.00
  MONTH TO DATE    0.36                      0.64  -0.28     0.21
  SINCE JUN 1      0.65                      1.43  -0.78     0.21
  SINCE JAN 1      1.96                      5.16  -3.20     1.70

DEGREE DAYS
 HEATING
  YESTERDAY        1                         0      1        0
  MONTH TO DATE   14                        19     -5        0
  SINCE JUN 1    161                       191    -30       62
  SINCE JUL 1     14                        24    -10        0

 COOLING
  YESTERDAY        0                         5     -5        5
  MONTH TO DATE  205                       144     61      224
  SINCE JUN 1    222                       179     43      317
  SINCE JAN 1    229                       180     49      318
..................................................................


WIND (MPH)
  HIGHEST WIND SPEED    16   HIGHEST WIND DIRECTION    NE (60)
  HIGHEST GUST SPEED    22   HIGHEST GUST DIRECTION     N (10)
  AVERAGE WIND SPEED     6.0


SKY COVER
  POSSIBLE SUNSHINE  MM
  AVERAGE SKY COVER 0.0


WEATHER CONDITIONS
 THE FOLLOWING WEATHER WAS RECORDED YESTERDAY.
  NO SIGNIFICANT WEATHER WAS OBSERVED.


RELATIVE HUMIDITY (PERCENT)
 HIGHEST    80           300 AM
 LOWEST     15           500 PM
 AVERAGE    48

..........................................................


THE ROCK SPRINGS WY CLIMATE NORMALS FOR TODAY
                         NORMAL    RECORD    YEAR
 MAXIMUM TEMPERATURE (F)   85        94      2008
 MINIMUM TEMPERATURE (F)   55        40      1975


SUNRISE AND SUNSET
AUGUST  1 2014........SUNRISE   611 AM MDT   SUNSET   834 PM MDT
AUGUST  2 2014........SUNRISE   612 AM MDT   SUNSET   833 PM MDT


-  INDICATES NEGATIVE NUMBERS.
R  INDICATES RECORD WAS SET OR TIED.
MM INDICATES DATA IS MISSING.
T  INDICATES TRACE AMOUNT.




$$
