000
CDUS45 KRIW 260100
CLIRKS


CLIMATE REPORT
NATIONAL WEATHER SERVICE RIVERTON WY
557 PM MST TUE NOV 25 2014


...................................

...THE ROCK SPRINGS WY CLIMATE SUMMARY FOR NOVEMBER 25 2014...
VALID TODAY AS OF 0500 PM LOCAL TIME.

CLIMATE NORMAL PERIOD 1981 TO 2010
CLIMATE RECORD PERIOD 1948 TO 2014


WEATHER ITEM   OBSERVED TIME   RECORD YEAR NORMAL DEPARTURE LAST
                VALUE   (LST)  VALUE       VALUE  FROM      YEAR
                                                  NORMAL
..................................................................
TEMPERATURE (F)
 TODAY
  MAXIMUM         37        MM  60    1995  35      2       38
  MINIMUM         21   1200 AM -11    1993  17      4       20
  AVERAGE         29                        26      3       29

PRECIPITATION (IN)
  TODAY            0.00                      0.01  -0.01     0.00
  MONTH TO DATE    0.10                      0.42  -0.32     0.03
  SINCE SEP 1      1.62                      2.21  -0.59     2.26
  SINCE JAN 1      4.10                      7.99  -3.89     4.46

DEGREE DAYS
 HEATING
  TODAY           36                        39     -3       36
  MONTH TO DATE  905                       824     81      808
  SINCE SEP 1   1598                      1727   -129     1748
  SINCE JUL 1   1689                      1791   -102     1749

 COOLING
  TODAY            0                         0      0        0
  MONTH TO DATE    0                         0      0        0
  SINCE SEP 1      8                         9     -1       44
  SINCE JAN 1    307                       286     21      517
..................................................................


WIND (MPH)
  HIGHEST WIND SPEED    37   HIGHEST WIND DIRECTION     W (260)
  HIGHEST GUST SPEED    48   HIGHEST GUST DIRECTION     W (250)
  AVERAGE WIND SPEED    26.1


SKY COVER
  POSSIBLE SUNSHINE  MM
  AVERAGE SKY COVER 0.6


WEATHER CONDITIONS
 THE FOLLOWING WEATHER WAS RECORDED TODAY.
  NO SIGNIFICANT WEATHER WAS OBSERVED.


RELATIVE HUMIDITY (PERCENT)
 HIGHEST    70           100 PM
 LOWEST     58          1000 AM
 AVERAGE    64

..........................................................


THE ROCK SPRINGS WY CLIMATE NORMALS FOR TOMORROW
                         NORMAL    RECORD    YEAR
 MAXIMUM TEMPERATURE (F)   35        58      1949
 MINIMUM TEMPERATURE (F)   17        -8      1976


SUNRISE AND SUNSET
NOVEMBER 25 2014......SUNRISE   717 AM MST   SUNSET   449 PM MST
NOVEMBER 26 2014......SUNRISE   718 AM MST   SUNSET   449 PM MST


-  INDICATES NEGATIVE NUMBERS.
R  INDICATES RECORD WAS SET OR TIED.
MM INDICATES DATA IS MISSING.
T  INDICATES TRACE AMOUNT.




$$
