000
CDUS45 KRIW 240738
CLIRKS


CLIMATE REPORT
NATIONAL WEATHER SERVICE RIVERTON WY
128 AM MDT TUE MAY 24 2016


...................................

...THE ROCK SPRINGS WY CLIMATE SUMMARY FOR MAY 23 2016...

CLIMATE NORMAL PERIOD 1981 TO 2010
CLIMATE RECORD PERIOD 1948 TO 2016


WEATHER ITEM   OBSERVED TIME   RECORD YEAR NORMAL DEPARTURE LAST
                VALUE   (LST)  VALUE       VALUE  FROM      YEAR
                                                  NORMAL
..................................................................
TEMPERATURE (F)
 YESTERDAY
  MAXIMUM         58    144 PM  83    1984  66     -8       57
  MINIMUM         32    511 AM  24    1966  40     -8       37
  AVERAGE         45                        53     -8       47

PRECIPITATION (IN)
  YESTERDAY        T             0.55 2008   0.04  -0.04      T
  MONTH TO DATE    2.10                      0.91   1.19     1.95
  SINCE MAR 1      4.14                      2.50   1.64     2.84
  SINCE JAN 1      4.36                      3.43   0.93     2.93

DEGREE DAYS
 HEATING
  YESTERDAY       20                        12      8       18
  MONTH TO DATE  407                       356     51      404
  SINCE MAR 1   1965                      2036    -71     1849
  SINCE JUL 1   7482                      7888   -406     6962

 COOLING
  YESTERDAY        0                         0      0        0
  MONTH TO DATE    0                         0      0        0
  SINCE MAR 1      0                         0      0        0
  SINCE JAN 1      0                         0      0        0
..................................................................


WIND (MPH)
  HIGHEST WIND SPEED    28   HIGHEST WIND DIRECTION    NW (300)
  HIGHEST GUST SPEED    35   HIGHEST GUST DIRECTION    NW (310)
  AVERAGE WIND SPEED     9.3


SKY COVER
  POSSIBLE SUNSHINE  MM
  AVERAGE SKY COVER 0.3


WEATHER CONDITIONS
 THE FOLLOWING WEATHER WAS RECORDED YESTERDAY.
  LIGHT RAIN


RELATIVE HUMIDITY (PERCENT)
 HIGHEST    92           400 AM
 LOWEST     30           100 PM
 AVERAGE    61

..........................................................


THE ROCK SPRINGS WY CLIMATE NORMALS FOR TODAY
                         NORMAL    RECORD    YEAR
 MAXIMUM TEMPERATURE (F)   67        80      2003
                                             2001
 MINIMUM TEMPERATURE (F)   40        30      2007


SUNRISE AND SUNSET
MAY 24 2016...........SUNRISE   549 AM MDT   SUNSET   838 PM MDT
MAY 25 2016...........SUNRISE   548 AM MDT   SUNSET   839 PM MDT


-  INDICATES NEGATIVE NUMBERS.
R  INDICATES RECORD WAS SET OR TIED.
MM INDICATES DATA IS MISSING.
T  INDICATES TRACE AMOUNT.




$$
