000
CDUS42 KFFC 210823
CLIRMG


CLIMATE REPORT
NATIONAL WEATHER SERVICE PEACHTREE CITY GA
420 AM EDT TUE OCT 21 2014


...................................

...THE ROME  CLIMATE SUMMARY FOR OCTOBER 20 2014...

CLIMATE NORMAL PERIOD 1981 TO 2010
CLIMATE RECORD PERIOD 9999 TO 9999


WEATHER ITEM   OBSERVED TIME   RECORD YEAR NORMAL DEPARTURE LAST
                VALUE   (LST)  VALUE       VALUE  FROM      YEAR
                                                  NORMAL
..................................................................
TEMPERATURE (F)
 YESTERDAY
  MAXIMUM         73    321 PM  MM      MM  73      0       69
  MINIMUM         40    656 AM  MM      MM  47     -7       40
  AVERAGE         57                        60     -3       55

PRECIPITATION (IN)
  YESTERDAY        0.00         MM      MM   0.13  -0.13     0.00
  MONTH TO DATE    3.37                      2.56   0.81     1.49
  SINCE SEP 1      5.19                      5.97  -0.78     3.80
  SINCE JAN 1     38.35                     41.39  -3.04    31.87

SNOWFALL (IN)
  YESTERDAY       MM            MM      MM  MM     MM       MM
  MONTH TO DATE    0.0                      MM     MM        0.0
  SINCE SEP 1      0.0                      MM     MM        0.0
  SINCE JUL 1      0.0                      MM     MM        0.0
  SNOW DEPTH      MM

DEGREE DAYS
 HEATING
  YESTERDAY        8                         6      2       10
  MONTH TO DATE   58                        75    -17       24
  SINCE SEP 1     58                        89    -31       25
  SINCE JUL 1     58                        89    -31       25

 COOLING
  YESTERDAY        0                         1     -1        0
  MONTH TO DATE   78                        36     42       50
  SINCE SEP 1    383                       260    123      288
  SINCE JAN 1   1749                      1626    123     1571
..................................................................


WIND (MPH)
  RESULTANT WIND SPEED   1   RESULTANT WIND DIRECTION  SW (240)
  HIGHEST WIND SPEED    10   HIGHEST WIND DIRECTION     W (280)
  HIGHEST GUST SPEED    14   HIGHEST GUST DIRECTION     W (280)
  AVERAGE WIND SPEED     2.0


SKY COVER
  AVERAGE SKY COVER 0.1


WEATHER CONDITIONS
 THE FOLLOWING WEATHER WAS RECORDED YESTERDAY.
  FOG


RELATIVE HUMIDITY (PERCENT)
 HIGHEST   100           200 AM
 LOWEST     46           200 PM
 AVERAGE    73

..........................................................


THE ROME  CLIMATE NORMALS FOR TODAY
                         NORMAL    RECORD    YEAR
 MAXIMUM TEMPERATURE (F)   72        MM        MM
 MINIMUM TEMPERATURE (F)   47        MM        MM


SUNRISE AND SUNSET
OCTOBER 21 2014.......SUNRISE   751 AM EDT   SUNSET   659 PM EDT
OCTOBER 22 2014.......SUNRISE   752 AM EDT   SUNSET   658 PM EDT


-  INDICATES NEGATIVE NUMBERS.
R  INDICATES RECORD WAS SET OR TIED.
MM INDICATES DATA IS MISSING.
T  INDICATES TRACE AMOUNT.




$$
