000
CDUS42 KFFC 270835
CLIRMG


CLIMATE REPORT
NATIONAL WEATHER SERVICE PEACHTREE CITY GA
434 AM EDT WED JUL 27 2016


...................................

...THE ROME  CLIMATE SUMMARY FOR JULY 26 2016...

CLIMATE NORMAL PERIOD 1981 TO 2010
CLIMATE RECORD PERIOD 9999 TO 9999


WEATHER ITEM   OBSERVED TIME   RECORD YEAR NORMAL DEPARTURE LAST
                VALUE   (LST)  VALUE       VALUE  FROM      YEAR
                                                  NORMAL
..................................................................
TEMPERATURE (F)
 YESTERDAY
  MAXIMUM         97    335 PM  MM      MM  90      7       95
  MINIMUM         75    654 AM  MM      MM  69      6       72
  AVERAGE         86                        80      6       84

PRECIPITATION (IN)
  YESTERDAY        0.05         MM      MM   0.11  -0.06     0.00
  MONTH TO DATE    1.05                      3.83  -2.78     2.30
  SINCE JUN 1      3.33                      7.93  -4.60     5.10
  SINCE JAN 1     20.45                     30.80 -10.35    24.74

DEGREE DAYS
 COOLING
  YESTERDAY       21                        15      6       19
  MONTH TO DATE  462                       376     86      400
  SINCE JUN 1    901                       706    195      818
  SINCE JAN 1   1126                       874    252     1075
..................................................................


WIND (MPH)
  RESULTANT WIND SPEED   3   RESULTANT WIND DIRECTION   S (170)
  HIGHEST WIND SPEED    15   HIGHEST WIND DIRECTION     S (190)
  HIGHEST GUST SPEED    22   HIGHEST GUST DIRECTION     E (100)
  AVERAGE WIND SPEED     4.0


SKY COVER
  AVERAGE SKY COVER 0.3


WEATHER CONDITIONS
 THE FOLLOWING WEATHER WAS RECORDED YESTERDAY.
  LIGHT RAIN
  FOG


RELATIVE HUMIDITY (PERCENT)
 HIGHEST    94           100 AM
 LOWEST     36           500 PM
 AVERAGE    65

..........................................................


THE ROME  CLIMATE NORMALS FOR TODAY
                         NORMAL    RECORD    YEAR
 MAXIMUM TEMPERATURE (F)   90        MM        MM
 MINIMUM TEMPERATURE (F)   69        MM        MM


SUNRISE AND SUNSET
JULY 27 2016..........SUNRISE   648 AM EDT   SUNSET   846 PM EDT
JULY 28 2016..........SUNRISE   649 AM EDT   SUNSET   845 PM EDT


-  INDICATES NEGATIVE NUMBERS.
R  INDICATES RECORD WAS SET OR TIED.
MM INDICATES DATA IS MISSING.
T  INDICATES TRACE AMOUNT.




$$
