000
CDUS41 KRNK 010649
CLIRNK


CLIMATE REPORT
NATIONAL WEATHER SERVICE BLACKSBURG VA
248 AM EDT SAT AUG 1 2015


...................................

...THE BLACKSBURG VA CLIMATE SUMMARY FOR JULY 31 2015...

CLIMATE NORMAL PERIOD 1981 TO 2010
CLIMATE RECORD PERIOD 1952 TO 2015


WEATHER ITEM   OBSERVED RECORD YEAR NORMAL DEPARTURE LAST
                VALUE   VALUE       VALUE  FROM      YEAR
                                           NORMAL
...........................................................
TEMPERATURE (F)
 YESTERDAY
  MAXIMUM         83     95    1953  82      1       79
  MINIMUM         56     44    1997  60     -4       53
  AVERAGE         70                 71     -1       66

PRECIPITATION (IN)
  YESTERDAY        0.00   1.39 1962   0.14  -0.14     0.00
  MONTH TO DATE    4.26               4.26   0.00     1.92
  SINCE JUN 1      7.74               8.26  -0.52     4.99
  SINCE JAN 1     23.27              25.60  -2.33    19.82

SNOWFALL (IN)
  YESTERDAY        0.0                                0.0
  MONTH TO DATE    T                                  0.0
  SINCE JUN 1      T                                   T
  SINCE JUL 1      T                                  0.0
  SNOW DEPTH       0

DEGREE DAYS
 HEATING
  YESTERDAY        0                  0      0        0
  MONTH TO DATE    0                  0      0        8
  SINCE JUN 1     11                 44    -33       11
  SINCE JUL 1      0                  6     -6        8

 COOLING
  YESTERDAY        5                  6     -1        1
  MONTH TO DATE  246                196     50      180
  SINCE JUN 1    458                315    143      346
  SINCE JAN 1    534                344    190      404
...........................................................


WIND (MPH)
  HIGHEST WIND SPEED    10   HIGHEST WIND DIRECTION     N (360)
  HIGHEST GUST SPEED    16   HIGHEST GUST DIRECTION    NW (310)
  AVERAGE WIND SPEED     2.5


SKY COVER
  AVERAGE SKY COVER 0.0


WEATHER CONDITIONS
 THE FOLLOWING WEATHER WAS RECORDED YESTERDAY.
  NO SIGNIFICANT WEATHER WAS OBSERVED.


RELATIVE HUMIDITY (PERCENT)
 HIGHEST   100           500 AM
 LOWEST     41           500 PM
 AVERAGE    71

..........................................................


THE BLACKSBURG VA CLIMATE NORMALS FOR TODAY
                         NORMAL    RECORD    YEAR
 MAXIMUM TEMPERATURE (F)   82        92      1999
 MINIMUM TEMPERATURE (F)   60        47      1997


SUNRISE AND SUNSET
AUGUST  1 2015........SUNRISE   626 AM EDT   SUNSET   829 PM EDT
AUGUST  2 2015........SUNRISE   627 AM EDT   SUNSET   828 PM EDT


-  INDICATES NEGATIVE NUMBERS.
R  INDICATES RECORD WAS SET OR TIED.
MM INDICATES DATA IS MISSING.
T  INDICATES TRACE AMOUNT.




$$
