869
CDUS41 KRNK 172232
CLIRNK


CLIMATE REPORT
NATIONAL WEATHER SERVICE BLACKSBURG VA
530 PM EST FRI NOV 17 2017


...................................

...THE BLACKSBURG VA CLIMATE SUMMARY FOR NOVEMBER 17 2017...
VALID TODAY AS OF 0500 PM LOCAL TIME.

CLIMATE NORMAL PERIOD 1981 TO 2010
CLIMATE RECORD PERIOD 1952 TO 2017


WEATHER ITEM   OBSERVED RECORD YEAR NORMAL DEPARTURE LAST
                VALUE   VALUE       VALUE  FROM      YEAR
                                           NORMAL
...........................................................
TEMPERATURE (F)
 TODAY
  MAXIMUM         56     75    1955  55      1       68
  MINIMUM         26     15    1970  31     -5       31
  AVERAGE         41                 43     -2       50

PRECIPITATION (IN)
  TODAY            0.00   0.93 2002   0.10  -0.10     0.00
  MONTH TO DATE    0.83               1.57  -0.74     0.07
  SINCE SEP 1     10.00               7.45   2.55     8.93
  SINCE JAN 1     39.96              36.64   3.32    37.60

SNOWFALL (IN)
  TODAY            0.0                                0.0
  MONTH TO DATE    0.0                                0.0
  SINCE SEP 1      T                                  0.0
  SINCE JUL 1      T                                  0.0
  SNOW DEPTH       0

DEGREE DAYS
 HEATING
  TODAY           24                 22      2       15
  MONTH TO DATE  334                330      4      264
  SINCE SEP 1    676                839   -163      493
  SINCE JUL 1    685                857   -172      493

 COOLING
  TODAY            0                  0      0        0
  MONTH TO DATE    0                  0      0        0
  SINCE SEP 1     96                 61     35      137
  SINCE JAN 1    632                573     59      914
...........................................................


WIND (MPH)
  HIGHEST WIND SPEED    10   HIGHEST WIND DIRECTION    NW (300)
  HIGHEST GUST SPEED    MM   HIGHEST GUST DIRECTION    MM
  AVERAGE WIND SPEED     3.3


SKY COVER
  AVERAGE SKY COVER 0.0


WEATHER CONDITIONS
 THE FOLLOWING WEATHER WAS RECORDED TODAY.
  NO SIGNIFICANT WEATHER WAS OBSERVED.


RELATIVE HUMIDITY (PERCENT)
 HIGHEST    92           700 AM
 LOWEST     32           300 PM
 AVERAGE    62

..........................................................


THE BLACKSBURG VA CLIMATE NORMALS FOR TOMORROW
                         NORMAL    RECORD    YEAR
 MAXIMUM TEMPERATURE (F)   55        75      2016
 MINIMUM TEMPERATURE (F)   30        14      1997


SUNRISE AND SUNSET
NOVEMBER 17 2017......SUNRISE   703 AM EST   SUNSET   510 PM EST
NOVEMBER 18 2017......SUNRISE   704 AM EST   SUNSET   509 PM EST


-  INDICATES NEGATIVE NUMBERS.
R  INDICATES RECORD WAS SET OR TIED.
MM INDICATES DATA IS MISSING.
T  INDICATES TRACE AMOUNT.

REMARKS:
DUE TO MISSING TEMPERATURES ON SEPTEMBER 8-10...ALL TEMPERATURES AND
DEGREE DAY INFORMATION WILL BE CALCULATED WITHOUT DATA FROM THESE
DATES.

$$

RAB
