000
CDUS41 KRNK 272106
CLIRNK


CLIMATE REPORT
NATIONAL WEATHER SERVICE BLACKSBURG VA
504 PM EDT SAT MAY 27 2017


...................................

...THE BLACKSBURG VA CLIMATE SUMMARY FOR MAY 27 2017...
VALID TODAY AS OF 0500 PM LOCAL TIME.

CLIMATE NORMAL PERIOD 1981 TO 2010
CLIMATE RECORD PERIOD 1952 TO 2017


WEATHER ITEM   OBSERVED RECORD YEAR NORMAL DEPARTURE LAST
                VALUE   VALUE       VALUE  FROM      YEAR
                                           NORMAL
...........................................................
TEMPERATURE (F)
 TODAY
  MAXIMUM         78     85    2010  74      4       83
  MINIMUM         52     28    1972  51      1       58
  AVERAGE         65                 62      3       71

PRECIPITATION (IN)
  TODAY            0.00   1.26 2011   0.16  -0.16     0.00
  MONTH TO DATE    6.22               3.70   2.52     4.46
  SINCE MAR 1     15.38              10.82   4.56     8.78
  SINCE JAN 1     21.16              16.71   4.45    15.92

SNOWFALL (IN)
  TODAY            0.0                                0.0
  MONTH TO DATE    0.0                                0.0
  SINCE MAR 1      1.1                                1.6
  SINCE JUL 1      7.7                               25.6
  SNOW DEPTH       0

DEGREE DAYS
 HEATING
  TODAY            0                  4     -4        0
  MONTH TO DATE  156                188    -32      172
  SINCE MAR 1   1074               1345   -271     1019
  SINCE JUL 1   4166               5393  -1227     4454

 COOLING
  TODAY            0                  1     -1        6
  MONTH TO DATE   27                 16     11       21
  SINCE MAR 1     46                 19     27       31
  SINCE JAN 1     46                 19     27       31
...........................................................


WIND (MPH)
  HIGHEST WIND SPEED    10   HIGHEST WIND DIRECTION     W (260)
  HIGHEST GUST SPEED    18   HIGHEST GUST DIRECTION     W (280)
  AVERAGE WIND SPEED     2.7


SKY COVER
  AVERAGE SKY COVER 0.5


WEATHER CONDITIONS
 THE FOLLOWING WEATHER WAS RECORDED TODAY.
  NO SIGNIFICANT WEATHER WAS OBSERVED.


RELATIVE HUMIDITY (PERCENT)
 HIGHEST    96           200 AM
 LOWEST     58           100 PM
 AVERAGE    77

..........................................................


THE BLACKSBURG VA CLIMATE NORMALS FOR TOMORROW
                         NORMAL    RECORD    YEAR
 MAXIMUM TEMPERATURE (F)   74        87      1955
 MINIMUM TEMPERATURE (F)   51        35      1972


SUNRISE AND SUNSET
MAY 27 2017...........SUNRISE   605 AM EDT   SUNSET   833 PM EDT
MAY 28 2017...........SUNRISE   605 AM EDT   SUNSET   834 PM EDT


-  INDICATES NEGATIVE NUMBERS.
R  INDICATES RECORD WAS SET OR TIED.
MM INDICATES DATA IS MISSING.
T  INDICATES TRACE AMOUNT.


$$

PW
