000
CDUS41 KRNK 240825
CLIRNK


CLIMATE REPORT
NATIONAL WEATHER SERVICE BLACKSBURG VA
424 AM EDT SUN SEP 24 2017


...................................

...THE BLACKSBURG VA CLIMATE SUMMARY FOR SEPTEMBER 23 2017...

CLIMATE NORMAL PERIOD 1981 TO 2010
CLIMATE RECORD PERIOD 1952 TO 2017


WEATHER ITEM   OBSERVED RECORD YEAR NORMAL DEPARTURE LAST
                VALUE   VALUE       VALUE  FROM      YEAR
                                           NORMAL
...........................................................
TEMPERATURE (F)
 YESTERDAY
  MAXIMUM         84     89    2010  73     11       86
  MINIMUM         55     25    1983  48      7       55
  AVERAGE         70                 60     10       71

PRECIPITATION (IN)
  YESTERDAY        0.00   1.16 1975   0.10  -0.10     0.00
  MONTH TO DATE    1.45               2.39  -0.94     0.98
  SINCE SEP 1      1.45               2.39  -0.94     0.98
  SINCE JAN 1     31.41              31.58  -0.17    29.65

SNOWFALL (IN)
  YESTERDAY        0.0                                0.0
  MONTH TO DATE    0.0                                0.0
  SINCE SEP 1      0.0                                0.0
  SINCE JUL 1      0.0                                0.0
  SNOW DEPTH       0

DEGREE DAYS
 HEATING
  YESTERDAY        0                  6     -6        0
  MONTH TO DATE   61                 63     -2        0
  SINCE SEP 1     61                 63     -2        0
  SINCE JUL 1     70                 81    -11        0

 COOLING
  YESTERDAY        5                  1      4        6
  MONTH TO DATE   40                 52    -12      116
  SINCE SEP 1     40                 52    -12      116
  SINCE JAN 1    576                564     12      893
...........................................................


WIND (MPH)
  HIGHEST WIND SPEED    10   HIGHEST WIND DIRECTION     E (110)
  HIGHEST GUST SPEED    16   HIGHEST GUST DIRECTION    SE (120)
  AVERAGE WIND SPEED     2.5


SKY COVER
  AVERAGE SKY COVER 0.1


WEATHER CONDITIONS
 THE FOLLOWING WEATHER WAS RECORDED YESTERDAY.
  FOG
  FOG W/VISIBILITY <= 1/4 MILE
  HAZE


RELATIVE HUMIDITY (PERCENT)
 HIGHEST   100           200 AM
 LOWEST     30           300 PM
 AVERAGE    65

..........................................................


THE BLACKSBURG VA CLIMATE NORMALS FOR TODAY
                         NORMAL    RECORD    YEAR
 MAXIMUM TEMPERATURE (F)   72        87      2010
                                             1970
 MINIMUM TEMPERATURE (F)   48        22      1983


SUNRISE AND SUNSET
SEPTEMBER 24 2017.....SUNRISE   711 AM EDT   SUNSET   715 PM EDT
SEPTEMBER 25 2017.....SUNRISE   712 AM EDT   SUNSET   714 PM EDT


-  INDICATES NEGATIVE NUMBERS.
R  INDICATES RECORD WAS SET OR TIED.
MM INDICATES DATA IS MISSING.
T  INDICATES TRACE AMOUNT.


REMARKS:
DUE TO MISSING TEMPERATURES ON SEPTEMBER 8-10...ALL TEMPERATURE AND
DEGREE DAY INFORMATION WILL BE CALCULATED WITHOUT DATA FROM THESE
DATES.

$$
