000
CDUS41 KRNK 220844
CLIRNK


CLIMATE REPORT
NATIONAL WEATHER SERVICE BLACKSBURG VA
335 AM EST SUN JAN 22 2017


...................................

...THE BLACKSBURG VA CLIMATE SUMMARY FOR JANUARY 21 2017...

CLIMATE NORMAL PERIOD 1981 TO 2010
CLIMATE RECORD PERIOD 1952 TO 2017


WEATHER ITEM   OBSERVED RECORD YEAR NORMAL DEPARTURE LAST
                VALUE   VALUE       VALUE  FROM      YEAR
                                           NORMAL
...........................................................
TEMPERATURE (F)
 YESTERDAY
  MAXIMUM         54     59    1954  42     12       36
  MINIMUM         37    -18    1985  21     16       20
  AVERAGE         46                 32     14       28

PRECIPITATION (IN)
  YESTERDAY        0.19   1.30 1979   0.10   0.09     0.00
  MONTH TO DATE    2.76               2.11   0.65     1.20
  SINCE DEC 1      5.85               5.06   0.79     6.22
  SINCE JAN 1      2.76               2.11   0.65     1.20

SNOWFALL (IN)
  YESTERDAY        0.0                                0.0
  MONTH TO DATE    4.7                                1.2
  SINCE DEC 1      5.4                                1.2
  SINCE JUL 1      5.4                                1.2
  SNOW DEPTH       0

DEGREE DAYS
 HEATING
  YESTERDAY       19                 34    -15       37
  MONTH TO DATE  564                714   -150      743
  SINCE DEC 1   1444               1681   -237     1301
  SINCE JUL 1   2217               2861   -644     2189

 COOLING
  YESTERDAY        0                  0      0        0
  MONTH TO DATE    0                  0      0        0
  SINCE DEC 1      0                  0      0        0
  SINCE JAN 1      0                  0      0        0
...........................................................


WIND (MPH)
  HIGHEST WIND SPEED     9   HIGHEST WIND DIRECTION     E (110)
  HIGHEST GUST SPEED    MM   HIGHEST GUST DIRECTION    MM
  AVERAGE WIND SPEED     1.2


SKY COVER
  AVERAGE SKY COVER 0.8


WEATHER CONDITIONS
 THE FOLLOWING WEATHER WAS RECORDED YESTERDAY.
  RAIN
  LIGHT RAIN
  FOG
  FOG W/VISIBILITY <= 1/4 MILE


RELATIVE HUMIDITY (PERCENT)
 HIGHEST   100          1200 AM
 LOWEST     89           300 PM
 AVERAGE    95

..........................................................


THE BLACKSBURG VA CLIMATE NORMALS FOR TODAY
                         NORMAL    RECORD    YEAR
 MAXIMUM TEMPERATURE (F)   42        65      1959
 MINIMUM TEMPERATURE (F)   21        -3      1970


SUNRISE AND SUNSET
JANUARY 22 2017.......SUNRISE   731 AM EST   SUNSET   536 PM EST
JANUARY 23 2017.......SUNRISE   731 AM EST   SUNSET   537 PM EST


-  INDICATES NEGATIVE NUMBERS.
R  INDICATES RECORD WAS SET OR TIED.
MM INDICATES DATA IS MISSING.
T  INDICATES TRACE AMOUNT.




$$
