000
CDUS46 KSGX 280017
CLIRNM


CLIMATE REPORT
NATIONAL WEATHER SERVICE SAN DIEGO, CA
517 PM PDT MON JUL 27 2015


...................................

...THE RAMONA AIRPORT CA CLIMATE SUMMARY FOR JULY 27 2015...
VALID TODAY AS OF 0500 PM LOCAL TIME.

CLIMATE NORMAL PERIOD 1981 TO 2010
CLIMATE RECORD PERIOD 1974 TO 2015


WEATHER ITEM   OBSERVED TIME   RECORD YEAR NORMAL DEPARTURE LAST
                VALUE   (LST)  VALUE       VALUE  FROM      YEAR
                                                  NORMAL
..................................................................
TEMPERATURE (F)
 TODAY
  MAXIMUM         85   1241 PM 106    1995  89     -4       89
  MINIMUM         55   1237 AM  46    1983  57     -2       63
  AVERAGE         70                        73     -3       76

PRECIPITATION (IN)
  TODAY            0.00          0.08 1984   0.01  -0.01     0.01
  MONTH TO DATE    2.38                      0.11   2.27     0.16
  SINCE OCT 1     12.02                     15.58  -3.56     7.92
  SINCE JAN 1      7.42                     11.44  -4.02     5.25

DEGREE DAYS
 HEATING
  TODAY            0                         0      0        0
  MONTH TO DATE    0                         0      0        0
  SINCE JUN 1      8                        27    -19        7
  SINCE JUL 1      0                         0      0        0

 COOLING
  TODAY            5                         8     -3       11
  MONTH TO DATE  179                       189    -10      239
  SINCE JUN 1    371                       275     96      327
  SINCE JAN 1    406                       302    104      410
..................................................................


WIND (MPH)
  RESULTANT WIND SPEED   3   RESULTANT WIND DIRECTION   W (290)
  HIGHEST WIND SPEED    17   HIGHEST WIND DIRECTION     W (270)
  HIGHEST GUST SPEED    22   HIGHEST GUST DIRECTION     W (280)
  AVERAGE WIND SPEED     5.5


SKY COVER
  POSSIBLE SUNSHINE  MM
  AVERAGE SKY COVER 0.3


WEATHER CONDITIONS
 THE FOLLOWING WEATHER WAS RECORDED TODAY.
  FOG
  FOG W/VISIBILITY <= 1/4 MILE


RELATIVE HUMIDITY (PERCENT)
 HIGHEST   100           100 AM
 LOWEST     40          1200 PM
 AVERAGE    70

..........................................................


THE RAMONA AIRPORT CA CLIMATE NORMALS FOR TOMORROW
                         NORMAL    RECORD    YEAR
 MAXIMUM TEMPERATURE (F)   89       102      1980
 MINIMUM TEMPERATURE (F)   57        48      2012
                                             1986


SUNRISE AND SUNSET
JULY 27 2015..........SUNRISE   557 AM PDT   SUNSET   750 PM PDT
JULY 28 2015..........SUNRISE   558 AM PDT   SUNSET   750 PM PDT


-  INDICATES NEGATIVE NUMBERS.
R  INDICATES RECORD WAS SET OR TIED.
MM INDICATES DATA IS MISSING.
T  INDICATES TRACE AMOUNT.




$$
