000
CDUS46 KSGX 241435
CLIRNM


CLIMATE REPORT
NATIONAL WEATHER SERVICE SAN DIEGO, CA
735 AM PDT SUN MAY 24 2015


...................................

...THE RAMONA AIRPORT CA CLIMATE SUMMARY FOR MAY 23 2015...

CLIMATE NORMAL PERIOD 1981 TO 2010
CLIMATE RECORD PERIOD 1974 TO 2015


WEATHER ITEM   OBSERVED TIME   RECORD YEAR NORMAL DEPARTURE LAST
                VALUE   (LST)  VALUE       VALUE  FROM      YEAR
                                                  NORMAL
..................................................................
TEMPERATURE (F)
 YESTERDAY
  MAXIMUM         65    357 PM  97    2001  77    -12       74
  MINIMUM         53    703 AM  38    1975  49      4       56
  AVERAGE         59                        63     -4       65

PRECIPITATION (IN)
  YESTERDAY        0.07          0.36 2008   0.00   0.07     0.00
  MONTH TO DATE    1.47                      0.29   1.18      T
  SINCE OCT 1      9.40                     15.34  -5.94     7.76
  SINCE JAN 1      4.80                     11.20  -6.40     5.09

SNOWFALL (IN)
  YESTERDAY        0.0
  MONTH TO DATE    0.0
  SINCE MAR 1      0.0
  SINCE JUL 1      0.0
  SNOW DEPTH       0

DEGREE DAYS
 HEATING
  YESTERDAY        6                         3      3        0
  MONTH TO DATE  132                       110     22       67
  SINCE MAR 1    520                       761   -241      508
  SINCE JUL 1   1704                      2502   -798     1929

 COOLING
  YESTERDAY        0                         1     -1        0
  MONTH TO DATE    6                        11     -5       47
  SINCE MAR 1     25                        15     10       56
  SINCE JAN 1     27                        16     11       56
..................................................................


WIND (MPH)
  RESULTANT WIND SPEED   5   RESULTANT WIND DIRECTION   W (260)
  HIGHEST WIND SPEED    14   HIGHEST WIND DIRECTION     W (270)
  HIGHEST GUST SPEED    17   HIGHEST GUST DIRECTION     W (270)
  AVERAGE WIND SPEED     5.2


SKY COVER
  POSSIBLE SUNSHINE  MM
  AVERAGE SKY COVER 0.9


WEATHER CONDITIONS
 THE FOLLOWING WEATHER WAS RECORDED YESTERDAY.
  LIGHT RAIN
  FOG


RELATIVE HUMIDITY (PERCENT)
 HIGHEST    93           400 AM
 LOWEST     63           400 PM
 AVERAGE    78

..........................................................


THE RAMONA AIRPORT CA CLIMATE NORMALS FOR TODAY
                         NORMAL    RECORD    YEAR
 MAXIMUM TEMPERATURE (F)   77        90      2001
 MINIMUM TEMPERATURE (F)   49        37      2010


SUNRISE AND SUNSET
MAY 24 2015...........SUNRISE   543 AM PDT   SUNSET   746 PM PDT
MAY 25 2015...........SUNRISE   543 AM PDT   SUNSET   747 PM PDT


-  INDICATES NEGATIVE NUMBERS.
R  INDICATES RECORD WAS SET OR TIED.
MM INDICATES DATA IS MISSING.
T  INDICATES TRACE AMOUNT.




$$
