000
CDUS46 KSGX 211525
CLIRNM


CLIMATE REPORT
NATIONAL WEATHER SERVICE SAN DIEGO, CA
725 AM PST TUE FEB 21 2017


...................................

...THE RAMONA AIRPORT CA CLIMATE SUMMARY FOR FEBRUARY 20 2017...

CLIMATE NORMAL PERIOD 1981 TO 2010
CLIMATE RECORD PERIOD 1974 TO 2017


WEATHER ITEM   OBSERVED TIME   RECORD YEAR NORMAL DEPARTURE LAST
                VALUE   (LST)  VALUE       VALUE  FROM      YEAR
                                                  NORMAL
..................................................................
TEMPERATURE (F)
 YESTERDAY
  MAXIMUM         65    236 PM  85    1995  65      0       71
  MINIMUM         45    129 AM  26    2006  38      7       34
  AVERAGE         55                        51      4       53

PRECIPITATION (IN)
  YESTERDAY        0.00          1.39 1993   0.13  -0.13     0.00
  MONTH TO DATE    2.00                      2.08  -0.08     0.11
  SINCE OCT 1     16.36                      9.54   6.82    10.18
  SINCE JAN 1      9.34                      5.40   3.94     6.65

DEGREE DAYS
 HEATING
  YESTERDAY       10                        14     -4       12
  MONTH TO DATE  201                       288    -87      157
  SINCE DEC 1   1057                      1224   -167     1099
  SINCE JUL 1   1308                      1635   -327     1438

 COOLING
  YESTERDAY        0                         0      0        0
  MONTH TO DATE    0                         0      0        5
  SINCE DEC 1      1                         1      0        5
  SINCE JAN 1      0                         1     -1        5
..................................................................


WIND (MPH)
  RESULTANT WIND SPEED   1   RESULTANT WIND DIRECTION   W (290)
  HIGHEST WIND SPEED    12   HIGHEST WIND DIRECTION     W (290)
  HIGHEST GUST SPEED    12   HIGHEST GUST DIRECTION     W (290)
  AVERAGE WIND SPEED     2.1


SKY COVER
  POSSIBLE SUNSHINE  MM
  AVERAGE SKY COVER 0.7


WEATHER CONDITIONS
 THE FOLLOWING WEATHER WAS RECORDED YESTERDAY.
  FOG
  FOG W/VISIBILITY <= 1/4 MILE


RELATIVE HUMIDITY (PERCENT)
 HIGHEST   100          1200 AM
 LOWEST     67          1100 AM
 AVERAGE    84

..........................................................


THE RAMONA AIRPORT CA CLIMATE NORMALS FOR TODAY
                         NORMAL    RECORD    YEAR
 MAXIMUM TEMPERATURE (F)   65        83      1982
 MINIMUM TEMPERATURE (F)   38        29      2012
                                             2011


SUNRISE AND SUNSET
FEBRUARY 21 2017......SUNRISE   624 AM PST   SUNSET   538 PM PST
FEBRUARY 22 2017......SUNRISE   623 AM PST   SUNSET   539 PM PST


-  INDICATES NEGATIVE NUMBERS.
R  INDICATES RECORD WAS SET OR TIED.
MM INDICATES DATA IS MISSING.
T  INDICATES TRACE AMOUNT.




$$
