000
CDUS46 KSGX 220020
CLIRNM


CLIMATE REPORT
NATIONAL WEATHER SERVICE SAN DIEGO, CA
519 PM PDT SAT OCT 21 2017


...................................

...THE RAMONA AIRPORT CA CLIMATE SUMMARY FOR OCTOBER 21 2017...
VALID TODAY AS OF 0500 PM LOCAL TIME.

CLIMATE NORMAL PERIOD 1981 TO 2010
CLIMATE RECORD PERIOD 1974 TO 2017


WEATHER ITEM   OBSERVED TIME   RECORD YEAR NORMAL DEPARTURE LAST
                VALUE   (LST)  VALUE       VALUE  FROM      YEAR
                                                  NORMAL
..................................................................
TEMPERATURE (F)
 TODAY
  MAXIMUM         80    243 PM 100    2003  78      2       94
  MINIMUM         41    620 AM  37    2013  47     -6       47
  AVERAGE         61                        62     -1       71

PRECIPITATION (IN)
  TODAY            0.00          0.18 2004   0.03  -0.03     0.00
  MONTH TO DATE    T                         0.42  -0.42     0.01
  SINCE OCT 1      T                         0.42  -0.42     0.01
  SINCE JAN 1     15.94                     12.32   3.62    10.17

DEGREE DAYS
 HEATING
  TODAY            4                         4      0        0
  MONTH TO DATE   18                        54    -36       30
  SINCE SEP 1     32                        69    -37       38
  SINCE JUL 1     32                        72    -40       38

 COOLING
  TODAY            0                         1     -1        6
  MONTH TO DATE   60                        41     19       37
  SINCE SEP 1    262                       221     41      192
  SINCE JAN 1   1197                       834    363      988
..................................................................


WIND (MPH)
  RESULTANT WIND SPEED   2   RESULTANT WIND DIRECTION  NW (320)
  HIGHEST WIND SPEED    13   HIGHEST WIND DIRECTION    NW (310)
  HIGHEST GUST SPEED    16   HIGHEST GUST DIRECTION     W (280)
  AVERAGE WIND SPEED     4.2


SKY COVER
  POSSIBLE SUNSHINE  MM
  AVERAGE SKY COVER 0.0


WEATHER CONDITIONS
 THE FOLLOWING WEATHER WAS RECORDED TODAY.
  FOG


RELATIVE HUMIDITY (PERCENT)
 HIGHEST   100           300 AM
 LOWEST     33           200 PM
 AVERAGE    67

..........................................................


THE RAMONA AIRPORT CA CLIMATE NORMALS FOR TOMORROW
                         NORMAL    RECORD    YEAR
 MAXIMUM TEMPERATURE (F)   78        98      2003
 MINIMUM TEMPERATURE (F)   46        36      2013


SUNRISE AND SUNSET
OCTOBER 21 2017.......SUNRISE   657 AM PDT   SUNSET   607 PM PDT
OCTOBER 22 2017.......SUNRISE   658 AM PDT   SUNSET   606 PM PDT


-  INDICATES NEGATIVE NUMBERS.
R  INDICATES RECORD WAS SET OR TIED.
MM INDICATES DATA IS MISSING.
T  INDICATES TRACE AMOUNT.




$$
