000
CDUS46 KSGX 100119
CLIRNM


CLIMATE REPORT
NATIONAL WEATHER SERVICE SAN DIEGO, CA
519 PM PST FRI DEC 9 2016


...................................

...THE RAMONA AIRPORT CA CLIMATE SUMMARY FOR DECEMBER 9 2016...
VALID TODAY AS OF 0500 PM LOCAL TIME.

CLIMATE NORMAL PERIOD 1981 TO 2010
CLIMATE RECORD PERIOD 1974 TO 2016


WEATHER ITEM   OBSERVED TIME   RECORD YEAR NORMAL DEPARTURE LAST
                VALUE   (LST)  VALUE       VALUE  FROM      YEAR
                                                  NORMAL
..................................................................
TEMPERATURE (F)
 TODAY
  MAXIMUM         65    300 PM  85    1975  65      0       79
  MINIMUM         35    542 AM  23    2013  35      0       39
  AVERAGE         50                        50      0       59

PRECIPITATION (IN)
  TODAY            0.00          0.22 1996   0.06  -0.06     0.00
  MONTH TO DATE    0.00                      0.49  -0.49     0.00
  SINCE OCT 1      1.63                      2.40  -0.77     1.76
  SINCE JAN 1     11.79                     14.30  -2.51    10.48

DEGREE DAYS
 HEATING
  TODAY           15                        15      0        6
  MONTH TO DATE  138                       132      6       83
  SINCE DEC 1    138                       132      6       83
  SINCE JUL 1    389                       543   -154      422

 COOLING
  TODAY            0                         0      0        0
  MONTH TO DATE    0                         0      0        0
  SINCE DEC 1      0                         0      0        0
  SINCE JAN 1   1019                       850    169     1207
..................................................................


WIND (MPH)
  RESULTANT WIND SPEED   2   RESULTANT WIND DIRECTION  NW (300)
  HIGHEST WIND SPEED    10   HIGHEST WIND DIRECTION    NW (310)
  HIGHEST GUST SPEED    13   HIGHEST GUST DIRECTION    NW (320)
  AVERAGE WIND SPEED     2.5


SKY COVER
  POSSIBLE SUNSHINE  MM
  AVERAGE SKY COVER 0.2


WEATHER CONDITIONS
 THE FOLLOWING WEATHER WAS RECORDED TODAY.
  FOG
  FOG W/VISIBILITY <= 1/4 MILE
  HAZE


RELATIVE HUMIDITY (PERCENT)
 HIGHEST   100           300 AM
 LOWEST     56          1100 AM
 AVERAGE    78

..........................................................


THE RAMONA AIRPORT CA CLIMATE NORMALS FOR TOMORROW
                         NORMAL    RECORD    YEAR
 MAXIMUM TEMPERATURE (F)   65        81      2004
                                             1975
 MINIMUM TEMPERATURE (F)   34        27      2011
                                             1997


SUNRISE AND SUNSET
DECEMBER  9 2016......SUNRISE   639 AM PST   SUNSET   441 PM PST
DECEMBER 10 2016......SUNRISE   640 AM PST   SUNSET   441 PM PST


-  INDICATES NEGATIVE NUMBERS.
R  INDICATES RECORD WAS SET OR TIED.
MM INDICATES DATA IS MISSING.
T  INDICATES TRACE AMOUNT.




$$
