003
CDUS46 KSGX 081541
CLIRNM


CLIMATE REPORT
NATIONAL WEATHER SERVICE SAN DIEGO, CA
741 AM PST MON FEB 8 2016


...................................

...THE RAMONA AIRPORT CA CLIMATE SUMMARY FOR FEBRUARY 7 2016...

CLIMATE NORMAL PERIOD 1981 TO 2010
CLIMATE RECORD PERIOD 1974 TO 2016


WEATHER ITEM   OBSERVED TIME   RECORD YEAR NORMAL DEPARTURE LAST
                VALUE   (LST)  VALUE       VALUE  FROM      YEAR
                                                  NORMAL
..................................................................
TEMPERATURE (F)
 YESTERDAY
  MAXIMUM         79    233 PM  85    1996  65     14       74
  MINIMUM         40    220 AM  22    1974  36      4       32
  AVERAGE         60                        50     10       53

PRECIPITATION (IN)
  YESTERDAY        0.00          1.36 1992   0.09  -0.09     0.00
  MONTH TO DATE    0.01                      0.51  -0.50     0.00
  SINCE OCT 1     10.08                      7.97   2.11     5.39
  SINCE JAN 1      6.55                      3.83   2.72     0.79

DEGREE DAYS
 HEATING
  YESTERDAY        5                        15    -10       12
  MONTH TO DATE   88                       105    -17       61
  SINCE DEC 1   1030                      1041    -11      809
  SINCE JUL 1   1369                      1452    -83     1009

 COOLING
  YESTERDAY        0                         0      0        0
  MONTH TO DATE    0                         0      0        0
  SINCE DEC 1      0                         1     -1        0
  SINCE JAN 1      0                         1     -1        0
..................................................................


WIND (MPH)
  RESULTANT WIND SPEED  11   RESULTANT WIND DIRECTION   E (80)
  HIGHEST WIND SPEED    23   HIGHEST WIND DIRECTION     E (90)
  HIGHEST GUST SPEED    29   HIGHEST GUST DIRECTION     E (100)
  AVERAGE WIND SPEED    11.7


SKY COVER
  POSSIBLE SUNSHINE  MM
  AVERAGE SKY COVER 0.0


WEATHER CONDITIONS
 THE FOLLOWING WEATHER WAS RECORDED YESTERDAY.
  NO SIGNIFICANT WEATHER WAS OBSERVED.


RELATIVE HUMIDITY (PERCENT)
 HIGHEST    55           400 AM
 LOWEST     11           100 PM
 AVERAGE    33

..........................................................


THE RAMONA AIRPORT CA CLIMATE NORMALS FOR TODAY
                         NORMAL    RECORD    YEAR
 MAXIMUM TEMPERATURE (F)   65        84      1996
 MINIMUM TEMPERATURE (F)   36        27      2001


SUNRISE AND SUNSET
FEBRUARY  8 2016......SUNRISE   638 AM PST   SUNSET   526 PM PST
FEBRUARY  9 2016......SUNRISE   637 AM PST   SUNSET   527 PM PST


-  INDICATES NEGATIVE NUMBERS.
R  INDICATES RECORD WAS SET OR TIED.
MM INDICATES DATA IS MISSING.
T  INDICATES TRACE AMOUNT.




$$
