000
CDUS45 KREV 290836
CLIRNO


CLIMATE REPORT
NATIONAL WEATHER SERVICE RENO NV
1236 AM PST MON DEC 29 2014


...................................

...THE RENO TAHOE AIRPORT NV CLIMATE SUMMARY FOR DECEMBER 28 2014...

CLIMATE NORMAL PERIOD 1981 TO 2010
CLIMATE RECORD PERIOD 1888 TO 2014


WEATHER ITEM   OBSERVED TIME   RECORD YEAR NORMAL DEPARTURE LAST
                VALUE   (LST)  VALUE       VALUE  FROM      YEAR
                                                  NORMAL
..................................................................
TEMPERATURE (F)
 YESTERDAY
  MAXIMUM         54    240 PM  63    2011  44     10       49
                                      1998
  MINIMUM         24    747 AM   0    1988  24      0       20
                                      1974
  AVERAGE         39                        34      5       35

PRECIPITATION (IN)
  YESTERDAY        0.00          0.76 1951   0.04  -0.04     0.00
  MONTH TO DATE    0.87                      0.92  -0.05     0.41
  SINCE OCT 1      1.36                      2.25  -0.89     0.96
  SINCE JAN 1      4.93                      7.29  -2.36     4.02

SNOWFALL (IN)
  YESTERDAY        0.0           5.5  1941   0.2   -0.2      0.0
  MONTH TO DATE    0.4                       4.2   -3.8      4.3
  SINCE DEC 1      0.4                       4.2   -3.8      4.3
  SINCE JUL 1      0.4                       7.7   -7.3      4.7
  SNOW DEPTH       0

DEGREE DAYS
 HEATING
  YESTERDAY       26                        31     -5       30
  MONTH TO DATE  647                       831   -184     1028
  SINCE DEC 1    647                       831   -184     1028
  SINCE JUL 1   1472                      1934   -462     2146

 COOLING
  YESTERDAY        0                         0      0        0
  MONTH TO DATE    0                         0      0        0
  SINCE DEC 1      0                         0      0        0
  SINCE JAN 1   1211                       839    372     1174
..................................................................


WIND (MPH)
  RESULTANT WIND SPEED   5   RESULTANT WIND DIRECTION  NW (310)
  HIGHEST WIND SPEED    25   HIGHEST WIND DIRECTION    NW (300)
  HIGHEST GUST SPEED    32   HIGHEST GUST DIRECTION    NW (300)
  AVERAGE WIND SPEED     6.1



WEATHER CONDITIONS
 THE FOLLOWING WEATHER WAS RECORDED YESTERDAY.
  NO SIGNIFICANT WEATHER WAS OBSERVED.


RELATIVE HUMIDITY (PERCENT)
 HIGHEST    81           700 AM
 LOWEST     21           400 PM
 AVERAGE    51

..........................................................


THE RENO TAHOE AIRPORT NV CLIMATE NORMALS FOR TODAY
                         NORMAL    RECORD    YEAR
 MAXIMUM TEMPERATURE (F)   44        62      1917
 MINIMUM TEMPERATURE (F)   24        -7      1889


SUNRISE AND SUNSET
DECEMBER 29 2014......SUNRISE   719 AM PST   SUNSET   444 PM PST
DECEMBER 30 2014......SUNRISE   719 AM PST   SUNSET   444 PM PST


-  INDICATES NEGATIVE NUMBERS.
R  INDICATES RECORD WAS SET OR TIED.
MM INDICATES DATA IS MISSING.
T  INDICATES TRACE AMOUNT.




$$
