000
CDUS45 KREV 170848
CLIRNO


CLIMATE REPORT
NATIONAL WEATHER SERVICE RENO NV
1245 AM PST FRI NOV 17 2017


...................................

...THE RENO-TAHOE INTL AIRPORT NV CLIMATE SUMMARY FOR NOVEMBER 16 2017...

CLIMATE NORMAL PERIOD 1981 TO 2010
CLIMATE RECORD PERIOD 1888 TO 2017


WEATHER ITEM   OBSERVED TIME   RECORD YEAR NORMAL DEPARTURE LAST
                VALUE   (LST)  VALUE       VALUE  FROM      YEAR
                                                  NORMAL
..................................................................
TEMPERATURE (F)
 YESTERDAY
  MAXIMUM         52    133 PM  69    1995  55     -3       52
  MINIMUM         43   1101 PM   5    1909  30     13       30
  AVERAGE         48                        42      6       41

PRECIPITATION (IN)
  YESTERDAY        0.81R         0.25 1950   0.03   0.78      T
  MONTH TO DATE    0.96                      0.40   0.56      T
  SINCE OCT 1      1.24                      0.91   0.33     2.43
  SINCE JAN 1     13.40                      5.95   7.45     7.68

SNOWFALL (IN)
  YESTERDAY        0.0           1.9  1955   0.1   -0.1       T
  MONTH TO DATE    0.0                       1.4   -1.4       T
  SINCE SEP 1      T                         1.8   -1.8       T
  SINCE JUL 1      T                         1.8   -1.8       T
  SNOW DEPTH       0

DEGREE DAYS
 HEATING
  YESTERDAY       17                        23     -6       24
  MONTH TO DATE  249                       317    -68      201
  SINCE SEP 1    706                       743    -37      530
  SINCE JUL 1    706                       753    -47      530

 COOLING
  YESTERDAY        0                         0      0        0
  MONTH TO DATE    0                         0      0        0
  SINCE SEP 1    151                        93     58       95
  SINCE JAN 1   1401                       839    562     1088
..................................................................


WIND (MPH)
  RESULTANT WIND SPEED   6   RESULTANT WIND DIRECTION   S (170)
  HIGHEST WIND SPEED    26   HIGHEST WIND DIRECTION     S (180)
  HIGHEST GUST SPEED    38   HIGHEST GUST DIRECTION     S (170)
  AVERAGE WIND SPEED     8.1



WEATHER CONDITIONS
 THE FOLLOWING WEATHER WAS RECORDED YESTERDAY.
  RAIN
  LIGHT RAIN
  FOG


RELATIVE HUMIDITY (PERCENT)
 HIGHEST    93           900 AM
 LOWEST     76          1200 AM
 AVERAGE    85

..........................................................


THE RENO-TAHOE INTL AIRPORT NV CLIMATE NORMALS FOR TODAY
                         NORMAL    RECORD    YEAR
 MAXIMUM TEMPERATURE (F)   54        73      1995
 MINIMUM TEMPERATURE (F)   30         1      1958


SUNRISE AND SUNSET
NOVEMBER 17 2017......SUNRISE   646 AM PST   SUNSET   442 PM PST
NOVEMBER 18 2017......SUNRISE   647 AM PST   SUNSET   442 PM PST


-  INDICATES NEGATIVE NUMBERS.
R  INDICATES RECORD WAS SET OR TIED.
MM INDICATES DATA IS MISSING.
T  INDICATES TRACE AMOUNT.




$$
