000
CDUS45 KREV 300837
CLIRNO


CLIMATE REPORT
NATIONAL WEATHER SERVICE RENO NV
136 AM PDT MON MAY 30 2016


...................................

...THE RENO TAHOE AIRPORT NV CLIMATE SUMMARY FOR MAY 29 2016...

CLIMATE NORMAL PERIOD 1981 TO 2010
CLIMATE RECORD PERIOD 1888 TO 2016


WEATHER ITEM   OBSERVED TIME   RECORD YEAR NORMAL DEPARTURE LAST
                VALUE   (LST)  VALUE       VALUE  FROM      YEAR
                                                  NORMAL
..................................................................
TEMPERATURE (F)
 YESTERDAY
  MAXIMUM         86    239 PM  96    1986  78      8       90
  MINIMUM         50    430 AM  28    1895  49      1       56
  AVERAGE         68                        63      5       73

PRECIPITATION (IN)
  YESTERDAY        0.00          1.02 1896   0.02  -0.02     0.00
  MONTH TO DATE    1.16                      0.46   0.70     1.01
  SINCE OCT 1      9.16                      6.10   3.06     4.28
  SINCE JAN 1      5.21                      3.74   1.47     2.86

SNOWFALL (IN)
  YESTERDAY        0.0           0.0    MM   0.0    0.0      0.0
  MONTH TO DATE    0.2                       0.3   -0.1       T
  SINCE MAR 1      7.0                       2.8    4.2       T
  SINCE JUL 1     31.1                      21.8    9.3      2.7
  SNOW DEPTH       0

DEGREE DAYS
 HEATING
  YESTERDAY        0                         4     -4        0
  MONTH TO DATE  172                       198    -26      185
  SINCE MAR 1    980                      1222   -242      953
  SINCE JUL 1   4317                      4860   -543     3818

 COOLING
  YESTERDAY        3                         2      1        8
  MONTH TO DATE   15                        30    -15       15
  SINCE MAR 1     15                        31    -16       15
  SINCE JAN 1     15                        31    -16       15
..................................................................


WIND (MPH)
  RESULTANT WIND SPEED   4   RESULTANT WIND DIRECTION  NW (300)
  HIGHEST WIND SPEED    22   HIGHEST WIND DIRECTION    NW (310)
  HIGHEST GUST SPEED    30   HIGHEST GUST DIRECTION     W (270)
  AVERAGE WIND SPEED     5.6



WEATHER CONDITIONS
 THE FOLLOWING WEATHER WAS RECORDED YESTERDAY.
  NO SIGNIFICANT WEATHER WAS OBSERVED.


RELATIVE HUMIDITY (PERCENT)
 HIGHEST    59           500 AM
 LOWEST     15           200 PM
 AVERAGE    37

..........................................................


THE RENO TAHOE AIRPORT NV CLIMATE NORMALS FOR TODAY
                         NORMAL    RECORD    YEAR
 MAXIMUM TEMPERATURE (F)   78        96      1986
 MINIMUM TEMPERATURE (F)   49        29      1979


SUNRISE AND SUNSET
MAY 30 2016...........SUNRISE   535 AM PDT   SUNSET   819 PM PDT
MAY 31 2016...........SUNRISE   534 AM PDT   SUNSET   820 PM PDT


-  INDICATES NEGATIVE NUMBERS.
R  INDICATES RECORD WAS SET OR TIED.
MM INDICATES DATA IS MISSING.
T  INDICATES TRACE AMOUNT.




$$
