000
CDUS45 KREV 240047
CLIRNO


CLIMATE REPORT
NATIONAL WEATHER SERVICE RENO NV
547 PM PDT TUE SEP 23 2014


...................................

...THE RENO TAHOE AIRPORT NV CLIMATE SUMMARY FOR SEPTEMBER 23 2014...
VALID TODAY AS OF 0500 PM LOCAL TIME.

CLIMATE NORMAL PERIOD 1981 TO 2010
CLIMATE RECORD PERIOD 1888 TO 2014


WEATHER ITEM   OBSERVED TIME   RECORD YEAR NORMAL DEPARTURE LAST
                VALUE   (LST)  VALUE       VALUE  FROM      YEAR
                                                  NORMAL
..................................................................
TEMPERATURE (F)
 TODAY
  MAXIMUM         89    247 PM  93    2011  79     10       81
                                      2003
  MINIMUM         54    614 AM  27    1977  46      8       42
                                      1945
                                      1941
  AVERAGE         72                        63      9       62

PRECIPITATION (IN)
  TODAY            0.00          0.18 2007   0.02  -0.02     0.00
  MONTH TO DATE    0.01                      0.24  -0.23      T
  SINCE OCT 1      4.25                      7.29  -3.04     6.08
  SINCE JAN 1      3.29                      4.93  -1.64     3.04

SNOWFALL (IN)
  TODAY            0.0           0.0    MM   0.0    0.0      0.0
  MONTH TO DATE    0.0                       0.0    0.0      0.0
  SINCE SEP 1      0.0                       0.0    0.0      0.0
  SINCE JUL 1      0.0                       0.0    0.0       T
  SNOW DEPTH       0

DEGREE DAYS
 HEATING
  TODAY            0                         4     -4        3
  MONTH TO DATE    0                        47    -47       25
  SINCE SEP 1      0                        47    -47       25
  SINCE JUL 1      4                        57    -53       25

 COOLING
  TODAY            7                         2      5        0
  MONTH TO DATE  164                        79     85      139
  SINCE SEP 1    164                        79     85      139
  SINCE JAN 1   1200                       825    375     1172
..................................................................


WIND (MPH)
  RESULTANT WIND SPEED   0   RESULTANT WIND DIRECTION   S (190)
  HIGHEST WIND SPEED    17   HIGHEST WIND DIRECTION     S (190)
  HIGHEST GUST SPEED    21   HIGHEST GUST DIRECTION     W (290)
  AVERAGE WIND SPEED     3.7



WEATHER CONDITIONS
 THE FOLLOWING WEATHER WAS RECORDED TODAY.
  HAZE


RELATIVE HUMIDITY (PERCENT)
 HIGHEST    71           500 AM
 LOWEST     10           100 PM
 AVERAGE    41

..........................................................


THE RENO TAHOE AIRPORT NV CLIMATE NORMALS FOR TOMORROW
                         NORMAL    RECORD    YEAR
 MAXIMUM TEMPERATURE (F)   79        94      2003
 MINIMUM TEMPERATURE (F)   46        21      1958


SUNRISE AND SUNSET
SEPTEMBER 23 2014.....SUNRISE   648 AM PDT   SUNSET   654 PM PDT
SEPTEMBER 24 2014.....SUNRISE   649 AM PDT   SUNSET   653 PM PDT


-  INDICATES NEGATIVE NUMBERS.
R  INDICATES RECORD WAS SET OR TIED.
MM INDICATES DATA IS MISSING.
T  INDICATES TRACE AMOUNT.




$$
