000
CDUS45 KREV 280838
CLIRNO


CLIMATE REPORT
NATIONAL WEATHER SERVICE RENO NV
137 AM PDT SAT MAR 28 2015


...................................

...THE RENO TAHOE AIRPORT NV CLIMATE SUMMARY FOR MARCH 27 2015...

CLIMATE NORMAL PERIOD 1981 TO 2010
CLIMATE RECORD PERIOD 1888 TO 2015


WEATHER ITEM   OBSERVED TIME   RECORD YEAR NORMAL DEPARTURE LAST
                VALUE   (LST)  VALUE       VALUE  FROM      YEAR
                                                  NORMAL
..................................................................
TEMPERATURE (F)
 YESTERDAY
  MAXIMUM         80R   246 PM  75    1986  60     20       55
                                      1966
  MINIMUM         44    524 AM  13    1902  35      9       40
  AVERAGE         62                        47     15       48

PRECIPITATION (IN)
  YESTERDAY        0.00          0.20 1928   0.01  -0.01     0.00
  MONTH TO DATE    0.01                      0.69  -0.68     0.08
  SINCE OCT 1      2.92                      5.10  -2.18     2.11
  SINCE JAN 1      1.50                      2.74  -1.24     1.15

SNOWFALL (IN)
  YESTERDAY        0.0           2.1  1985   0.0    0.0      0.0
  MONTH TO DATE    0.0                       1.8   -1.8      0.0
  SINCE MAR 1      0.0                       1.8   -1.8      0.0
  SINCE JUL 1      2.7                      20.8  -18.1      6.2
  SNOW DEPTH       0

DEGREE DAYS
 HEATING
  YESTERDAY        3                        18    -15       17
  MONTH TO DATE  367                       528   -161      437
  SINCE MAR 1    367                       528   -161      437
  SINCE JUL 1   3232                      4166   -934     4021

 COOLING
  YESTERDAY        0                         0      0        0
  MONTH TO DATE    0                         0      0        0
  SINCE MAR 1      0                         0      0        0
  SINCE JAN 1      0                         0      0        0
..................................................................


WIND (MPH)
  RESULTANT WIND SPEED   3   RESULTANT WIND DIRECTION   W (280)
  HIGHEST WIND SPEED    24   HIGHEST WIND DIRECTION     S (180)
  HIGHEST GUST SPEED    36   HIGHEST GUST DIRECTION     W (280)
  AVERAGE WIND SPEED     5.1



WEATHER CONDITIONS
 THE FOLLOWING WEATHER WAS RECORDED YESTERDAY.
  NO SIGNIFICANT WEATHER WAS OBSERVED.


RELATIVE HUMIDITY (PERCENT)
 HIGHEST    65           400 AM
 LOWEST     12           200 PM
 AVERAGE    39

..........................................................


THE RENO TAHOE AIRPORT NV CLIMATE NORMALS FOR TODAY
                         NORMAL    RECORD    YEAR
 MAXIMUM TEMPERATURE (F)   60        76      1966
 MINIMUM TEMPERATURE (F)   35        11      1977


SUNRISE AND SUNSET
MARCH 28 2015.........SUNRISE   650 AM PDT   SUNSET   719 PM PDT
MARCH 29 2015.........SUNRISE   648 AM PDT   SUNSET   720 PM PDT


-  INDICATES NEGATIVE NUMBERS.
R  INDICATES RECORD WAS SET OR TIED.
MM INDICATES DATA IS MISSING.
T  INDICATES TRACE AMOUNT.




$$
