000
CDUS45 KREV 210837
CLIRNO


CLIMATE REPORT
NATIONAL WEATHER SERVICE RENO NV
136 AM PDT TUE OCT 21 2014


...................................

...THE RENO TAHOE AIRPORT NV CLIMATE SUMMARY FOR OCTOBER 20 2014...

CLIMATE NORMAL PERIOD 1981 TO 2010
CLIMATE RECORD PERIOD 1888 TO 2014


WEATHER ITEM   OBSERVED TIME   RECORD YEAR NORMAL DEPARTURE LAST
                VALUE   (LST)  VALUE       VALUE  FROM      YEAR
                                                  NORMAL
..................................................................
TEMPERATURE (F)
 YESTERDAY
  MAXIMUM         74    141 PM  85    2003  67      7       76
  MINIMUM         44    637 AM  18    1996  38      6       35
  AVERAGE         59                        52      7       56

PRECIPITATION (IN)
  YESTERDAY        T             0.78 1941   0.01  -0.01     0.00
  MONTH TO DATE    T                         0.32  -0.32     0.01
  SINCE OCT 1      T                         0.32  -0.32     0.01
  SINCE JAN 1      3.57                      5.36  -1.79     3.07

SNOWFALL (IN)
  YESTERDAY        0.0           2.0  1957   0.0    0.0      0.0
  MONTH TO DATE    0.0                       0.1   -0.1      0.0
  SINCE SEP 1      0.0                       0.2   -0.2      0.0
  SINCE JUL 1      0.0                       0.2   -0.2       T
  SNOW DEPTH       0

DEGREE DAYS
 HEATING
  YESTERDAY        6                        13     -7        9
  MONTH TO DATE   81                       184   -103      256
  SINCE SEP 1    130                       264   -134      341
  SINCE JUL 1    134                       274   -140      341

 COOLING
  YESTERDAY        0                         0      0        0
  MONTH TO DATE    5                         4      1        0
  SINCE SEP 1    175                        92     83      141
  SINCE JAN 1   1211                       838    373     1174
..................................................................


WIND (MPH)
  RESULTANT WIND SPEED  11   RESULTANT WIND DIRECTION  SW (220)
  HIGHEST WIND SPEED    40   HIGHEST WIND DIRECTION    SW (210)
  HIGHEST GUST SPEED    50   HIGHEST GUST DIRECTION     S (200)
  AVERAGE WIND SPEED    13.4



WEATHER CONDITIONS
 THE FOLLOWING WEATHER WAS RECORDED YESTERDAY.
  LIGHT RAIN


RELATIVE HUMIDITY (PERCENT)
 HIGHEST    65           600 AM
 LOWEST     19           100 PM
 AVERAGE    42

..........................................................


THE RENO TAHOE AIRPORT NV CLIMATE NORMALS FOR TODAY
                         NORMAL    RECORD    YEAR
 MAXIMUM TEMPERATURE (F)   67        84      2003
 MINIMUM TEMPERATURE (F)   37        18      1996


SUNRISE AND SUNSET
OCTOBER 21 2014.......SUNRISE   715 AM PDT   SUNSET   611 PM PDT
OCTOBER 22 2014.......SUNRISE   716 AM PDT   SUNSET   610 PM PDT


-  INDICATES NEGATIVE NUMBERS.
R  INDICATES RECORD WAS SET OR TIED.
MM INDICATES DATA IS MISSING.
T  INDICATES TRACE AMOUNT.




$$
