000
CDUS45 KREV 250838
CLIRNO


CLIMATE REPORT
NATIONAL WEATHER SERVICE RENO NV
137 AM PDT MON SEP 25 2017


...................................

...THE RENO-TAHOE INTL AIRPORT NV CLIMATE SUMMARY FOR SEPTEMBER 24 2017...

CLIMATE NORMAL PERIOD 1981 TO 2010
CLIMATE RECORD PERIOD 1888 TO 2017


WEATHER ITEM   OBSERVED TIME   RECORD YEAR NORMAL DEPARTURE LAST
                VALUE   (LST)  VALUE       VALUE  FROM      YEAR
                                                  NORMAL
..................................................................
TEMPERATURE (F)
 YESTERDAY
  MAXIMUM         65    407 PM  94    2003  79    -14       78
  MINIMUM         37    634 AM  21    1958  46     -9       46
  AVERAGE         51                        62    -11       62

PRECIPITATION (IN)
  YESTERDAY        0.00          0.37 1982   0.01  -0.01     0.00
  MONTH TO DATE    0.69                      0.25   0.44      T
  SINCE OCT 1     15.95                      7.30   8.65     9.20
  SINCE JAN 1     12.16                      4.94   7.22     5.25

SNOWFALL (IN)
  YESTERDAY        0.0           T    1948   0.0    0.0      0.0
  MONTH TO DATE    T                         0.0    0.0      0.0
  SINCE SEP 1      T                         0.0    0.0      0.0
  SINCE JUL 1      T                         0.0    0.0      0.0
  SNOW DEPTH       0

DEGREE DAYS
 HEATING
  YESTERDAY       14                         4     10        3
  MONTH TO DATE   81                        51     30       42
  SINCE SEP 1     81                        51     30       42
  SINCE JUL 1     81                        61     20       42

 COOLING
  YESTERDAY        0                         2     -2        0
  MONTH TO DATE  151                        81     70       76
  SINCE SEP 1    151                        81     70       76
  SINCE JAN 1   1401                       827    574     1069
..................................................................


WIND (MPH)
  RESULTANT WIND SPEED   2   RESULTANT WIND DIRECTION   N (360)
  HIGHEST WIND SPEED    14   HIGHEST WIND DIRECTION     N (20)
  HIGHEST GUST SPEED    18   HIGHEST GUST DIRECTION     N (20)
  AVERAGE WIND SPEED     3.6



WEATHER CONDITIONS
 THE FOLLOWING WEATHER WAS RECORDED YESTERDAY.
  NO SIGNIFICANT WEATHER WAS OBSERVED.


RELATIVE HUMIDITY (PERCENT)
 HIGHEST    64           400 AM
 LOWEST     20           200 PM
 AVERAGE    42

..........................................................


THE RENO-TAHOE INTL AIRPORT NV CLIMATE NORMALS FOR TODAY
                         NORMAL    RECORD    YEAR
 MAXIMUM TEMPERATURE (F)   79        94      1964
 MINIMUM TEMPERATURE (F)   46        25      1972


SUNRISE AND SUNSET
SEPTEMBER 25 2017.....SUNRISE   650 AM PDT   SUNSET   651 PM PDT
SEPTEMBER 26 2017.....SUNRISE   651 AM PDT   SUNSET   649 PM PDT


-  INDICATES NEGATIVE NUMBERS.
R  INDICATES RECORD WAS SET OR TIED.
MM INDICATES DATA IS MISSING.
T  INDICATES TRACE AMOUNT.




$$
