000
CDUS41 KRNK 261245
CLIROA


CLIMATE REPORT
NATIONAL WEATHER SERVICE BLACKSBURG VA
845 AM EDT TUE JUL 26 2016


...................................

...THE ROANOKE VA CLIMATE SUMMARY FOR JULY 25 2016...

CLIMATE NORMAL PERIOD 1981 TO 2010
CLIMATE RECORD PERIOD 1912 TO 2016


WEATHER ITEM   OBSERVED TIME   RECORD YEAR NORMAL DEPARTURE LAST
                VALUE   (LST)  VALUE       VALUE  FROM      YEAR
                                                  NORMAL
..................................................................
TEMPERATURE (F)
 YESTERDAY
  MAXIMUM         96    217 PM 100    1934  87      9       86
  MINIMUM         73    554 AM  54    1947  67      6       66
  AVERAGE         85                        77      8       76

PRECIPITATION (IN)
  YESTERDAY        0.09          2.28 1991   0.13  -0.04     0.00
  MONTH TO DATE    2.33                      3.25  -0.92     4.25
  SINCE JUN 1      8.36                      7.08   1.28    13.32
  SINCE JAN 1     26.09                     23.78   2.31    28.30

SNOWFALL (IN)
  YESTERDAY        0.0                                       0.0
  MONTH TO DATE    0.0                                       0.0
  SINCE JUN 1      0.0                                        T
  SINCE JUL 1      0.0                                       0.0
  SNOW DEPTH       0

DEGREE DAYS
 HEATING
  YESTERDAY        0                         0      0        0
  MONTH TO DATE    0                         0      0        0
  SINCE JUN 1      0                        11    -11        7
  SINCE JUL 1      0                         0      0        0

 COOLING
  YESTERDAY       20                        12      8       11
  MONTH TO DATE  343                       295     48      303
  SINCE JUN 1    623                       541     82      629
  SINCE JAN 1    748                       657     91      797
..................................................................


WIND (MPH)
  HIGHEST WIND SPEED    20   HIGHEST WIND DIRECTION     N (10)
  HIGHEST GUST SPEED    23   HIGHEST GUST DIRECTION     N (360)
  AVERAGE WIND SPEED     4.6


SKY COVER
  AVERAGE SKY COVER 0.3


WEATHER CONDITIONS
 THE FOLLOWING WEATHER WAS RECORDED YESTERDAY.
  THUNDERSTORM
  LIGHT RAIN
  FOG
  HAZE


RELATIVE HUMIDITY (PERCENT)
 HIGHEST    94          1100 PM
 LOWEST     46           200 PM
 AVERAGE    70

..........................................................


THE ROANOKE VA CLIMATE NORMALS FOR TODAY
                         NORMAL    RECORD    YEAR
 MAXIMUM TEMPERATURE (F)   87       101      1930
 MINIMUM TEMPERATURE (F)   66        55      1976
                                             1947
                                             1924


SUNRISE AND SUNSET
JULY 26 2016..........SUNRISE   620 AM EDT   SUNSET   832 PM EDT
JULY 27 2016..........SUNRISE   621 AM EDT   SUNSET   832 PM EDT


-  INDICATES NEGATIVE NUMBERS.
R  INDICATES RECORD WAS SET OR TIED.
MM INDICATES DATA IS MISSING.
T  INDICATES TRACE AMOUNT.




$$
