000
CDUS41 KRNK 262130
CLIROA


CLIMATE REPORT
NATIONAL WEATHER SERVICE BLACKSBURG VA
525 PM EDT THU MAY 26 2016


...................................

...THE ROANOKE VA CLIMATE SUMMARY FOR MAY 26 2016...
VALID TODAY AS OF 0500 PM LOCAL TIME.

CLIMATE NORMAL PERIOD 1981 TO 2010
CLIMATE RECORD PERIOD 1912 TO 2016


WEATHER ITEM   OBSERVED TIME   RECORD YEAR NORMAL DEPARTURE LAST
                VALUE   (LST)  VALUE       VALUE  FROM      YEAR
                                                  NORMAL
..................................................................
TEMPERATURE (F)
 TODAY
  MAXIMUM         85    221 PM  94    1933  78      7       86
  MINIMUM         64    428 AM  40    1988  56      8       59
                                      1930
  AVERAGE         75                        67      8       73

PRECIPITATION (IN)
  TODAY            0.04          1.34 2007   0.15  -0.11     0.00
  MONTH TO DATE    5.70                      3.32   2.38     1.09
  SINCE MAR 1      9.08                     10.15  -1.07    10.40
  SINCE JAN 1     17.31                     15.96   1.35    14.32

SNOWFALL (IN)
  TODAY            0.0                                       0.0
  MONTH TO DATE    0.0                                       0.0
  SINCE MAR 1      1.0                                       1.9
  SINCE JUL 1     23.0                                      21.7
  SNOW DEPTH       0

DEGREE DAYS
 HEATING
  TODAY            0                         2     -2        0
  MONTH TO DATE   92                        93     -1       35
  SINCE MAR 1    671                       920   -249      815
  SINCE JUL 1   3505                      4125   -620     4244

 COOLING
  TODAY           10                         4      6        8
  MONTH TO DATE   37                        65    -28      112
  SINCE MAR 1     86                        94     -8      118
  SINCE JAN 1     86                        94     -8      118
..................................................................


WIND (MPH)
  HIGHEST WIND SPEED    13   HIGHEST WIND DIRECTION     W (270)
  HIGHEST GUST SPEED    16   HIGHEST GUST DIRECTION    SW (220)
  AVERAGE WIND SPEED     2.8


SKY COVER
  AVERAGE SKY COVER 0.6


WEATHER CONDITIONS
 THE FOLLOWING WEATHER WAS RECORDED TODAY.
  LIGHT RAIN


RELATIVE HUMIDITY (PERCENT)
 HIGHEST    87           900 AM
 LOWEST     51           200 PM
 AVERAGE    69

..........................................................


THE ROANOKE VA CLIMATE NORMALS FOR TOMORROW
                         NORMAL    RECORD    YEAR
 MAXIMUM TEMPERATURE (F)   78        95      1941
                                             1937
 MINIMUM TEMPERATURE (F)   57        34      1925


SUNRISE AND SUNSET
MAY 26 2016...........SUNRISE   603 AM EDT   SUNSET   831 PM EDT
MAY 27 2016...........SUNRISE   603 AM EDT   SUNSET   832 PM EDT


-  INDICATES NEGATIVE NUMBERS.
R  INDICATES RECORD WAS SET OR TIED.
MM INDICATES DATA IS MISSING.
T  INDICATES TRACE AMOUNT.




$$
