000
CDUS41 KRNK 232117
CLIROA


CLIMATE REPORT
NATIONAL WEATHER SERVICE BLACKSBURG VA
515 PM EDT SAT MAY 23 2015


...................................

...THE ROANOKE VA CLIMATE SUMMARY FOR MAY 23 2015...
VALID TODAY AS OF 0500 PM LOCAL TIME.

CLIMATE NORMAL PERIOD 1981 TO 2010
CLIMATE RECORD PERIOD 1912 TO 2015


WEATHER ITEM   OBSERVED TIME   RECORD YEAR NORMAL DEPARTURE LAST
                VALUE   (LST)  VALUE       VALUE  FROM      YEAR
                                                  NORMAL
..................................................................
TEMPERATURE (F)
 TODAY
  MAXIMUM         76    400 PM  97    1941  77     -1       82
  MINIMUM         50    553 AM  39    2002  55     -5       62
  AVERAGE         63                        66     -3       72

PRECIPITATION (IN)
  TODAY            0.00          2.62 1985   0.14  -0.14     0.00
  MONTH TO DATE    1.09                      2.89  -1.80     2.21
  SINCE MAR 1     10.40                      9.72   0.68     9.15
  SINCE JAN 1     14.32                     15.53  -1.21    15.43

SNOWFALL (IN)
  TODAY            0.0
  MONTH TO DATE    0.0
  SINCE MAR 1      1.9
  SINCE JUL 1     21.7
  SNOW DEPTH       0

DEGREE DAYS
 HEATING
  TODAY            2                         2      0        0
  MONTH TO DATE   35                        87    -52       54
  SINCE MAR 1    815                       914    -99      964
  SINCE JUL 1   4244                      4119    125     4366

 COOLING
  TODAY            0                         4     -4        7
  MONTH TO DATE   99                        53     46       85
  SINCE MAR 1    105                        82     23       97
  SINCE JAN 1    105                        82     23       97
..................................................................


WIND (MPH)
  HIGHEST WIND SPEED    16   HIGHEST WIND DIRECTION    SE (140)
  HIGHEST GUST SPEED    21   HIGHEST GUST DIRECTION    SE (140)
  AVERAGE WIND SPEED     4.2


SKY COVER
  POSSIBLE SUNSHINE  MM
  AVERAGE SKY COVER 0.2


WEATHER CONDITIONS
 THE FOLLOWING WEATHER WAS RECORDED TODAY.
  NO SIGNIFICANT WEATHER WAS OBSERVED.


RELATIVE HUMIDITY (PERCENT)
 HIGHEST    80           500 AM
 LOWEST     41           200 PM
 AVERAGE    61

..........................................................


THE ROANOKE VA CLIMATE NORMALS FOR TOMORROW
                         NORMAL    RECORD    YEAR
 MAXIMUM TEMPERATURE (F)   78        92      1933
 MINIMUM TEMPERATURE (F)   56        41      1967


SUNRISE AND SUNSET
MAY 23 2015...........SUNRISE   605 AM EDT   SUNSET   828 PM EDT
MAY 24 2015...........SUNRISE   605 AM EDT   SUNSET   829 PM EDT


-  INDICATES NEGATIVE NUMBERS.
R  INDICATES RECORD WAS SET OR TIED.
MM INDICATES DATA IS MISSING.
T  INDICATES TRACE AMOUNT.


$$

PW
