000
CDUS41 KRNK 160916
CLIROA


CLIMATE REPORT
NATIONAL WEATHER SERVICE BLACKSBURG VA
513 AM EDT TUE SEP 16 2014


...................................

...THE ROANOKE VA CLIMATE SUMMARY FOR SEPTEMBER 15 2014...

CLIMATE NORMAL PERIOD 1981 TO 2010
CLIMATE RECORD PERIOD 1912 TO 2014


WEATHER ITEM   OBSERVED TIME   RECORD YEAR NORMAL DEPARTURE LAST
                VALUE   (LST)  VALUE       VALUE  FROM      YEAR
                                                  NORMAL
..................................................................
TEMPERATURE (F)
 YESTERDAY
  MAXIMUM         74   1255 PM  95    1927  79     -5       77
  MINIMUM         56    634 AM  42    1985  58     -2       48
                                      1964
  AVERAGE         65                        68     -3       63

PRECIPITATION (IN)
  YESTERDAY        0.00          2.50 1989   0.15  -0.15     0.00
  MONTH TO DATE    1.01                      2.04  -1.03      T
  SINCE SEP 1      1.01                      2.04  -1.03      T
  SINCE JAN 1     29.59                     30.17  -0.58    42.31

SNOWFALL (IN)
  YESTERDAY        0.0
  MONTH TO DATE    0.0
  SINCE SEP 1      0.0
  SINCE JUL 1      0.0
  SNOW DEPTH       0

DEGREE DAYS
 HEATING
  YESTERDAY        0                         1     -1        2
  MONTH TO DATE    1                         7     -6        5
  SINCE SEP 1      1                         7     -6        5
  SINCE JUL 1      1                         8     -7        6

 COOLING
  YESTERDAY        0                         5     -5        0
  MONTH TO DATE  114                        96     18      119
  SINCE SEP 1    114                        96     18      119
  SINCE JAN 1   1084                      1143    -59     1179
..................................................................


WIND (MPH)
  HIGHEST WIND SPEED    12   HIGHEST WIND DIRECTION    SE (120)
  HIGHEST GUST SPEED    14   HIGHEST GUST DIRECTION     S (160)
  AVERAGE WIND SPEED     3.9


SKY COVER
  POSSIBLE SUNSHINE  MM
  AVERAGE SKY COVER 0.8


WEATHER CONDITIONS
 THE FOLLOWING WEATHER WAS RECORDED YESTERDAY.
  NO SIGNIFICANT WEATHER WAS OBSERVED.


RELATIVE HUMIDITY (PERCENT)
 HIGHEST    93           700 AM
 LOWEST     61          1200 PM
 AVERAGE    77

..........................................................


THE ROANOKE VA CLIMATE NORMALS FOR TODAY
                         NORMAL    RECORD    YEAR
 MAXIMUM TEMPERATURE (F)   78        97      1991
 MINIMUM TEMPERATURE (F)   58        42      1984


SUNRISE AND SUNSET
SEPTEMBER 16 2014.....SUNRISE   703 AM EDT   SUNSET   726 PM EDT
SEPTEMBER 17 2014.....SUNRISE   703 AM EDT   SUNSET   724 PM EDT


-  INDICATES NEGATIVE NUMBERS.
R  INDICATES RECORD WAS SET OR TIED.
MM INDICATES DATA IS MISSING.
T  INDICATES TRACE AMOUNT.



$$
