000
CDUS41 KRNK 242119
CLIROA


CLIMATE REPORT
NATIONAL WEATHER SERVICE BLACKSBURG VA
517 PM EDT SUN SEP 24 2017


...................................

...THE ROANOKE VA CLIMATE SUMMARY FOR SEPTEMBER 24 2017...
VALID TODAY AS OF 0500 PM LOCAL TIME.

CLIMATE NORMAL PERIOD 1981 TO 2010
CLIMATE RECORD PERIOD 1912 TO 2017


WEATHER ITEM   OBSERVED TIME   RECORD YEAR NORMAL DEPARTURE LAST
                VALUE   (LST)  VALUE       VALUE  FROM      YEAR
                                                  NORMAL
..................................................................
TEMPERATURE (F)
 TODAY
  MAXIMUM         87    400 PM  95    1933  75     12       91
                                      1930
  MINIMUM         59    630 AM  34    1983  54      5       63
  AVERAGE         73                        65      8       77

PRECIPITATION (IN)
  TODAY            0.00          1.74 1947   0.11  -0.11     0.00
  MONTH TO DATE    2.38                      3.19  -0.81     1.16
  SINCE SEP 1      2.38                      3.19  -0.81     1.16
  SINCE JAN 1     32.28                     31.32   0.96    34.93

SNOWFALL (IN)
  TODAY            0.0                                       0.0
  MONTH TO DATE    0.0                                       0.0
  SINCE SEP 1      0.0                                       0.0
  SINCE JUL 1      0.0                                       0.0
  SNOW DEPTH       0

DEGREE DAYS
 HEATING
  TODAY            0                         3     -3        0
  MONTH TO DATE   37                        25     12        0
  SINCE SEP 1     37                        25     12        0
  SINCE JUL 1     37                        26     11        0

 COOLING
  TODAY            8                         3      5       12
  MONTH TO DATE  114                       127    -13      239
  SINCE SEP 1    114                       127    -13      239
  SINCE JAN 1   1291                      1174    117     1488
..................................................................


WIND (MPH)
  HIGHEST WIND SPEED    12   HIGHEST WIND DIRECTION    NE (30)
  HIGHEST GUST SPEED    15   HIGHEST GUST DIRECTION     N (10)
  AVERAGE WIND SPEED     4.2


SKY COVER
  AVERAGE SKY COVER 0.3


WEATHER CONDITIONS
 THE FOLLOWING WEATHER WAS RECORDED TODAY.
  NO SIGNIFICANT WEATHER WAS OBSERVED.


RELATIVE HUMIDITY (PERCENT)
 HIGHEST    93           500 AM
 LOWEST     36           300 PM
 AVERAGE    65

..........................................................


THE ROANOKE VA CLIMATE NORMALS FOR TOMORROW
                         NORMAL    RECORD    YEAR
 MAXIMUM TEMPERATURE (F)   75        97      1930
 MINIMUM TEMPERATURE (F)   54        35      1983
                                             1963


SUNRISE AND SUNSET
SEPTEMBER 24 2017.....SUNRISE   710 AM EDT   SUNSET   713 PM EDT
SEPTEMBER 25 2017.....SUNRISE   710 AM EDT   SUNSET   712 PM EDT


-  INDICATES NEGATIVE NUMBERS.
R  INDICATES RECORD WAS SET OR TIED.
MM INDICATES DATA IS MISSING.
T  INDICATES TRACE AMOUNT.


$$

PW
