028
CDUS41 KRNK 250755
CLIROA


CLIMATE REPORT
NATIONAL WEATHER SERVICE BLACKSBURG VA
241 AM EST SAT NOV 25 2017


...................................

...THE ROANOKE VA CLIMATE SUMMARY FOR NOVEMBER 24 2017...

CLIMATE NORMAL PERIOD 1981 TO 2010
CLIMATE RECORD PERIOD 1912 TO 2017


WEATHER ITEM   OBSERVED TIME   RECORD YEAR NORMAL DEPARTURE LAST
                VALUE   (LST)  VALUE       VALUE  FROM      YEAR
                                                  NORMAL
..................................................................
TEMPERATURE (F)
 YESTERDAY
  MAXIMUM         58    305 PM  77    1973  55      3       71
  MINIMUM         26    543 AM  12    1970  35     -9       39
  AVERAGE         42                        45     -3       55

PRECIPITATION (IN)
  YESTERDAY        0.00          1.21 1938   0.11  -0.11     0.00
  MONTH TO DATE    0.70                      2.73  -2.03     0.02
  SINCE SEP 1      7.26                      9.51  -2.25     9.19
  SINCE JAN 1     37.16                     37.64  -0.48    42.96

SNOWFALL (IN)
  YESTERDAY        0.0                                       0.0
  MONTH TO DATE    0.0                                       0.0
  SINCE SEP 1      0.0                                       0.0
  SINCE JUL 1      0.0                                       0.0
  SNOW DEPTH       0

DEGREE DAYS
 HEATING
  YESTERDAY       23                        20      3       10
  MONTH TO DATE  422                       381     41      317
  SINCE SEP 1    639                       677    -38      440
  SINCE JUL 1    639                       678    -39      440

 COOLING
  YESTERDAY        0                         0      0        0
  MONTH TO DATE    0                         0      0       10
  SINCE SEP 1    237                       160     77      314
  SINCE JAN 1   1414                      1207    207     1563
..................................................................


WIND (MPH)
  HIGHEST WIND SPEED    12   HIGHEST WIND DIRECTION     E (110)
  HIGHEST GUST SPEED    14   HIGHEST GUST DIRECTION    SE (120)
  AVERAGE WIND SPEED     2.6


SKY COVER
  AVERAGE SKY COVER 0.0


WEATHER CONDITIONS
 THE FOLLOWING WEATHER WAS RECORDED YESTERDAY.
  NO SIGNIFICANT WEATHER WAS OBSERVED.


RELATIVE HUMIDITY (PERCENT)
 HIGHEST    92           600 AM
 LOWEST     26           100 PM
 AVERAGE    59

..........................................................


THE ROANOKE VA CLIMATE NORMALS FOR TODAY
                         NORMAL    RECORD    YEAR
 MAXIMUM TEMPERATURE (F)   55        73      1973
 MINIMUM TEMPERATURE (F)   35         9      1950


SUNRISE AND SUNSET
NOVEMBER 25 2017......SUNRISE   710 AM EST   SUNSET   504 PM EST
NOVEMBER 26 2017......SUNRISE   711 AM EST   SUNSET   504 PM EST


-  INDICATES NEGATIVE NUMBERS.
R  INDICATES RECORD WAS SET OR TIED.
MM INDICATES DATA IS MISSING.
T  INDICATES TRACE AMOUNT.




$$
