000
CDUS41 KRNK 270934
CLIROA


CLIMATE REPORT
NATIONAL WEATHER SERVICE BLACKSBURG VA
431 AM EST MON FEB 27 2017


...................................

...THE ROANOKE VA CLIMATE SUMMARY FOR FEBRUARY 26 2017...

CLIMATE NORMAL PERIOD 1981 TO 2010
CLIMATE RECORD PERIOD 1912 TO 2017


WEATHER ITEM   OBSERVED TIME   RECORD YEAR NORMAL DEPARTURE LAST
                VALUE   (LST)  VALUE       VALUE  FROM      YEAR
                                                  NORMAL
..................................................................
TEMPERATURE (F)
 YESTERDAY
  MAXIMUM         52    431 PM  79    1930  52      0       39
  MINIMUM         31   1137 PM   8    1970  32     -1       30
  AVERAGE         42                        42      0       35

PRECIPITATION (IN)
  YESTERDAY        0.00          1.59 1958   0.09  -0.09      T
  MONTH TO DATE    0.41                      2.69  -2.28     5.24
  SINCE DEC 1      7.30                      8.55  -1.25    12.78
  SINCE JAN 1      4.51                      5.61  -1.10     8.23

SNOWFALL (IN)
  YESTERDAY        0.0                                        T
  MONTH TO DATE    T                                         8.5
  SINCE DEC 1      4.5                                      22.0
  SINCE JUL 1      4.5                                      22.0
  SNOW DEPTH       0

DEGREE DAYS
 HEATING
  YESTERDAY       23                        23      0       30
  MONTH TO DATE  425                       667   -242      715
  SINCE DEC 1   1901                      2355   -454     2146
  SINCE JUL 1   2429                      3159   -730     2788

 COOLING
  YESTERDAY        0                         0      0        0
  MONTH TO DATE    0                         0      0        0
  SINCE DEC 1      0                         0      0        0
  SINCE JAN 1      0                         0      0        0
..................................................................


WIND (MPH)
  HIGHEST WIND SPEED    22   HIGHEST WIND DIRECTION     W (290)
  HIGHEST GUST SPEED    27   HIGHEST GUST DIRECTION    NW (300)
  AVERAGE WIND SPEED    10.3


SKY COVER
  AVERAGE SKY COVER 0.0


WEATHER CONDITIONS
 THE FOLLOWING WEATHER WAS RECORDED YESTERDAY.
  NO SIGNIFICANT WEATHER WAS OBSERVED.


RELATIVE HUMIDITY (PERCENT)
 HIGHEST    51           200 AM
 LOWEST     17           500 PM
 AVERAGE    34

..........................................................


THE ROANOKE VA CLIMATE NORMALS FOR TODAY
                         NORMAL    RECORD    YEAR
 MAXIMUM TEMPERATURE (F)   53        76      1944
 MINIMUM TEMPERATURE (F)   32         9      1963
                                             1934


SUNRISE AND SUNSET
FEBRUARY 27 2017......SUNRISE   653 AM EST   SUNSET   612 PM EST
FEBRUARY 28 2017......SUNRISE   652 AM EST   SUNSET   613 PM EST


-  INDICATES NEGATIVE NUMBERS.
R  INDICATES RECORD WAS SET OR TIED.
MM INDICATES DATA IS MISSING.
T  INDICATES TRACE AMOUNT.

$$

RAB
