716
CDUS41 KBUF 301020
CLIROC


CLIMATE REPORT
NATIONAL WEATHER SERVICE BUFFALO NY
618 AM EDT SAT JUL 30 2016


...................................

...THE ROCHESTER NY CLIMATE SUMMARY FOR JULY 29 2016...

CLIMATE NORMAL PERIOD 1981 TO 2010
CLIMATE RECORD PERIOD 1871 TO 2016


WEATHER ITEM   OBSERVED TIME   RECORD YEAR NORMAL DEPARTURE LAST
                VALUE   (LST)  VALUE       VALUE  FROM      YEAR
                                                  NORMAL
..................................................................
TEMPERATURE (F)
 YESTERDAY
  MAXIMUM         83    445 PM  94    1949  81      2       91
                                      1940
  MINIMUM         65    526 AM  49    1968  61      4       68
  AVERAGE         74                        71      3       80

PRECIPITATION (IN)
  YESTERDAY        0.00          1.25 1970   0.11  -0.11     0.00
  MONTH TO DATE    1.21                      3.11  -1.90     3.25
  SINCE JUN 1      2.12                      6.45  -4.33     9.45
  SINCE JAN 1     13.73                     18.91  -5.18    21.15

SNOWFALL (IN)
  YESTERDAY        0.0           0.0    MM   0.0    0.0      0.0
  MONTH TO DATE    0.0                       0.0    0.0      0.0
  SINCE JUN 1      0.0                       0.0    0.0      0.0
  SINCE JUL 1      0.0                       0.0    0.0      0.0
  SNOW DEPTH       0

DEGREE DAYS
 HEATING
  YESTERDAY        0                         0      0        0
  MONTH TO DATE    0                         6     -6       11
  SINCE JUN 1     47                        74    -27       68
  SINCE JUL 1      0                         6     -6       11

 COOLING
  YESTERDAY        9                         6      3       15
  MONTH TO DATE  290                       174    116      179
  SINCE JUN 1    419                       280    139      273
  SINCE JAN 1    481                       310    171      376
..................................................................


WIND (MPH)
  HIGHEST WIND SPEED    16   HIGHEST WIND DIRECTION    NE (50)
  HIGHEST GUST SPEED    21   HIGHEST GUST DIRECTION    NE (40)
  AVERAGE WIND SPEED     6.8


SKY COVER
  AVERAGE SKY COVER 0.7


WEATHER CONDITIONS
 THE FOLLOWING WEATHER WAS RECORDED YESTERDAY.
  NO SIGNIFICANT WEATHER WAS OBSERVED.


RELATIVE HUMIDITY (PERCENT)
 HIGHEST    93           500 AM
 LOWEST     43           500 PM
 AVERAGE    68

..........................................................


THE ROCHESTER NY CLIMATE NORMALS FOR TODAY
                         NORMAL    RECORD    YEAR
 MAXIMUM TEMPERATURE (F)   81        96      1933
 MINIMUM TEMPERATURE (F)   61        45      1968


SUNRISE AND SUNSET
JULY 30 2016..........SUNRISE   600 AM EDT   SUNSET   834 PM EDT
JULY 31 2016..........SUNRISE   601 AM EDT   SUNSET   833 PM EDT


-  INDICATES NEGATIVE NUMBERS.
R  INDICATES RECORD WAS SET OR TIED.
MM INDICATES DATA IS MISSING.
T  INDICATES TRACE AMOUNT.




$$
