000
CDUS41 KBUF 301015
CLIROC


CLIMATE REPORT
NATIONAL WEATHER SERVICE BUFFALO NY
614 AM EDT SAT APR 30 2016


...................................

...THE ROCHESTER NY CLIMATE SUMMARY FOR APRIL 29 2016...

CLIMATE NORMAL PERIOD 1981 TO 2010
CLIMATE RECORD PERIOD 1871 TO 2016


WEATHER ITEM   OBSERVED TIME   RECORD YEAR NORMAL DEPARTURE LAST
                VALUE   (LST)  VALUE       VALUE  FROM      YEAR
                                                  NORMAL
..................................................................
TEMPERATURE (F)
 YESTERDAY
  MAXIMUM         51   1025 AM  86    1899  62    -11       70
  MINIMUM         38    458 AM  27    2012  41     -3       44
                                      1977
  AVERAGE         45                        52     -7       57

PRECIPITATION (IN)
  YESTERDAY        0.01          0.69 1962   0.09  -0.08     0.00
  MONTH TO DATE    1.56                      2.64  -1.08     2.70
  SINCE MAR 1      3.38                      5.14  -1.76     4.04
  SINCE JAN 1      8.68                      9.50  -0.82     8.29

SNOWFALL (IN)
  YESTERDAY        0.0           2.5  1909   0.1   -0.1      0.0
  MONTH TO DATE    8.8                       3.9    4.9      0.5
  SINCE MAR 1     12.0                      20.2   -8.2     13.3
  SINCE JUL 1     63.7                      99.1  -35.4    101.9
  SNOW DEPTH       0

DEGREE DAYS
 HEATING
  YESTERDAY       20                        14      6        8
  MONTH TO DATE  659                       552    107      503
  SINCE MAR 1   1421                      1504    -83     1581
  SINCE JUL 1   5338                      6290   -952     6675

 COOLING
  YESTERDAY        0                         0      0        0
  MONTH TO DATE    0                         0      0        0
  SINCE MAR 1      0                         0      0        0
  SINCE JAN 1      0                         0      0        0
..................................................................


WIND (MPH)
  HIGHEST WIND SPEED    15   HIGHEST WIND DIRECTION     E (90)
  HIGHEST GUST SPEED    20   HIGHEST GUST DIRECTION     E (100)
  AVERAGE WIND SPEED     5.6


SKY COVER
  AVERAGE SKY COVER 0.9


WEATHER CONDITIONS
 THE FOLLOWING WEATHER WAS RECORDED YESTERDAY.
  LIGHT RAIN


RELATIVE HUMIDITY (PERCENT)
 HIGHEST    76           800 PM
 LOWEST     41          1200 AM
 AVERAGE    59

..........................................................


THE ROCHESTER NY CLIMATE NORMALS FOR TODAY
                         NORMAL    RECORD    YEAR
 MAXIMUM TEMPERATURE (F)   62        93      1970
 MINIMUM TEMPERATURE (F)   41        29      1876


SUNRISE AND SUNSET
APRIL 30 2016.........SUNRISE   605 AM EDT   SUNSET   811 PM EDT
MAY  1 2016...........SUNRISE   604 AM EDT   SUNSET   813 PM EDT


-  INDICATES NEGATIVE NUMBERS.
R  INDICATES RECORD WAS SET OR TIED.
MM INDICATES DATA IS MISSING.
T  INDICATES TRACE AMOUNT.

$$
