000
CDUS41 KBUF 021017
CLIROC


CLIMATE REPORT
NATIONAL WEATHER SERVICE BUFFALO NY
616 AM EDT THU JUL 2 2015


...................................

...THE ROCHESTER NY CLIMATE SUMMARY FOR JULY 1 2015...

CLIMATE NORMAL PERIOD 1981 TO 2010
CLIMATE RECORD PERIOD 1871 TO 2015


WEATHER ITEM   OBSERVED TIME   RECORD YEAR NORMAL DEPARTURE LAST
                VALUE   (LST)  VALUE       VALUE  FROM      YEAR
                                                  NORMAL
..................................................................
TEMPERATURE (F)
 YESTERDAY
  MAXIMUM         74    254 PM  96    1901  80     -6       89
  MINIMUM         61   1026 PM  45    1943  60      1       74
  AVERAGE         68                        70     -2       82

PRECIPITATION (IN)
  YESTERDAY        0.22          1.61 1946   0.11   0.11     0.01
  MONTH TO DATE    0.22                      0.11   0.11     0.01
  SINCE JUN 1      6.42                      3.45   2.97     2.07
  SINCE JAN 1     18.12                     15.91   2.21    15.07

SNOWFALL (IN)
  YESTERDAY        0.0           0.0    MM   0.0    0.0      0.0
  MONTH TO DATE    0.0                       0.0    0.0      0.0
  SINCE JUN 1      0.0                       0.0    0.0      0.0
  SINCE JUL 1      0.0                       0.0    0.0      0.0
  SNOW DEPTH       0

DEGREE DAYS
 HEATING
  YESTERDAY        0                         1     -1        0
  MONTH TO DATE    0                         1     -1        0
  SINCE JUN 1     57                        69    -12       29
  SINCE JUL 1      0                         1     -1        0

 COOLING
  YESTERDAY        3                         6     -3       17
  MONTH TO DATE    3                         6     -3       17
  SINCE JUN 1     97                       112    -15      167
  SINCE JAN 1    200                       142     58      206
..................................................................


WIND (MPH)
  HIGHEST WIND SPEED    25   HIGHEST WIND DIRECTION     W (290)
  HIGHEST GUST SPEED    34   HIGHEST GUST DIRECTION     W (290)
  AVERAGE WIND SPEED     9.5


SKY COVER
  AVERAGE SKY COVER 0.8


WEATHER CONDITIONS
 THE FOLLOWING WEATHER WAS RECORDED YESTERDAY.
  LIGHT RAIN
  FOG


RELATIVE HUMIDITY (PERCENT)
 HIGHEST   100           400 AM
 LOWEST     57           300 PM
 AVERAGE    79

..........................................................


THE ROCHESTER NY CLIMATE NORMALS FOR TODAY
                         NORMAL    RECORD    YEAR
 MAXIMUM TEMPERATURE (F)   80        99      1931
 MINIMUM TEMPERATURE (F)   60        45      2001


SUNRISE AND SUNSET
JULY  2 2015..........SUNRISE   535 AM EDT   SUNSET   854 PM EDT
JULY  3 2015..........SUNRISE   536 AM EDT   SUNSET   854 PM EDT


-  INDICATES NEGATIVE NUMBERS.
R  INDICATES RECORD WAS SET OR TIED.
MM INDICATES DATA IS MISSING.
T  INDICATES TRACE AMOUNT.

$$
