000
CDUS41 KBUF 030706
CLIROC


CLIMATE REPORT
NATIONAL WEATHER SERVICE BUFFALO NY
205 AM EST TUE MAR 3 2015


...................................

...THE ROCHESTER NY CLIMATE SUMMARY FOR MARCH 2 2015...

CLIMATE NORMAL PERIOD 1981 TO 2010
CLIMATE RECORD PERIOD 1871 TO 2015


WEATHER ITEM   OBSERVED TIME   RECORD YEAR NORMAL DEPARTURE LAST
                VALUE   (LST)  VALUE       VALUE  FROM      YEAR
                                                  NORMAL
..................................................................
TEMPERATURE (F)
 YESTERDAY
  MAXIMUM         29    356 PM  68    1991  38     -9       20
  MINIMUM         18    914 PM  -3    1980  21     -3        9
  AVERAGE         24                        30     -6       15

PRECIPITATION (IN)
  YESTERDAY        T             1.11 1914   0.07  -0.07     0.03
  MONTH TO DATE    0.12                      0.15  -0.03     0.04
  SINCE MAR 1      0.12                      0.15  -0.03     0.04
  SINCE JAN 1      4.37                      4.51  -0.14     3.66

SNOWFALL (IN)
  YESTERDAY       MM            14.0  1914   0.7   MM        0.5
  MONTH TO DATE    1.2                       1.4   -0.2      0.8
  SINCE MAR 1      1.2                       1.4   -0.2      0.8
  SINCE JUL 1     89.8                      80.3    9.5     83.9
  SNOW DEPTH      14

DEGREE DAYS
 HEATING
  YESTERDAY       41                        35      6       50
  MONTH TO DATE   91                        71     20       90
  SINCE MAR 1     91                        71     20       90
  SINCE JUL 1   5185                      4857    328     5175

 COOLING
  YESTERDAY        0                         0      0        0
  MONTH TO DATE    0                         0      0        0
  SINCE MAR 1      0                         0      0        0
  SINCE JAN 1      0                         0      0        0
..................................................................


WIND (MPH)
  HIGHEST WIND SPEED    28   HIGHEST WIND DIRECTION     W (270)
  HIGHEST GUST SPEED    36   HIGHEST GUST DIRECTION     W (280)
  AVERAGE WIND SPEED    14.3


SKY COVER
  AVERAGE SKY COVER 0.8


WEATHER CONDITIONS
 THE FOLLOWING WEATHER WAS RECORDED YESTERDAY.
  LIGHT SNOW
  FOG
  HAZE
  BLOWING SNOW


RELATIVE HUMIDITY (PERCENT)
 HIGHEST    84           400 AM
 LOWEST     50           600 PM
 AVERAGE    67

..........................................................


THE ROCHESTER NY CLIMATE NORMALS FOR TODAY
                         NORMAL    RECORD    YEAR
 MAXIMUM TEMPERATURE (F)   38        65      2008
                                             1974
 MINIMUM TEMPERATURE (F)   22        -1      2003
                                             1980
                                             1962


SUNRISE AND SUNSET
MARCH  3 2015.........SUNRISE   644 AM EST   SUNSET   602 PM EST
MARCH  4 2015.........SUNRISE   642 AM EST   SUNSET   603 PM EST


-  INDICATES NEGATIVE NUMBERS.
R  INDICATES RECORD WAS SET OR TIED.
MM INDICATES DATA IS MISSING.
T  INDICATES TRACE AMOUNT.




$$
