000
CDUS45 KABQ 090834
CLIROW


CLIMATE REPORT
NATIONAL WEATHER SERVICE ALBUQUERQUE NM
132 AM MST FRI DEC 9 2016


...................................

...THE ROSWELL NM CLIMATE SUMMARY FOR DECEMBER 8 2016...

CLIMATE NORMAL PERIOD 1981 TO 2010
CLIMATE RECORD PERIOD 1893 TO 2016


WEATHER ITEM   OBSERVED TIME   RECORD YEAR NORMAL DEPARTURE
                VALUE   (LST)  VALUE       VALUE  FROM
                                                  NORMAL
...............................................................
TEMPERATURE (F)
 YESTERDAY
  MAXIMUM         32    154 PM  80    1977  56    -24
  MINIMUM         27   1027 AM  -7    1978  27      0
  AVERAGE         30                        41    -11

PRECIPITATION (IN)
  YESTERDAY        0.00          1.01 1960   0.02  -0.02
  MONTH TO DATE    0.18                      0.16   0.02
  SINCE DEC 1      0.18                      0.16   0.02
  SINCE JAN 1     10.52                     12.43  -1.91

SNOWFALL (IN)
  YESTERDAY        0.0
  MONTH TO DATE    T
  SINCE DEC 1      T
  SINCE JUL 1      T

DEGREE DAYS
 HEATING
  YESTERDAY       35                        24     11
  MONTH TO DATE  211                       182     29
  SINCE DEC 1    211                       182     29
  SINCE JUL 1    597                       828   -231

 COOLING
  YESTERDAY        0                         0      0
  MONTH TO DATE    0                         0      0
  SINCE DEC 1      0                         0      0
  SINCE JAN 1   2066                      1789    277
...............................................................


WIND (MPH)
  HIGHEST WIND SPEED    17   HIGHEST WIND DIRECTION     N (20)
  HIGHEST GUST SPEED    21   HIGHEST GUST DIRECTION     N (20)
  AVERAGE WIND SPEED     8.1


SKY COVER
  AVERAGE SKY COVER 1.0


WEATHER CONDITIONS
 THE FOLLOWING WEATHER WAS RECORDED YESTERDAY.
  NO SIGNIFICANT WEATHER WAS OBSERVED.


RELATIVE HUMIDITY (PERCENT)
 HIGHEST    75           900 AM
 LOWEST     58           200 AM
 AVERAGE    67

..........................................................


THE ROSWELL NM CLIMATE NORMALS FOR TODAY
                         NORMAL    RECORD    YEAR
 MAXIMUM TEMPERATURE (F)   56        79      1996
 MINIMUM TEMPERATURE (F)   27        -8      1978


SUNRISE AND SUNSET
DECEMBER  9 2016......SUNRISE   651 AM MST   SUNSET   451 PM MST
DECEMBER 10 2016......SUNRISE   651 AM MST   SUNSET   451 PM MST


-  INDICATES NEGATIVE NUMBERS.
R  INDICATES RECORD WAS SET OR TIED.
MM INDICATES DATA IS MISSING.
T  INDICATES TRACE AMOUNT.

$$
