000
CDUS45 KABQ 030829
CLIROW


CLIMATE REPORT
NATIONAL WEATHER SERVICE ALBUQUERQUE NM
228 AM MDT FRI JUL 3 2015


...................................

...THE ROSWELL NM CLIMATE SUMMARY FOR JULY 2 2015...

CLIMATE NORMAL PERIOD 1981 TO 2010
CLIMATE RECORD PERIOD 1893 TO 2015


WEATHER ITEM   OBSERVED TIME   RECORD YEAR NORMAL DEPARTURE
                VALUE   (LST)  VALUE       VALUE  FROM
                                                  NORMAL
...............................................................
TEMPERATURE (F)
 YESTERDAY
  MAXIMUM         97    446 PM 109    1989  95      2
  MINIMUM         67    506 AM  55    1895  66      1
  AVERAGE         82                        80      2

PRECIPITATION (IN)
  YESTERDAY        T             1.10 1914   0.08  -0.08
  MONTH TO DATE    T                         0.16  -0.16
  SINCE JUN 1      2.90                      1.89   1.01
  SINCE JAN 1     10.59                      5.06   5.53

SNOWFALL (IN)
  YESTERDAY        0.0
  MONTH TO DATE    0.0
  SINCE JUN 1      0.0
  SINCE JUL 1      0.0

DEGREE DAYS
 HEATING
  YESTERDAY        0                         0      0
  MONTH TO DATE    0                         0      0
  SINCE JUN 1      0                         1     -1
  SINCE JUL 1      0                         0      0

 COOLING
  YESTERDAY       17                        15      2
  MONTH TO DATE   31                        30      1
  SINCE JUN 1    439                       427     12
  SINCE JAN 1    546                       652   -106
...............................................................


WIND (MPH)
  HIGHEST WIND SPEED    28   HIGHEST WIND DIRECTION     E (80)
  HIGHEST GUST SPEED    34   HIGHEST GUST DIRECTION     E (70)
  AVERAGE WIND SPEED     7.4


SKY COVER
  AVERAGE SKY COVER 0.1


WEATHER CONDITIONS
 THE FOLLOWING WEATHER WAS RECORDED YESTERDAY.
  LIGHT RAIN


RELATIVE HUMIDITY (PERCENT)
 HIGHEST    76           500 AM
 LOWEST     28           400 PM
 AVERAGE    52

..........................................................


THE ROSWELL NM CLIMATE NORMALS FOR TODAY
                         NORMAL    RECORD    YEAR
 MAXIMUM TEMPERATURE (F)   95       108      2005
 MINIMUM TEMPERATURE (F)   67        55      1924


SUNRISE AND SUNSET
JULY  3 2015..........SUNRISE   553 AM MDT   SUNSET   811 PM MDT
JULY  4 2015..........SUNRISE   554 AM MDT   SUNSET   811 PM MDT


-  INDICATES NEGATIVE NUMBERS.
R  INDICATES RECORD WAS SET OR TIED.
MM INDICATES DATA IS MISSING.
T  INDICATES TRACE AMOUNT.




$$
