000
CDUS45 KABQ 030842
CLIROW


CLIMATE REPORT
NATIONAL WEATHER SERVICE ALBUQUERQUE NM
139 AM MST TUE MAR 3 2015


...................................

...THE ROSWELL NM CLIMATE SUMMARY FOR MARCH 2 2015...

CLIMATE NORMAL PERIOD 1981 TO 2010
CLIMATE RECORD PERIOD 1893 TO 2015


WEATHER ITEM   OBSERVED TIME   RECORD YEAR NORMAL DEPARTURE
                VALUE   (LST)  VALUE       VALUE  FROM
                                                  NORMAL
...............................................................
TEMPERATURE (F)
 YESTERDAY
  MAXIMUM         42    417 PM  90    1967  64    -22
  MINIMUM         32    822 AM   4    1922  34     -2
  AVERAGE         37                        49    -12

PRECIPITATION (IN)
  YESTERDAY        0.00          0.39 2001   0.02  -0.02
  MONTH TO DATE    0.00                      0.03  -0.03
  SINCE MAR 1      0.00                      0.03  -0.03
  SINCE JAN 1      1.91                      0.83   1.08

SNOWFALL (IN)
  YESTERDAY        0.0
  MONTH TO DATE    0.0
  SINCE MAR 1      0.0
  SINCE JUL 1     16.2

DEGREE DAYS
 HEATING
  YESTERDAY       28                        16     12
  MONTH TO DATE   59                        32     27
  SINCE MAR 1     59                        32     27
  SINCE JUL 1   2776                      2739     37

 COOLING
  YESTERDAY        0                         0      0
  MONTH TO DATE    0                         0      0
  SINCE MAR 1      0                         0      0
  SINCE JAN 1      0                         0      0
...............................................................


WIND (MPH)
  HIGHEST WIND SPEED    22   HIGHEST WIND DIRECTION     S (170)
  HIGHEST GUST SPEED    27   HIGHEST GUST DIRECTION     S (160)
  AVERAGE WIND SPEED    12.7


SKY COVER
  AVERAGE SKY COVER 0.7


WEATHER CONDITIONS
 THE FOLLOWING WEATHER WAS RECORDED YESTERDAY.
  FOG


RELATIVE HUMIDITY (PERCENT)
 HIGHEST   100           300 AM
 LOWEST     70           400 PM
 AVERAGE    85

..........................................................


THE ROSWELL NM CLIMATE NORMALS FOR TODAY
                         NORMAL    RECORD    YEAR
 MAXIMUM TEMPERATURE (F)   65        86      2009
                                             1967
 MINIMUM TEMPERATURE (F)   34         9      2002
                                             1971


SUNRISE AND SUNSET
MARCH  3 2015.........SUNRISE   624 AM MST   SUNSET   556 PM MST
MARCH  4 2015.........SUNRISE   623 AM MST   SUNSET   557 PM MST


-  INDICATES NEGATIVE NUMBERS.
R  INDICATES RECORD WAS SET OR TIED.
MM INDICATES DATA IS MISSING.
T  INDICATES TRACE AMOUNT.




$$
