000
CDUS45 KABQ 300844
CLIROW


CLIMATE REPORT
NATIONAL WEATHER SERVICE ALBUQUERQUE NM
242 AM MDT SUN APR 30 2017


...................................

...THE ROSWELL NM CLIMATE SUMMARY FOR APRIL 29 2017...

CLIMATE NORMAL PERIOD 1981 TO 2010
CLIMATE RECORD PERIOD 1893 TO 2017


WEATHER ITEM   OBSERVED TIME   RECORD YEAR NORMAL DEPARTURE
                VALUE   (LST)  VALUE       VALUE  FROM
                                                  NORMAL
...............................................................
TEMPERATURE (F)
 YESTERDAY
  MAXIMUM         51   1233 AM  97    2011  80    -29
  MINIMUM         38   1159 PM  28    1968  49    -11
  AVERAGE         45                        65    -20

PRECIPITATION (IN)
  YESTERDAY        0.24          1.18 2007   0.02   0.22
  MONTH TO DATE    1.45                      0.58   0.87
  SINCE MAR 1      1.77                      1.09   0.68
  SINCE JAN 1      3.02                      1.89   1.13

SNOWFALL (IN)
  YESTERDAY        0.0
  MONTH TO DATE    0.0
  SINCE MAR 1      0.0
  SINCE JUL 1      2.5

DEGREE DAYS
 HEATING
  YESTERDAY       20                         3     17
  MONTH TO DATE  100                       161    -61
  SINCE MAR 1    275                       548   -273
  SINCE JUL 1   2420                      3255   -835

 COOLING
  YESTERDAY        0                         3     -3
  MONTH TO DATE   74                        34     40
  SINCE MAR 1    108                        37     71
  SINCE JAN 1    108                        37     71
...............................................................


WIND (MPH)
  HIGHEST WIND SPEED    30   HIGHEST WIND DIRECTION    NE (40)
  HIGHEST GUST SPEED    37   HIGHEST GUST DIRECTION    NE (40)
  AVERAGE WIND SPEED    16.7


SKY COVER
  AVERAGE SKY COVER 0.8


WEATHER CONDITIONS
 THE FOLLOWING WEATHER WAS RECORDED YESTERDAY.
  RAIN
  LIGHT RAIN


RELATIVE HUMIDITY (PERCENT)
 HIGHEST    89           500 AM
 LOWEST     63          1200 AM
 AVERAGE    76

..........................................................


THE ROSWELL NM CLIMATE NORMALS FOR TODAY
                         NORMAL    RECORD    YEAR
 MAXIMUM TEMPERATURE (F)   81        96      2013
                                             2002
 MINIMUM TEMPERATURE (F)   50        27      1903


SUNRISE AND SUNSET
APRIL 30 2017.........SUNRISE   611 AM MDT   SUNSET   740 PM MDT
MAY  1 2017...........SUNRISE   610 AM MDT   SUNSET   741 PM MDT


-  INDICATES NEGATIVE NUMBERS.
R  INDICATES RECORD WAS SET OR TIED.
MM INDICATES DATA IS MISSING.
T  INDICATES TRACE AMOUNT.

$$
