000
CDUS45 KABQ 220837
CLIROW


CLIMATE REPORT
NATIONAL WEATHER SERVICE ALBUQUERQUE NM
237 AM MDT FRI MAY 22 2015


...................................

...THE ROSWELL NM CLIMATE SUMMARY FOR MAY 21 2015...

CLIMATE NORMAL PERIOD 1981 TO 2010
CLIMATE RECORD PERIOD 1893 TO 2015


WEATHER ITEM   OBSERVED TIME   RECORD YEAR NORMAL DEPARTURE
                VALUE   (LST)  VALUE       VALUE  FROM
                                                  NORMAL
...............................................................
TEMPERATURE (F)
 YESTERDAY
  MAXIMUM         56   1248 AM 104    1989  87    -31
  MINIMUM         51    934 PM  37    1960  56     -5
  AVERAGE         54                        72    -18

PRECIPITATION (IN)
  YESTERDAY        0.25          1.68 1941   0.04   0.21
  MONTH TO DATE    2.47                      0.83   1.64
  SINCE MAR 1      4.50                      1.95   2.55
  SINCE JAN 1      6.41                      2.75   3.66

SNOWFALL (IN)
  YESTERDAY        0.0
  MONTH TO DATE    0.0
  SINCE MAR 1      T
  SINCE JUL 1     16.2

DEGREE DAYS
 HEATING
  YESTERDAY       11                         0     11
  MONTH TO DATE   26                        27     -1
  SINCE MAR 1    516                       578    -62
  SINCE JUL 1   3233                      3285    -52

 COOLING
  YESTERDAY        0                         7     -7
  MONTH TO DATE   42                       100    -58
  SINCE MAR 1     58                       140    -82
  SINCE JAN 1     58                       140    -82
...............................................................


WIND (MPH)
  HIGHEST WIND SPEED    14   HIGHEST WIND DIRECTION     E (80)
  HIGHEST GUST SPEED    17   HIGHEST GUST DIRECTION    SE (120)
  AVERAGE WIND SPEED     8.1


SKY COVER
  AVERAGE SKY COVER 1.0


WEATHER CONDITIONS
 THE FOLLOWING WEATHER WAS RECORDED YESTERDAY.
  THUNDERSTORM
  HEAVY RAIN
  RAIN
  LIGHT RAIN
  FOG
  HAZE


RELATIVE HUMIDITY (PERCENT)
 HIGHEST    96           600 AM
 LOWEST     83          1200 AM
 AVERAGE    90

..........................................................


THE ROSWELL NM CLIMATE NORMALS FOR TODAY
                         NORMAL    RECORD    YEAR
 MAXIMUM TEMPERATURE (F)   87       102      1996
                                             1953
 MINIMUM TEMPERATURE (F)   57        37      1899


SUNRISE AND SUNSET
MAY 22 2015...........SUNRISE   554 AM MDT   SUNSET   756 PM MDT
MAY 23 2015...........SUNRISE   553 AM MDT   SUNSET   757 PM MDT


-  INDICATES NEGATIVE NUMBERS.
R  INDICATES RECORD WAS SET OR TIED.
MM INDICATES DATA IS MISSING.
T  INDICATES TRACE AMOUNT.




$$
