000
CDUS45 KABQ 280915
CLIROW


CLIMATE REPORT
NATIONAL WEATHER SERVICE ALBUQUERQUE NM
215 AM MST TUE FEB 28 2017


...................................

...THE ROSWELL NM CLIMATE SUMMARY FOR FEBRUARY 27 2017...

CLIMATE NORMAL PERIOD 1981 TO 2010
CLIMATE RECORD PERIOD 1893 TO 2017


WEATHER ITEM   OBSERVED TIME   RECORD YEAR NORMAL DEPARTURE
                VALUE   (LST)  VALUE       VALUE  FROM
                                                  NORMAL
...............................................................
TEMPERATURE (F)
 YESTERDAY
  MAXIMUM         79    154 PM  85    1904  64     15
  MINIMUM         27    631 AM  11    1922  34     -7
  AVERAGE         53                        48      5

PRECIPITATION (IN)
  YESTERDAY        0.00          0.39 1944   0.01  -0.01
  MONTH TO DATE    0.16                      0.40  -0.24
  SINCE DEC 1      1.55                      1.42   0.13
  SINCE JAN 1      1.25                      0.78   0.47

SNOWFALL (IN)
  YESTERDAY        0.0
  MONTH TO DATE    T
  SINCE DEC 1      2.5
  SINCE JUL 1      2.5

DEGREE DAYS
 HEATING
  YESTERDAY       12                        17     -5
  MONTH TO DATE  377                       525   -148
  SINCE DEC 1   1756                      2045   -289
  SINCE JUL 1   2142                      2691   -549

 COOLING
  YESTERDAY        0                         0      0
  MONTH TO DATE    0                         0      0
  SINCE DEC 1      0                         0      0
  SINCE JAN 1      0                         0      0
...............................................................


WIND (MPH)
  HIGHEST WIND SPEED    25   HIGHEST WIND DIRECTION     W (250)
  HIGHEST GUST SPEED    35   HIGHEST GUST DIRECTION     W (250)
  AVERAGE WIND SPEED     8.5


SKY COVER
  AVERAGE SKY COVER 0.0


WEATHER CONDITIONS
 THE FOLLOWING WEATHER WAS RECORDED YESTERDAY.
  NO SIGNIFICANT WEATHER WAS OBSERVED.


RELATIVE HUMIDITY (PERCENT)
 HIGHEST    69           600 AM
 LOWEST      4           200 PM
 AVERAGE    37

..........................................................


THE ROSWELL NM CLIMATE NORMALS FOR TODAY
                         NORMAL    RECORD    YEAR
 MAXIMUM TEMPERATURE (F)   64        87      2006
                                             1904
 MINIMUM TEMPERATURE (F)   34         5      1922


SUNRISE AND SUNSET
FEBRUARY 28 2017......SUNRISE   627 AM MST   SUNSET   554 PM MST
MARCH  1 2017.........SUNRISE   626 AM MST   SUNSET   555 PM MST


-  INDICATES NEGATIVE NUMBERS.
R  INDICATES RECORD WAS SET OR TIED.
MM INDICATES DATA IS MISSING.
T  INDICATES TRACE AMOUNT.




$$
