000
CDUS43 KARX 050645
CLIRST


CLIMATE REPORT
NATIONAL WEATHER SERVICE LA CROSSE WI
1245 AM CST THU MAR 5 2015


...................................

...THE ROCHESTER MN CLIMATE SUMMARY FOR MARCH 4 2015...

CLIMATE NORMAL PERIOD 1981 TO 2010
CLIMATE RECORD PERIOD 1886 TO 2015


WEATHER ITEM   OBSERVED TIME   RECORD YEAR NORMAL DEPARTURE LAST
                VALUE   (LST)  VALUE       VALUE  FROM      YEAR
                                                  NORMAL
..................................................................
TEMPERATURE (F)
 YESTERDAY
  MAXIMUM         11    337 PM  61    2000  34    -23       19
  MINIMUM         -5   1159 PM -13    1978  19    -24        6
  AVERAGE          3                        27    -24       13

PRECIPITATION (IN)
  YESTERDAY        0.00          0.70 1932   0.05  -0.05     0.26
  MONTH TO DATE    0.04                      0.19  -0.15     0.32
  SINCE MAR 1      0.04                      0.19  -0.15     0.32
  SINCE JAN 1      1.40                      1.88  -0.48     3.08

SNOWFALL (IN)
  YESTERDAY        0.0           5.4  1984   0.4   -0.4      3.2
  MONTH TO DATE    0.3                       1.4   -1.1      4.3
  SINCE JUL 1     38.3                      41.3   -3.0     52.1
  SNOW DEPTH       8

DEGREE DAYS
 HEATING
  YESTERDAY       62                        38     24       52
  MONTH TO DATE  215                       155     60      256
  SINCE JUL 1   6510                      6016    494     6981

 COOLING
  YESTERDAY        0                         0      0        0
  MONTH TO DATE    0                         0      0        0
  SINCE JAN 1      0                         0      0        0
..................................................................


WIND (MPH)
  HIGHEST WIND SPEED    25   HIGHEST WIND DIRECTION    NW (310)
  HIGHEST GUST SPEED    32   HIGHEST GUST DIRECTION    NW (310)
  AVERAGE WIND SPEED    15.5


SKY COVER
  POSSIBLE SUNSHINE  MM
  AVERAGE SKY COVER 0.1


WEATHER CONDITIONS
 THE FOLLOWING WEATHER WAS RECORDED YESTERDAY.
  HAZE


RELATIVE HUMIDITY (PERCENT)
 HIGHEST    76          1200 AM
 LOWEST     63          1100 AM
 AVERAGE    70

..........................................................


THE ROCHESTER MN CLIMATE NORMALS FOR TODAY
                         NORMAL    RECORD    YEAR
 MAXIMUM TEMPERATURE (F)   35        65      2000
 MINIMUM TEMPERATURE (F)   20       -17      1960


SUNRISE AND SUNSET
MARCH  5 2015.........SUNRISE   640 AM CST   SUNSET   603 PM CST
MARCH  6 2015.........SUNRISE   639 AM CST   SUNSET   605 PM CST


-  INDICATES NEGATIVE NUMBERS.
R  INDICATES RECORD WAS SET OR TIED.
MM INDICATES DATA IS MISSING.
T  INDICATES TRACE AMOUNT.




$$
