169
CDUS43 KARX 110645
CLIRST


CLIMATE REPORT
NATIONAL WEATHER SERVICE LA CROSSE WI
1243 AM CST SUN DEC 11 2016

...THE ROCHESTER MN CLIMATE SUMMARY FOR DECEMBER 10 2016...

CLIMATE NORMAL PERIOD 1981 TO 2010
CLIMATE RECORD PERIOD 1886 TO 2016

WEATHER ITEM   OBSERVED TIME   RECORD YEAR NORMAL DEPARTURE LAST
                VALUE   (LST)  VALUE       VALUE  FROM      YEAR
                                                  NORMAL
..................................................................
TEMPERATURE (F)
 YESTERDAY
  MAXIMUM         14   1159 PM  58    1939  28    -14       46
  MINIMUM          2    618 AM -21    1919  14    -12       39
  AVERAGE          8                        21    -13       43

PRECIPITATION (IN)
  YESTERDAY        0.22          1.19 1911   0.05   0.17     0.01
  MONTH TO DATE    0.62                      0.48   0.14     0.06
  SINCE DEC 1      0.62                      0.48   0.14     0.06
  SINCE JAN 1     42.10                     32.27   9.83    32.45

SNOWFALL (IN)
  YESTERDAY        4.1           5.4  1970   0.5    3.6      0.0
  MONTH TO DATE    7.4                       4.2    3.2       T
  SINCE JUL 1      8.4                      11.1   -2.7      2.5
  SNOW DEPTH       1

DEGREE DAYS
 HEATING
  YESTERDAY       57                        44     13       22
  MONTH TO DATE  415                       420     -5      298
  SINCE JUL 1   1550                      2092   -542     1648

 COOLING
  YESTERDAY        0                         0      0        0
  MONTH TO DATE    0                         0      0        0
  SINCE JAN 1    629                       585     44      507
..................................................................

WIND (MPH)
  HIGHEST WIND SPEED    14   HIGHEST WIND DIRECTION    SE (120)
  HIGHEST GUST SPEED    17   HIGHEST GUST DIRECTION    SE (120)
  AVERAGE WIND SPEED     7.7

SKY COVER
  POSSIBLE SUNSHINE  MM
  AVERAGE SKY COVER 0.8

WEATHER CONDITIONS
 THE FOLLOWING WEATHER WAS RECORDED YESTERDAY.
  LIGHT SNOW
  FOG
  HAZE

RELATIVE HUMIDITY (PERCENT)
 HIGHEST    96          1100 PM
 LOWEST     80          1100 AM
 AVERAGE    88
..........................................................

THE ROCHESTER MN CLIMATE NORMALS FOR TODAY
                         NORMAL    RECORD    YEAR
 MAXIMUM TEMPERATURE (F)   28        54      1949
 MINIMUM TEMPERATURE (F)   13       -22      1934

SUNRISE AND SUNSET
DECEMBER 11 2016......SUNRISE   735 AM CST   SUNSET   432 PM CST
DECEMBER 12 2016......SUNRISE   736 AM CST   SUNSET   432 PM CST

-  INDICATES NEGATIVE NUMBERS.
R  INDICATES RECORD WAS SET OR TIED.
MM INDICATES DATA IS MISSING.
T  INDICATES TRACE AMOUNT.

$$

BOYNE
