000
CDUS43 KARX 252127
CLIRST


CLIMATE REPORT
NATIONAL WEATHER SERVICE LA CROSSE WI
426 PM CDT SAT OCT 25 2014


...................................

...THE ROCHESTER MN CLIMATE SUMMARY FOR OCTOBER 25 2014...
VALID TODAY AS OF 0400 PM LOCAL TIME.

CLIMATE NORMAL PERIOD 1981 TO 2010
CLIMATE RECORD PERIOD 1886 TO 2014


WEATHER ITEM   OBSERVED TIME   RECORD YEAR NORMAL DEPARTURE LAST
                VALUE   (LST)  VALUE       VALUE  FROM      YEAR
                                                  NORMAL
..................................................................
TEMPERATURE (F)
 TODAY
  MAXIMUM         64    201 PM  78    1989  54     10       54
  MINIMUM         45    655 AM  -6    1887  36      9       24
  AVERAGE         55                        45     10       39

PRECIPITATION (IN)
  TODAY            0.00          0.84 2012   0.06  -0.06     0.00
  MONTH TO DATE    2.36                      1.87   0.49     2.96
  SINCE SEP 1      5.90                      5.32   0.58     4.18
  SINCE JAN 1     31.32                     29.51   1.81    38.88

SNOWFALL (IN)
  TODAY            0.0           0.4  1981   0.1   -0.1      0.0
  MONTH TO DATE    T                         0.5   -0.5       T
  SINCE JUL 1      T                         0.5   -0.5       T
  SNOW DEPTH       0

DEGREE DAYS
 HEATING
  TODAY           10                        20    -10       26
  MONTH TO DATE  403                       391     12      401
  SINCE JUL 1    608                       606      2      555

 COOLING
  TODAY            0                         0      0        0
  MONTH TO DATE    0                         4     -4        0
  SINCE JAN 1    491                       583    -92      656
..................................................................


WIND (MPH)
  HIGHEST WIND SPEED    22   HIGHEST WIND DIRECTION    NW (310)
  HIGHEST GUST SPEED    29   HIGHEST GUST DIRECTION    NW (310)
  AVERAGE WIND SPEED    10.8


SKY COVER
  POSSIBLE SUNSHINE  MM
  AVERAGE SKY COVER 0.0


WEATHER CONDITIONS
 THE FOLLOWING WEATHER WAS RECORDED TODAY.
  NO SIGNIFICANT WEATHER WAS OBSERVED.


RELATIVE HUMIDITY (PERCENT)
 HIGHEST    89          1200 AM
 LOWEST     25           300 PM
 AVERAGE    57

..........................................................


THE ROCHESTER MN CLIMATE NORMALS FOR TOMORROW
                         NORMAL    RECORD    YEAR
 MAXIMUM TEMPERATURE (F)   54        81      1955
 MINIMUM TEMPERATURE (F)   35         4      1887


SUNRISE AND SUNSET
OCTOBER 25 2014.......SUNRISE   737 AM CDT   SUNSET   610 PM CDT
OCTOBER 26 2014.......SUNRISE   738 AM CDT   SUNSET   609 PM CDT


-  INDICATES NEGATIVE NUMBERS.
R  INDICATES RECORD WAS SET OR TIED.
MM INDICATES DATA IS MISSING.
T  INDICATES TRACE AMOUNT.




$$
