000
CDUS45 KCYS 260728
CLIRWL


CLIMATE REPORT
NATIONAL WEATHER SERVICE CHEYENNE WY
1227 AM MST FRI DEC 26 2014


...................................

...THE RAWLINS WY AIRPORT CLIMATE SUMMARY FOR DECEMBER 25 2014...

CLIMATE NORMAL PERIOD 1981 TO 2010
CLIMATE RECORD PERIOD 1951 TO 2014


WEATHER ITEM   OBSERVED TIME   RECORD YEAR NORMAL DEPARTURE LAST
                VALUE   (LST)  VALUE       VALUE  FROM      YEAR
                                                  NORMAL
..................................................................
TEMPERATURE (F)
 YESTERDAY
  MAXIMUM         30    221 AM  48    2005  31     -1       28
                                      1994
                                      1980
  MINIMUM         13   1159 PM -27    1987  12      1       14
  AVERAGE         22                        21      1       21

PRECIPITATION (IN)
  YESTERDAY        0.15          0.20 1971   0.01   0.14     0.00
  MONTH TO DATE    0.41                      0.34   0.07     0.72
  SINCE JAN 1      7.07                      9.16  -2.09     8.54

DEGREE DAYS
 HEATING
  YESTERDAY       43                        44     -1       44
  MONTH TO DATE  858                      1087   -229     1164
  SINCE DEC 1    858                      1087   -229     1164
  SINCE JUL 1   2749                      3193   -444     3148

 COOLING
  YESTERDAY        0                         0      0        0
  MONTH TO DATE    0                         0      0        0
  SINCE DEC 1      0                         0      0        0
  SINCE JAN 1    211                       186     25      371
..................................................................


WIND (MPH)
  HIGHEST WIND SPEED    38   HIGHEST WIND DIRECTION    SW (210)
  HIGHEST GUST SPEED    49   HIGHEST GUST DIRECTION    SW (210)
  AVERAGE WIND SPEED    18.4


SKY COVER
  AVERAGE SKY COVER 0.8


WEATHER CONDITIONS
 THE FOLLOWING WEATHER WAS RECORDED YESTERDAY.
  HEAVY SNOW
  SNOW
  LIGHT SNOW
  FOG
  FOG W/VISIBILITY <= 1/4 MILE


RELATIVE HUMIDITY (PERCENT)
 HIGHEST    92          1000 AM
 LOWEST     63          1200 AM
 AVERAGE    78

..........................................................


THE RAWLINS WY AIRPORT CLIMATE NORMALS FOR TODAY
                         NORMAL    RECORD    YEAR
 MAXIMUM TEMPERATURE (F)   31        49      1980
 MINIMUM TEMPERATURE (F)   12       -24      1987


SUNRISE AND SUNSET
DECEMBER 26 2014......SUNRISE   735 AM MST   SUNSET   444 PM MST
DECEMBER 27 2014......SUNRISE   735 AM MST   SUNSET   445 PM MST


-  INDICATES NEGATIVE NUMBERS.
R  INDICATES RECORD WAS SET OR TIED.
MM INDICATES DATA IS MISSING.
T  INDICATES TRACE AMOUNT.




$$
