000
CDUS45 KCYS 290727
CLIRWL


CLIMATE REPORT
NATIONAL WEATHER SERVICE CHEYENNE WY
127 AM MDT WED JUL 29 2015


...................................

...THE RAWLINS WY AIRPORT CLIMATE SUMMARY FOR JULY 28 2015...

CLIMATE NORMAL PERIOD 1981 TO 2010
CLIMATE RECORD PERIOD 1951 TO 2015


WEATHER ITEM   OBSERVED TIME   RECORD YEAR NORMAL DEPARTURE LAST
                VALUE   (LST)  VALUE       VALUE  FROM      YEAR
                                                  NORMAL
..................................................................
TEMPERATURE (F)
 YESTERDAY
  MAXIMUM         73    329 PM  95    2006  84    -11       89
  MINIMUM         44   1159 PM  40    1993  52     -8       53
  AVERAGE         59                        68     -9       71

PRECIPITATION (IN)
  YESTERDAY        0.00          0.48 1982   0.03  -0.03     0.00
  MONTH TO DATE    0.91                      0.75   0.16     0.12
  SINCE JAN 1      7.78                      5.70   2.08     2.93

DEGREE DAYS
 HEATING
  YESTERDAY        6                         1      5        0
  MONTH TO DATE   28                        35     -7       15
  SINCE JUN 1     94                       225   -131      187
  SINCE JUL 1     28                        35     -7       15

 COOLING
  YESTERDAY        0                         4     -4        6
  MONTH TO DATE   60                        90    -30      164
  SINCE JUN 1    121                       109     12      175
  SINCE JAN 1    121                       109     12      177
..................................................................


WIND (MPH)
  HIGHEST WIND SPEED    29   HIGHEST WIND DIRECTION     W (250)
  HIGHEST GUST SPEED    41   HIGHEST GUST DIRECTION    SW (240)
  AVERAGE WIND SPEED    13.4


SKY COVER
  AVERAGE SKY COVER 0.0


WEATHER CONDITIONS
 THE FOLLOWING WEATHER WAS RECORDED YESTERDAY.
  NO SIGNIFICANT WEATHER WAS OBSERVED.


RELATIVE HUMIDITY (PERCENT)
 HIGHEST    53           500 AM
 LOWEST      9           500 PM
 AVERAGE    31

..........................................................


THE RAWLINS WY AIRPORT CLIMATE NORMALS FOR TODAY
                         NORMAL    RECORD    YEAR
 MAXIMUM TEMPERATURE (F)   84        97      2006
 MINIMUM TEMPERATURE (F)   51        42      1971


SUNRISE AND SUNSET
JULY 29 2015..........SUNRISE   600 AM MDT   SUNSET   830 PM MDT
JULY 30 2015..........SUNRISE   601 AM MDT   SUNSET   829 PM MDT


-  INDICATES NEGATIVE NUMBERS.
R  INDICATES RECORD WAS SET OR TIED.
MM INDICATES DATA IS MISSING.
T  INDICATES TRACE AMOUNT.




$$
