082
CDUS45 KCYS 310732
CLIRWL


CLIMATE REPORT
NATIONAL WEATHER SERVICE CHEYENNE WY
131 AM MDT SUN JUL 31 2016


...................................

...THE RAWLINS WY AIRPORT CLIMATE SUMMARY FOR JULY 30 2016...

CLIMATE NORMAL PERIOD 1981 TO 2010
CLIMATE RECORD PERIOD 1951 TO 2016


WEATHER ITEM   OBSERVED TIME   RECORD YEAR NORMAL DEPARTURE LAST
                VALUE   (LST)  VALUE       VALUE  FROM      YEAR
                                                  NORMAL
..................................................................
TEMPERATURE (F)
 YESTERDAY
  MAXIMUM         90   1207 PM  94    2006  84      6       85
  MINIMUM         51    529 AM  38    2015  51      0       38
                                      1971
  AVERAGE         71                        68      3       62

PRECIPITATION (IN)
  YESTERDAY        0.00          0.45 1956   0.03  -0.03     0.00
  MONTH TO DATE    0.06                      0.81  -0.75     0.95
  SINCE JAN 1      6.06                      5.76   0.30     7.82

DEGREE DAYS
 HEATING
  YESTERDAY        0                         1     -1        3
  MONTH TO DATE   16                        37    -21       37
  SINCE JUN 1     70                       227   -157      103
  SINCE JUL 1     16                        37    -21       37

 COOLING
  YESTERDAY        6                         3      3        0
  MONTH TO DATE  116                        97     19       60
  SINCE JUN 1    157                       116     41      121
  SINCE JAN 1    157                       116     41      121
..................................................................


WIND (MPH)
  HIGHEST WIND SPEED    31   HIGHEST WIND DIRECTION    NW (310)
  HIGHEST GUST SPEED    38   HIGHEST GUST DIRECTION    NW (310)
  AVERAGE WIND SPEED    10.5


SKY COVER
  AVERAGE SKY COVER 0.1


WEATHER CONDITIONS
 THE FOLLOWING WEATHER WAS RECORDED YESTERDAY.
  NO SIGNIFICANT WEATHER WAS OBSERVED.


RELATIVE HUMIDITY (PERCENT)
 HIGHEST    86           600 AM
 LOWEST     12           300 PM
 AVERAGE    49

..........................................................


THE RAWLINS WY AIRPORT CLIMATE NORMALS FOR TODAY
                         NORMAL    RECORD    YEAR
 MAXIMUM TEMPERATURE (F)   84        95      2000
 MINIMUM TEMPERATURE (F)   51        43      2015


SUNRISE AND SUNSET
JULY 31 2016..........SUNRISE   602 AM MDT   SUNSET   827 PM MDT
AUGUST  1 2016........SUNRISE   603 AM MDT   SUNSET   826 PM MDT


-  INDICATES NEGATIVE NUMBERS.
R  INDICATES RECORD WAS SET OR TIED.
MM INDICATES DATA IS MISSING.
T  INDICATES TRACE AMOUNT.




$$
