000
CDUS45 KPIH 222326
CLIRXE


CLIMATE REPORT
NATIONAL WEATHER SERVICE POCATELLO ID
524 PM MDT WED OCT 22 2014


...................................

...THE REXBURG ID CLIMATE SUMMARY FOR OCTOBER 22 2014...
VALID TODAY AS OF 0500 PM LOCAL TIME.

CLIMATE NORMAL PERIOD 1981 TO 2010
CLIMATE RECORD PERIOD 1998 TO 2014


WEATHER ITEM   OBSERVED TIME   RECORD YEAR NORMAL DEPARTURE LAST
                VALUE   (LST)  VALUE       VALUE  FROM      YEAR
                                                  NORMAL
..................................................................
TEMPERATURE (F)
 TODAY
  MAXIMUM         54    251 PM  77    2003  56     -2       61
  MINIMUM         30    710 AM  17    2008  30      0       28
  AVERAGE         42                        43     -1       45

PRECIPITATION (IN)
  TODAY            0.00         MM      MM   0.03  -0.03     0.00
  MONTH TO DATE    0.03                      0.80  -0.77     0.55
  SINCE OCT 1      0.03                      0.80  -0.77     0.55
  SINCE JAN 1     14.13                     10.68   3.45     6.99

SNOWFALL (IN)
  TODAY           MM
  MONTH TO DATE   MM
  SINCE SEP 1     MM
  SINCE JUL 1     MM
  SNOW DEPTH      MM

DEGREE DAYS
 HEATING
  TODAY           23                        22      1       20
  MONTH TO DATE  343                       408    -65      494
  SINCE SEP 1    541                       693   -152      641
  SINCE JUL 1    615                       766   -151      641

 COOLING
  TODAY            0                         0      0        0
  MONTH TO DATE    0                         0      0        0
  SINCE SEP 1     12                         6      6       39
  SINCE JAN 1    234                       208     26      452
..................................................................


WIND (MPH)
  HIGHEST WIND SPEED    18   HIGHEST WIND DIRECTION    SW (230)
  HIGHEST GUST SPEED    21   HIGHEST GUST DIRECTION    SW (230)
  AVERAGE WIND SPEED     6.5


SKY COVER
  POSSIBLE SUNSHINE  MM
  AVERAGE SKY COVER 0.2


WEATHER CONDITIONS
 THE FOLLOWING WEATHER WAS RECORDED TODAY.
  NO SIGNIFICANT WEATHER WAS OBSERVED.


RELATIVE HUMIDITY (PERCENT)
 HIGHEST    92           700 AM
 LOWEST     29           300 PM
 AVERAGE    61

..........................................................


THE REXBURG ID CLIMATE NORMALS FOR TOMORROW
                         NORMAL    RECORD    YEAR
 MAXIMUM TEMPERATURE (F)   55        67      2005
                                             1999
 MINIMUM TEMPERATURE (F)   30        19      2008


SUNRISE AND SUNSET
OCTOBER 22 2014.......SUNRISE   750 AM MDT   SUNSET   632 PM MDT
OCTOBER 23 2014.......SUNRISE   752 AM MDT   SUNSET   631 PM MDT


-  INDICATES NEGATIVE NUMBERS.
R  INDICATES RECORD WAS SET OR TIED.
MM INDICATES DATA IS MISSING.
T  INDICATES TRACE AMOUNT.




$$
