000
CDUS45 KPIH 190732
CLIRXE


CLIMATE REPORT
NATIONAL WEATHER SERVICE POCATELLO ID
130 AM MDT THU OCT 19 2017


...................................

...THE REXBURG ID CLIMATE SUMMARY FOR OCTOBER 18 2017...

CLIMATE NORMAL PERIOD 1981 TO 2010
CLIMATE RECORD PERIOD 1998 TO 2017


WEATHER ITEM   OBSERVED TIME   RECORD YEAR NORMAL DEPARTURE LAST
                VALUE   (LST)  VALUE       VALUE  FROM      YEAR
                                                  NORMAL
..................................................................
TEMPERATURE (F)
 YESTERDAY
  MAXIMUM         65    313 PM  74    2003  58      7       42
  MINIMUM         27    716 AM  22    2006  31     -4       30
  AVERAGE         46                        44      2       36

PRECIPITATION (IN)
  YESTERDAY        0.00         MM      MM   0.05  -0.05     0.07
  MONTH TO DATE    0.22                      0.67  -0.45     1.97
  SINCE OCT 1      0.22                      0.67  -0.45     1.97
  SINCE JAN 1     10.58                     10.55   0.03     9.70

SNOWFALL (IN)
  YESTERDAY       MM
  MONTH TO DATE   MM
  SINCE SEP 1     MM
  SINCE JUL 1     MM
  SNOW DEPTH      MM

DEGREE DAYS
 HEATING
  YESTERDAY       19                        21     -2       29
  MONTH TO DATE  424                       321    103      318
  SINCE SEP 1    710                       606    104      574
  SINCE JUL 1    723                       679     44      638

 COOLING
  YESTERDAY        0                         0      0        0
  MONTH TO DATE    0                         0      0        0
  SINCE SEP 1     38                         6     32       14
  SINCE JAN 1    347                       208    139      261
..................................................................


WIND (MPH)
  HIGHEST WIND SPEED    22   HIGHEST WIND DIRECTION    SW (230)
  HIGHEST GUST SPEED    28   HIGHEST GUST DIRECTION    SW (230)
  AVERAGE WIND SPEED     9.2


SKY COVER
  POSSIBLE SUNSHINE  MM
  AVERAGE SKY COVER 0.0


WEATHER CONDITIONS
 THE FOLLOWING WEATHER WAS RECORDED YESTERDAY.
  NO SIGNIFICANT WEATHER WAS OBSERVED.


RELATIVE HUMIDITY (PERCENT)
 HIGHEST    78           700 AM
 LOWEST     22           400 PM
 AVERAGE    50

..........................................................


THE REXBURG ID CLIMATE NORMALS FOR TODAY
                         NORMAL    RECORD    YEAR
 MAXIMUM TEMPERATURE (F)   57        73      2003
 MINIMUM TEMPERATURE (F)   31        22      1999


SUNRISE AND SUNSET
OCTOBER 19 2017.......SUNRISE   747 AM MDT   SUNSET   637 PM MDT
OCTOBER 20 2017.......SUNRISE   748 AM MDT   SUNSET   635 PM MDT


-  INDICATES NEGATIVE NUMBERS.
R  INDICATES RECORD WAS SET OR TIED.
MM INDICATES DATA IS MISSING.
T  INDICATES TRACE AMOUNT.




$$
