000
CDUS45 KPIH 210735
CLIRXE


CLIMATE REPORT
NATIONAL WEATHER SERVICE POCATELLO ID
1233 AM MST SUN DEC 21 2014


...................................

...THE REXBURG ID CLIMATE SUMMARY FOR DECEMBER 20 2014...

CLIMATE NORMAL PERIOD 1981 TO 2010
CLIMATE RECORD PERIOD 1998 TO 2014


WEATHER ITEM   OBSERVED TIME   RECORD YEAR NORMAL DEPARTURE LAST
                VALUE   (LST)  VALUE       VALUE  FROM      YEAR
                                                  NORMAL
..................................................................
TEMPERATURE (F)
 YESTERDAY
  MAXIMUM         36    825 PM  40    2003  28      8       22
  MINIMUM         32   1215 PM  -9    2008  12     20       12
  AVERAGE         34                        20     14       17

PRECIPITATION (IN)
  YESTERDAY        0.21         MM      MM   0.04   0.17     0.05
  MONTH TO DATE    0.71                      0.58   0.13     0.47
  SINCE OCT 1      1.64                      2.73  -1.09     1.69
  SINCE JAN 1     15.74                     12.61   3.13     8.13

SNOWFALL (IN)
  YESTERDAY       MM
  MONTH TO DATE   MM
  SINCE DEC 1     MM
  SINCE JUL 1     MM
  SNOW DEPTH      MM

DEGREE DAYS
 HEATING
  YESTERDAY       31                        45    -14       48
  MONTH TO DATE  622                       875   -253     1067
  SINCE DEC 1    622                       875   -253     1067
  SINCE JUL 1   2432                      2887   -455     2830

 COOLING
  YESTERDAY        0                         0      0        0
  MONTH TO DATE    0                         0      0        0
  SINCE DEC 1      0                         0      0        0
  SINCE JAN 1    234                       208     26      452
..................................................................


WIND (MPH)
  HIGHEST WIND SPEED    18   HIGHEST WIND DIRECTION    SW (210)
  HIGHEST GUST SPEED    26   HIGHEST GUST DIRECTION    SW (210)
  AVERAGE WIND SPEED     9.7


SKY COVER
  POSSIBLE SUNSHINE  MM
  AVERAGE SKY COVER 1.0


WEATHER CONDITIONS
 THE FOLLOWING WEATHER WAS RECORDED YESTERDAY.
  LIGHT RAIN
  SNOW
  LIGHT SNOW
  FOG


RELATIVE HUMIDITY (PERCENT)
 HIGHEST   100           100 AM
 LOWEST     89           500 AM
 AVERAGE    95

..........................................................


THE REXBURG ID CLIMATE NORMALS FOR TODAY
                         NORMAL    RECORD    YEAR
 MAXIMUM TEMPERATURE (F)   28        39      2005
 MINIMUM TEMPERATURE (F)   12        -3      2000


SUNRISE AND SUNSET
DECEMBER 21 2014......SUNRISE   758 AM MST   SUNSET   453 PM MST
DECEMBER 22 2014......SUNRISE   759 AM MST   SUNSET   453 PM MST


-  INDICATES NEGATIVE NUMBERS.
R  INDICATES RECORD WAS SET OR TIED.
MM INDICATES DATA IS MISSING.
T  INDICATES TRACE AMOUNT.




$$
