000
CDUS45 KPIH 280732
CLIRXE


CLIMATE REPORT
NATIONAL WEATHER SERVICE POCATELLO ID
131 AM MDT FRI APR 28 2017


...................................

...THE REXBURG ID CLIMATE SUMMARY FOR APRIL 27 2017...

CLIMATE NORMAL PERIOD 1981 TO 2010
CLIMATE RECORD PERIOD 1998 TO 2017


WEATHER ITEM   OBSERVED TIME   RECORD YEAR NORMAL DEPARTURE LAST
                VALUE   (LST)  VALUE       VALUE  FROM      YEAR
                                                  NORMAL
..................................................................
TEMPERATURE (F)
 YESTERDAY
  MAXIMUM         46    132 PM  78    2000  60    -14       58
  MINIMUM         33   1159 PM  22    2008  34     -1       35
  AVERAGE         40                        47     -7       47

PRECIPITATION (IN)
  YESTERDAY        0.08         MM      MM   0.06   0.02     0.00
  MONTH TO DATE    2.10                      1.32   0.78     0.78
  SINCE OCT 1     11.00                      7.16   3.84     6.65
  SINCE JAN 1      5.24                      3.95   1.29     3.49

SNOWFALL (IN)
  YESTERDAY       MM
  MONTH TO DATE   MM
  SINCE MAR 1     MM
  SINCE JUL 1     MM
  SNOW DEPTH      MM

DEGREE DAYS
 HEATING
  YESTERDAY       25                        18      7       18
  MONTH TO DATE  593                       584      9      443
  SINCE MAR 1   1332                      1540   -208     1300
  SINCE JUL 1   7127                      7513   -386     6877

 COOLING
  YESTERDAY        0                         0      0        0
  MONTH TO DATE    0                         0      0        0
  SINCE MAR 1      0                         0      0        0
  SINCE JAN 1      0                         0      0        0
..................................................................


WIND (MPH)
  HIGHEST WIND SPEED    22   HIGHEST WIND DIRECTION    SW (210)
  HIGHEST GUST SPEED    28   HIGHEST GUST DIRECTION    SW (210)
  AVERAGE WIND SPEED     9.6


SKY COVER
  POSSIBLE SUNSHINE  MM
  AVERAGE SKY COVER 0.9


WEATHER CONDITIONS
 THE FOLLOWING WEATHER WAS RECORDED YESTERDAY.
  LIGHT RAIN
  LIGHT SNOW
  FOG
  HAZE


RELATIVE HUMIDITY (PERCENT)
 HIGHEST   100           500 PM
 LOWEST     49          1000 AM
 AVERAGE    75

..........................................................


THE REXBURG ID CLIMATE NORMALS FOR TODAY
                         NORMAL    RECORD    YEAR
 MAXIMUM TEMPERATURE (F)   60        77      2007
 MINIMUM TEMPERATURE (F)   34        28      2016
                                             2014


SUNRISE AND SUNSET
APRIL 28 2017.........SUNRISE   623 AM MDT   SUNSET   827 PM MDT
APRIL 29 2017.........SUNRISE   622 AM MDT   SUNSET   828 PM MDT


-  INDICATES NEGATIVE NUMBERS.
R  INDICATES RECORD WAS SET OR TIED.
MM INDICATES DATA IS MISSING.
T  INDICATES TRACE AMOUNT.




$$
