000
CDUS46 KSTO 240849
CLISAC

CLIMATE REPORT
NATIONAL WEATHER SERVICE SACRAMENTO, CA
147 AM PDT SUN SEP 24 2017


.................................................................

...THE SACRAMENTO EXEC. AIRPORT CA CLIMATE SUMMARY FOR SEPTEMBER 23 2017...

CLIMATE NORMAL PERIOD 1981 TO 2010
CLIMATE RECORD PERIOD 1930 TO 2017


WEATHER ITEM   OBSERVED TIME   RECORD YEAR NORMAL DEPARTURE LAST
                VALUE   (LST)  VALUE       VALUE  FROM      YEAR
                                                  NORMAL
..................................................................
TEMPERATURE (F)
 YESTERDAY
  MAXIMUM         80    356 PM 103    1964  86     -6       84
  MINIMUM         53    544 AM  48    1993  55     -2       49
                                      1981
                                      1948
  AVERAGE         67

PRECIPITATION (IN)
  YESTERDAY        0.00          0.22 1982   0.01  -0.01     0.00
  MONTH TO DATE    T                         0.19  -0.19      T
  SINCE OCT 1     33.08                     18.42  14.66    16.19
  SINCE JAN 1     23.63                     12.14  11.49    12.75

SNOWFALL (IN)
  YESTERDAY        0.0           0.0  2002   0.0             0.0
                                      2001
  MONTH TO DATE    0.0                       0.0             0.0
  SINCE SEP 1      0.0                       0.0             0.0
  SINCE JUL 1      0.0                       0.0             0.0

DEGREE DAYS
 HEATING
  YESTERDAY        0

 COOLING
  YESTERDAY        2
..................................................................


WIND (MPH)
  RESULTANT WIND SPEED   7   RESULTANT WIND DIRECTION  NW (330)
  HIGHEST WIND SPEED    20   HIGHEST WIND DIRECTION    NW (320)
  HIGHEST GUST SPEED    24   HIGHEST GUST DIRECTION     N (360)


SKY COVER
  POSSIBLE SUNSHINE  MM
  AVERAGE SKY COVER 0.0


WEATHER CONDITIONS
 THE FOLLOWING WEATHER WAS RECORDED YESTERDAY.
  NO SIGNIFICANT WEATHER WAS OBSERVED.


RELATIVE HUMIDITY (PERCENT)
 HIGHEST    66
 LOWEST     14
 AVERAGE    40

..........................................................


THE SACRAMENTO EXEC. AIRPORT CA CLIMATE NORMALS FOR TODAY
                         NORMAL    RECORD    YEAR
 MAXIMUM TEMPERATURE (F)   86       102      1975
 MINIMUM TEMPERATURE (F)   55        48      1948


SUNRISE AND SUNSET
SEPTEMBER 24 2017.....SUNRISE   656 AM PDT   SUNSET   659 PM PDT
SEPTEMBER 25 2017.....SUNRISE   657 AM PDT   SUNSET   658 PM PDT


-  INDICATES NEGATIVE NUMBERS.
R  INDICATES RECORD WAS SET OR TIED.
MM INDICATES DATA IS MISSING.
T  INDICATES TRACE AMOUNT.


&&
....................................................................

SACRAMENTO CITY CLIMATE DATA FOR SATURDAY SEPTEMBER 23 2017

HIGH...   80  RECORD HIGH   102 IN 1939    NORMAL    HIGH   87
LOW....   53  RECORD LOW     46 IN 1945    NORMAL    LOW    57

RAIN SINCE MIDNIGHT....  0.00   RECORD THIS DATE....... 1.74 IN 1904
TOTAL THIS MONTH.......  0.00   NORMAL SINCE OCT 1ST.........  20.14
TOTAL SINCE OCT 1ST...  33.94   PERCENT OF NORMAL.............  169%


$$
NNNN
