000
CDUS46 KSTO 200037
CLISAC

CLIMATE REPORT
NATIONAL WEATHER SERVICE SACRAMENTO, CA
435 PM PST FRI DEC 19 2014


...................................

...THE SACRAMENTO EXEC. AIRPORT CA CLIMATE SUMMARY FOR DECEMBER 19 2014...
VALID TODAY AS OF 0400 PM LOCAL TIME.

CLIMATE NORMAL PERIOD 1981 TO 2010
CLIMATE RECORD PERIOD 1930 TO 2014


WEATHER ITEM   OBSERVED TIME   RECORD YEAR NORMAL DEPARTURE LAST
                VALUE   (LST)  VALUE       VALUE  FROM      YEAR
                                                  NORMAL
..................................................................
TEMPERATURE (F)
 TODAY
  MAXIMUM         55    905 AM  72    1999  53      2       61
  MINIMUM         51   1244 PM  25    1965  38     13       38
  AVERAGE         53

PRECIPITATION (IN)
  TODAY            0.87          2.87 1955   0.11   0.76     0.00
  MONTH TO DATE    8.50                      1.88   6.62     0.43
  SINCE JUL 1     10.75                      5.25   5.50     1.90
  SINCE JAN 1     18.64                     17.15   1.49     5.81

SNOWFALL (IN)
  TODAY            0.0           0.0  2001   0.0             0.0
  MONTH TO DATE    0.0                       0.0             0.0
  SINCE DEC 1      0.0                       0.0             0.0
  SINCE JUL 1      0.0                       0.0             0.0

DEGREE DAYS
 HEATING
  TODAY           12

 COOLING
  TODAY            0
..................................................................


WIND (MPH)
  RESULTANT WIND SPEED   7   RESULTANT WIND DIRECTION  SE (130)
  HIGHEST WIND SPEED    16   HIGHEST WIND DIRECTION     W (280)
  HIGHEST GUST SPEED    21   HIGHEST GUST DIRECTION     W (280)


SKY COVER
  POSSIBLE SUNSHINE  MM
  AVERAGE SKY COVER 1.0


WEATHER CONDITIONS
 THE FOLLOWING WEATHER WAS RECORDED TODAY.
  HEAVY RAIN
  RAIN
  LIGHT RAIN
  FOG


RELATIVE HUMIDITY (PERCENT)
 HIGHEST    96
 LOWEST     72
 AVERAGE    84

..........................................................


THE SACRAMENTO EXEC. AIRPORT CA CLIMATE NORMALS FOR TOMORROW
                         NORMAL    RECORD    YEAR
 MAXIMUM TEMPERATURE (F)   53        65      1969
 MINIMUM TEMPERATURE (F)   38        23      1990


SUNRISE AND SUNSET
DECEMBER 19 2014......SUNRISE   719 AM PST   SUNSET   448 PM PST
DECEMBER 20 2014......SUNRISE   719 AM PST   SUNSET   448 PM PST


-  INDICATES NEGATIVE NUMBERS.
R  INDICATES RECORD WAS SET OR TIED.
MM INDICATES DATA IS MISSING.
T  INDICATES TRACE AMOUNT.






&&
....................................................................

SACRAMENTO CITY CLIMATE DATA FOR FRIDAY DECEMBER 19 2014

HIGH...   55  RECORD HIGH    71 IN 1999    NORMAL    HIGH   53
LOW....   50  RECORD LOW     25 IN 1924    NORMAL    LOW    40

RAIN SINCE MIDNIGHT....  0.78   RECORD THIS DATE....... 2.41 IN 1955
TOTAL THIS MONTH.......  7.48   NORMAL SEASON TO DATE.........  5.87
TOTAL SINCE JULY 1ST...  9.69   PERCENT OF NORMAL.............  165%


$$
NNNN
