000
CDUS46 KSTO 240848
CLISAC

CLIMATE REPORT
NATIONAL WEATHER SERVICE SACRAMENTO, CA
137 AM PDT FRI OCT 24 2014


...................................

...THE SACRAMENTO EXEC. AIRPORT CA CLIMATE SUMMARY FOR OCTOBER 23 2014...

CLIMATE NORMAL PERIOD 1981 TO 2010
CLIMATE RECORD PERIOD 1930 TO 2014


WEATHER ITEM   OBSERVED TIME   RECORD YEAR NORMAL DEPARTURE LAST
                VALUE   (LST)  VALUE       VALUE  FROM      YEAR
                                                  NORMAL
..................................................................
TEMPERATURE (F)
 YESTERDAY
  MAXIMUM         78    345 PM  89    1965  75      3       84
  MINIMUM         58   1159 PM  38    1961  49      9       45
  AVERAGE         68

PRECIPITATION (IN)
  YESTERDAY        0.00          1.07 1989   0.04  -0.04     0.00
  MONTH TO DATE    0.17                      0.59  -0.42     0.00
  SINCE JUL 1      0.64                      0.93  -0.29     0.59
  SINCE JAN 1      8.53                     12.83  -4.30     4.50

SNOWFALL (IN)
  YESTERDAY        0.0           0.0  2002   0.0             0.0
                                      2001
  MONTH TO DATE    0.0                       0.0             0.0
  SINCE SEP 1      0.0                       0.0             0.0
  SINCE JUL 1      0.0                       0.0             0.0

DEGREE DAYS
 HEATING
  YESTERDAY        0

 COOLING
  YESTERDAY        3
..................................................................


WIND (MPH)
  RESULTANT WIND SPEED   2   RESULTANT WIND DIRECTION   N (340)
  HIGHEST WIND SPEED    14   HIGHEST WIND DIRECTION    NW (330)
  HIGHEST GUST SPEED    17   HIGHEST GUST DIRECTION     N (350)


SKY COVER
  POSSIBLE SUNSHINE  MM
  AVERAGE SKY COVER 0.0


WEATHER CONDITIONS
 THE FOLLOWING WEATHER WAS RECORDED YESTERDAY.
  NO SIGNIFICANT WEATHER WAS OBSERVED.


RELATIVE HUMIDITY (PERCENT)
 HIGHEST    84
 LOWEST     40
 AVERAGE    62

..........................................................


THE SACRAMENTO EXEC. AIRPORT CA CLIMATE NORMALS FOR TODAY
                         NORMAL    RECORD    YEAR
 MAXIMUM TEMPERATURE (F)   74        89      1965
 MINIMUM TEMPERATURE (F)   48        38      1949


SUNRISE AND SUNSET
OCTOBER 24 2014.......SUNRISE   724 AM PDT   SUNSET   616 PM PDT
OCTOBER 25 2014.......SUNRISE   725 AM PDT   SUNSET   614 PM PDT


-  INDICATES NEGATIVE NUMBERS.
R  INDICATES RECORD WAS SET OR TIED.
MM INDICATES DATA IS MISSING.
T  INDICATES TRACE AMOUNT.

&&
....................................................................

SACRAMENTO CITY CLIMATE DATA FOR THURSDAY OCTOBER 23 2014

HIGH...   77  RECORD HIGH    90 IN 1965    NORMAL    HIGH   75
LOW....   57  RECORD LOW     40 IN 1885    NORMAL    LOW    51

RAIN SINCE MIDNIGHT....  0.00   RECORD THIS DATE....... 1.17 IN 1897
TOTAL THIS MONTH.......  0.09   NORMAL SEASON TO DATE.........  1.03
TOTAL SINCE JULY 1ST...  0.65   PERCENT OF NORMAL.............   63%

$$
NNNN
