000
CDUS46 KSTO 210848
CLISAC

CLIMATE REPORT
NATIONAL WEATHER SERVICE SACRAMENTO, CA
1247 AM PST TUE NOV 21 2017


...................................

...THE SACRAMENTO EXEC. AIRPORT CA CLIMATE SUMMARY FOR NOVEMBER 20 2017...

CLIMATE NORMAL PERIOD 1981 TO 2010
CLIMATE RECORD PERIOD 1930 TO 2017


WEATHER ITEM   OBSERVED TIME   RECORD YEAR NORMAL DEPARTURE LAST
                VALUE   (LST)  VALUE       VALUE  FROM      YEAR
                                                  NORMAL
..................................................................
TEMPERATURE (F)
 YESTERDAY
  MAXIMUM         60   1254 PM  73    1995  62     -2       59
  MINIMUM         52   1030 PM  29    1993  42     10       52
  AVERAGE         56

PRECIPITATION (IN)
  YESTERDAY        T             0.90 2010   0.08  -0.08     0.13
  MONTH TO DATE    1.94                      1.25   0.69     0.54
  SINCE OCT 1      2.09                      2.20  -0.11     5.26
  SINCE JAN 1     25.72                     14.44  11.28    18.01

SNOWFALL (IN)
  YESTERDAY        0.0           0.0  2001   0.0             0.0
  MONTH TO DATE    0.0                       0.0             0.0
  SINCE SEP 1      0.0                       0.0             0.0
  SINCE JUL 1      0.0                       0.0             0.0

DEGREE DAYS
 HEATING
  YESTERDAY        9

 COOLING
  YESTERDAY        0
..................................................................


WIND (MPH)
  RESULTANT WIND SPEED   2   RESULTANT WIND DIRECTION   N (360)
  HIGHEST WIND SPEED    13   HIGHEST WIND DIRECTION     N (340)
  HIGHEST GUST SPEED    18   HIGHEST GUST DIRECTION     N (340)


SKY COVER
  POSSIBLE SUNSHINE  MM
  AVERAGE SKY COVER 0.9


WEATHER CONDITIONS
 THE FOLLOWING WEATHER WAS RECORDED YESTERDAY.
  LIGHT RAIN
  FOG
  HAZE


RELATIVE HUMIDITY (PERCENT)
 HIGHEST   100
 LOWEST     69
 AVERAGE    85

..........................................................


THE SACRAMENTO EXEC. AIRPORT CA CLIMATE NORMALS FOR TODAY
                         NORMAL    RECORD    YEAR
 MAXIMUM TEMPERATURE (F)   61        71      2005
                                             2002
 MINIMUM TEMPERATURE (F)   41        26      1941


SUNRISE AND SUNSET
NOVEMBER 21 2017......SUNRISE   655 AM PST   SUNSET   449 PM PST
NOVEMBER 22 2017......SUNRISE   656 AM PST   SUNSET   448 PM PST


-  INDICATES NEGATIVE NUMBERS.
R  INDICATES RECORD WAS SET OR TIED.
MM INDICATES DATA IS MISSING.
T  INDICATES TRACE AMOUNT.




&&
....................................................................

SACRAMENTO CITY CLIMATE DATA FOR MONDAY NOVEMBER 20 2017

HIGH...   62  RECORD HIGH    78 IN 1932    NORMAL    HIGH   62
LOW....   53  RECORD LOW     30 IN 1985    NORMAL    LOW    44

RAIN SINCE MIDNIGHT....  0.00   RECORD THIS DATE....... 1.33 IN 1903
TOTAL THIS MONTH.......  2.12   NORMAL SINCE OCT 1ST.........  2.53
TOTAL SINCE OCT 1ST...  2.26   PERCENT OF NORMAL.............  89%


$$
NNNN
