000
CDUS46 KSGX 302321
CLISAN


CLIMATE REPORT
NATIONAL WEATHER SERVICE SAN DIEGO, CA
421 PM PDT SAT MAY 30 2015


...................................

...THE SAN DIEGO/LINDBERGH FIELD CA CLIMATE SUMMARY FOR MAY 30 2015...
VALID TODAY AS OF 0400 PM LOCAL TIME.

CLIMATE NORMAL PERIOD 1981 TO 2010
CLIMATE RECORD PERIOD 1874 TO 2015


WEATHER ITEM   OBSERVED TIME   RECORD YEAR NORMAL DEPARTURE LAST
                VALUE   (LST)  VALUE       VALUE  FROM      YEAR
                                                  NORMAL
..................................................................
TEMPERATURE (F)
 TODAY
  MAXIMUM         71    236 PM  88    1879  69      2       74
  MINIMUM         62    653 AM  50    1878  61      1       62
  AVERAGE         67                        65      2       68

PRECIPITATION (IN)
  TODAY            0.00          0.09 1884   0.01  -0.01     0.00
  MONTH TO DATE    2.39                      0.12   2.27      T
  SINCE OCT 1      8.91                     10.07  -1.16     5.01
  SINCE JAN 1      4.04                      6.96  -2.92     2.82

SNOWFALL (IN)
  TODAY            0.0
  MONTH TO DATE    0.0
  SINCE MAR 1      0.0
  SINCE JUL 1      0.0
  SNOW DEPTH      MM

DEGREE DAYS
 HEATING
  TODAY            0                         1     -1        0
  MONTH TO DATE   37                        56    -19        8
  SINCE MAR 1     94                       347   -253       89
  SINCE JUL 1    440                      1205   -765      545

 COOLING
  TODAY            2                         1      1        3
  MONTH TO DATE   14                        30    -16      151
  SINCE MAR 1    161                        49    112      226
  SINCE JAN 1    183                        54    129      235
..................................................................


WIND (MPH)
  RESULTANT WIND SPEED   3   RESULTANT WIND DIRECTION   W (260)
  HIGHEST WIND SPEED     9   HIGHEST WIND DIRECTION     W (270)
  HIGHEST GUST SPEED    13   HIGHEST GUST DIRECTION     W (270)
  AVERAGE WIND SPEED     4.6


SKY COVER
  POSSIBLE SUNSHINE  MM
  AVERAGE SKY COVER 0.9


WEATHER CONDITIONS
 THE FOLLOWING WEATHER WAS RECORDED TODAY.
  HAZE


RELATIVE HUMIDITY (PERCENT)
 HIGHEST    84           800 AM
 LOWEST     66           300 PM
 AVERAGE    75

..........................................................


THE SAN DIEGO/LINDBERGH FIELD CA CLIMATE NORMALS FOR TOMORROW
                         NORMAL    RECORD    YEAR
 MAXIMUM TEMPERATURE (F)   69        94      1879
 MINIMUM TEMPERATURE (F)   61        52      1906


SUNRISE AND SUNSET
MAY 30 2015...........SUNRISE   542 AM PDT   SUNSET   750 PM PDT
MAY 31 2015...........SUNRISE   542 AM PDT   SUNSET   751 PM PDT


-  INDICATES NEGATIVE NUMBERS.
R  INDICATES RECORD WAS SET OR TIED.
MM INDICATES DATA IS MISSING.
T  INDICATES TRACE AMOUNT.




$$
