151
CDUS46 KSGX 211518
CLISAN


CLIMATE REPORT
NATIONAL WEATHER SERVICE SAN DIEGO, CA
718 AM PST SAT JAN 21 2017


...................................

...THE SAN DIEGO INTL AIRPORT CA CLIMATE SUMMARY FOR JANUARY 20 2017...

CLIMATE NORMAL PERIOD 1981 TO 2010
CLIMATE RECORD PERIOD 1874 TO 2017


WEATHER ITEM   OBSERVED TIME   RECORD YEAR NORMAL DEPARTURE LAST
                VALUE   (LST)  VALUE       VALUE  FROM      YEAR
                                                  NORMAL
..................................................................
TEMPERATURE (F)
 YESTERDAY
  MAXIMUM         61    422 PM  80    1976  65     -4       67
                                      1942
  MINIMUM         54    606 PM  33    1883  49      5       58
  AVERAGE         58                        57      1       63

PRECIPITATION (IN)
  YESTERDAY        1.11          1.37 1962   0.06   1.05     0.00
  MONTH TO DATE    2.36                      1.29   1.07     3.03
  SINCE OCT 1      7.26                      4.40   2.86     5.88
  SINCE JAN 1      2.36                      1.29   1.07     3.03

DEGREE DAYS
 HEATING
  YESTERDAY        7                         8     -1        2
  MONTH TO DATE  125                       163    -38      142
  SINCE DEC 1    310                       425   -115      350
  SINCE JUL 1    360                       570   -210      419

 COOLING
  YESTERDAY        0                         0      0        0
  MONTH TO DATE    0                         0      0        0
  SINCE DEC 1      4                         0      4        0
  SINCE JAN 1      0                         0      0        0
..................................................................


WIND (MPH)
  RESULTANT WIND SPEED   8   RESULTANT WIND DIRECTION  SW (210)
  HIGHEST WIND SPEED    37   HIGHEST WIND DIRECTION     S (170)
  HIGHEST GUST SPEED    49   HIGHEST GUST DIRECTION    SE (150)
  AVERAGE WIND SPEED    13.3


SKY COVER
  POSSIBLE SUNSHINE  MM
  AVERAGE SKY COVER 0.9


WEATHER CONDITIONS
 THE FOLLOWING WEATHER WAS RECORDED YESTERDAY.
  HEAVY RAIN
  RAIN
  LIGHT RAIN
  FOG
  HAZE


RELATIVE HUMIDITY (PERCENT)
 HIGHEST    93           300 PM
 LOWEST     66          1100 PM
 AVERAGE    80

..........................................................


THE SAN DIEGO INTL AIRPORT CA CLIMATE NORMALS FOR TODAY
                         NORMAL    RECORD    YEAR
 MAXIMUM TEMPERATURE (F)   65        82      1912
 MINIMUM TEMPERATURE (F)   49        32      1883


SUNRISE AND SUNSET
JANUARY 21 2017.......SUNRISE   649 AM PST   SUNSET   511 PM PST
JANUARY 22 2017.......SUNRISE   649 AM PST   SUNSET   512 PM PST


-  INDICATES NEGATIVE NUMBERS.
R  INDICATES RECORD WAS SET OR TIED.
MM INDICATES DATA IS MISSING.
T  INDICATES TRACE AMOUNT.




$$
