000
CDUS46 KSGX 091519
CLISAN


CLIMATE REPORT
NATIONAL WEATHER SERVICE SAN DIEGO, CA
718 AM PST FRI DEC 9 2016


...................................

...THE SAN DIEGO INTL AIRPORT CA CLIMATE SUMMARY FOR DECEMBER 8 2016...

CLIMATE NORMAL PERIOD 1981 TO 2010
CLIMATE RECORD PERIOD 1874 TO 2016


WEATHER ITEM   OBSERVED TIME   RECORD YEAR NORMAL DEPARTURE LAST
                VALUE   (LST)  VALUE       VALUE  FROM      YEAR
                                                  NORMAL
..................................................................
TEMPERATURE (F)
 YESTERDAY
  MAXIMUM         66   1228 PM  84    1938  65      1       76
  MINIMUM         50    658 AM  34    1978  49      1       53
  AVERAGE         58                        57      1       65

PRECIPITATION (IN)
  YESTERDAY        0.00          1.66 1884   0.05  -0.05     0.00
                                      1873
  MONTH TO DATE    0.00                      0.34  -0.34     0.00
  SINCE OCT 1      0.68                      1.92  -1.24     1.97
  SINCE JAN 1      6.01                      9.15  -3.14     9.01

DEGREE DAYS
 HEATING
  YESTERDAY        7                         8     -1        0
  MONTH TO DATE   55                        61     -6       18
  SINCE DEC 1     55                        61     -6       18
  SINCE JUL 1    105                       206   -101       87

 COOLING
  YESTERDAY        0                         0      0        0
  MONTH TO DATE    0                         0      0        0
  SINCE DEC 1      0                         0      0        0
  SINCE JAN 1   1163                       720    443     1564
..................................................................


WIND (MPH)
  RESULTANT WIND SPEED   4   RESULTANT WIND DIRECTION  NW (320)
  HIGHEST WIND SPEED    15   HIGHEST WIND DIRECTION    NW (320)
  HIGHEST GUST SPEED    19   HIGHEST GUST DIRECTION    NW (310)
  AVERAGE WIND SPEED     4.0


SKY COVER
  POSSIBLE SUNSHINE  MM
  AVERAGE SKY COVER 0.2


WEATHER CONDITIONS
 THE FOLLOWING WEATHER WAS RECORDED YESTERDAY.
  NO SIGNIFICANT WEATHER WAS OBSERVED.


RELATIVE HUMIDITY (PERCENT)
 HIGHEST    86           500 AM
 LOWEST     48          1100 AM
 AVERAGE    67

..........................................................


THE SAN DIEGO INTL AIRPORT CA CLIMATE NORMALS FOR TODAY
                         NORMAL    RECORD    YEAR
 MAXIMUM TEMPERATURE (F)   65        84      1957
 MINIMUM TEMPERATURE (F)   49        35      1960


SUNRISE AND SUNSET
DECEMBER  9 2016......SUNRISE   640 AM PST   SUNSET   443 PM PST
DECEMBER 10 2016......SUNRISE   640 AM PST   SUNSET   443 PM PST


-  INDICATES NEGATIVE NUMBERS.
R  INDICATES RECORD WAS SET OR TIED.
MM INDICATES DATA IS MISSING.
T  INDICATES TRACE AMOUNT.




$$
