000
CDUS46 KSGX 180016
CLISAN


CLIMATE REPORT
NATIONAL WEATHER SERVICE SAN DIEGO, CA
516 PM PDT THU APR 17 2014


...................................

...THE SAN DIEGO/LINDBERGH FIELD CA CLIMATE SUMMARY FOR APRIL 17 2014...
VALID TODAY AS OF 0500 PM LOCAL TIME.

CLIMATE NORMAL PERIOD 1981 TO 2010
CLIMATE RECORD PERIOD 1850 TO 2014


WEATHER ITEM   OBSERVED TIME   RECORD YEAR NORMAL DEPARTURE LAST
                VALUE   (LST)  VALUE       VALUE  FROM      YEAR
                                                  NORMAL
..................................................................
TEMPERATURE (F)
 TODAY
  MAXIMUM         65    241 PM  82    1879  68     -3       68
  MINIMUM         60    249 AM  46    1967  56      4       52
                                      1921
                                      1894
  AVERAGE         63                        62      1       60

PRECIPITATION (IN)
  TODAY            0.00          0.61 1903   0.03  -0.03     0.00
  MONTH TO DATE    0.36                      0.54  -0.18     0.01
  SINCE JUL 1      4.89                      9.91  -5.02     6.24
  SINCE JAN 1      2.65                      6.60  -3.95     3.07

SNOWFALL (IN)
  TODAY            0.0
  MONTH TO DATE    0.0
  SINCE JAN 1      0.0
  SINCE JUL 1      0.0
  SNOW DEPTH       0

DEGREE DAYS
 HEATING
  TODAY            2                         4     -2        5
  MONTH TO DATE   35                        73    -38       72
  SINCE MAR 1     75                       251   -176      220
  SINCE JUL 1    531                      1109   -578     1053

 COOLING
  TODAY            0                         0      0        0
  MONTH TO DATE   26                         0     26        0
  SINCE MAR 1     46                         5     41        3
  SINCE JAN 1     55                        10     45        4
..................................................................


WIND (MPH)
  RESULTANT WIND SPEED   7   RESULTANT WIND DIRECTION   S (180)
  HIGHEST WIND SPEED    13   HIGHEST WIND DIRECTION    SW (230)
  HIGHEST GUST SPEED    16   HIGHEST GUST DIRECTION    SW (210)
  AVERAGE WIND SPEED     7.4


SKY COVER
  POSSIBLE SUNSHINE  MM
  AVERAGE SKY COVER 1.0


WEATHER CONDITIONS
 THE FOLLOWING WEATHER WAS RECORDED TODAY.
  NO SIGNIFICANT WEATHER WAS OBSERVED.


RELATIVE HUMIDITY (PERCENT)
 HIGHEST    78           500 AM
 LOWEST     63          1200 PM
 AVERAGE    71

..........................................................


THE SAN DIEGO/LINDBERGH FIELD CA CLIMATE NORMALS FOR TOMORROW
                         NORMAL    RECORD    YEAR
 MAXIMUM TEMPERATURE (F)   68        83      1914
 MINIMUM TEMPERATURE (F)   56        44      1896
                                             1878


SUNRISE AND SUNSET
APRIL 17 2014.........SUNRISE   617 AM PDT   SUNSET   720 PM PDT
APRIL 18 2014.........SUNRISE   615 AM PDT   SUNSET   721 PM PDT


-  INDICATES NEGATIVE NUMBERS.
R  INDICATES RECORD WAS SET OR TIED.
MM INDICATES DATA IS MISSING.
T  INDICATES TRACE AMOUNT.




$$
