000
CDUS46 KSGX 061521
CLISAN


CLIMATE REPORT
NATIONAL WEATHER SERVICE SAN DIEGO, CA
721 AM PST SAT FEB 6 2016


...................................

...THE SAN DIEGO/LINDBERGH FIELD CA CLIMATE SUMMARY FOR FEBRUARY 5 2016...

CLIMATE NORMAL PERIOD 1981 TO 2010
CLIMATE RECORD PERIOD 1874 TO 2016


WEATHER ITEM   OBSERVED TIME   RECORD YEAR NORMAL DEPARTURE LAST
                VALUE   (LST)  VALUE       VALUE  FROM      YEAR
                                                  NORMAL
..................................................................
TEMPERATURE (F)
 YESTERDAY
  MAXIMUM         73    151 PM  83    2007  65      8       71
  MINIMUM         48    549 AM  38    1894  50     -2       54
                                      1883
  AVERAGE         61                        58      3       63

PRECIPITATION (IN)
  YESTERDAY        0.00          1.13 1935   0.07  -0.07     0.00
  MONTH TO DATE    T                         0.35  -0.35     0.00
  SINCE OCT 1      6.06                      5.44   0.62     5.29
  SINCE JAN 1      3.21                      2.33   0.88     0.42

DEGREE DAYS
 HEATING
  YESTERDAY        4                         8     -4        2
  MONTH TO DATE   44                        40      4       16
  SINCE DEC 1    445                       550   -105      270
  SINCE JUL 1    514                       695   -181      292

 COOLING
  YESTERDAY        0                         0      0        0
  MONTH TO DATE    0                         0      0        0
  SINCE DEC 1      0                         2     -2        4
  SINCE JAN 1      0                         2     -2        0
..................................................................


WIND (MPH)
  RESULTANT WIND SPEED   2   RESULTANT WIND DIRECTION  NW (310)
  HIGHEST WIND SPEED    14   HIGHEST WIND DIRECTION    NW (310)
  HIGHEST GUST SPEED    20   HIGHEST GUST DIRECTION    NW (310)
  AVERAGE WIND SPEED     2.5


SKY COVER
  POSSIBLE SUNSHINE  MM
  AVERAGE SKY COVER 0.1


WEATHER CONDITIONS
 THE FOLLOWING WEATHER WAS RECORDED YESTERDAY.
  NO SIGNIFICANT WEATHER WAS OBSERVED.


RELATIVE HUMIDITY (PERCENT)
 HIGHEST    60           800 PM
 LOWEST     14          1200 PM
 AVERAGE    37

..........................................................


THE SAN DIEGO/LINDBERGH FIELD CA CLIMATE NORMALS FOR TODAY
                         NORMAL    RECORD    YEAR
 MAXIMUM TEMPERATURE (F)   65        83      1952
 MINIMUM TEMPERATURE (F)   50        34      1899


SUNRISE AND SUNSET
FEBRUARY  6 2016......SUNRISE   640 AM PST   SUNSET   526 PM PST
FEBRUARY  7 2016......SUNRISE   639 AM PST   SUNSET   527 PM PST


-  INDICATES NEGATIVE NUMBERS.
R  INDICATES RECORD WAS SET OR TIED.
MM INDICATES DATA IS MISSING.
T  INDICATES TRACE AMOUNT.




$$
