000
CDUS46 KSGX 260028
CLISAN


CLIMATE REPORT
NATIONAL WEATHER SERVICE SAN DIEGO, CA
528 PM PDT SUN SEP 25 2016


...................................

...THE SAN DIEGO/LINDBERGH FIELD CA CLIMATE SUMMARY FOR SEPTEMBER 25 2016...
VALID TODAY AS OF 0500 PM LOCAL TIME.

CLIMATE NORMAL PERIOD 1981 TO 2010
CLIMATE RECORD PERIOD 1874 TO 2016


WEATHER ITEM   OBSERVED TIME   RECORD YEAR NORMAL DEPARTURE LAST
                VALUE   (LST)  VALUE       VALUE  FROM      YEAR
                                                  NORMAL
..................................................................
TEMPERATURE (F)
 TODAY
  MAXIMUM         90    400 PM 101    1978  75     15       85
  MINIMUM         68        MM  52    1920  64      4       73
  AVERAGE         79                        70      9       79

PRECIPITATION (IN)
  TODAY            0.00          0.90 1986   0.00   0.00     0.00
  MONTH TO DATE    0.32                      0.10   0.22     1.24
  SINCE OCT 1      8.18                     10.29  -2.11    11.91
  SINCE JAN 1      5.33                      7.18  -1.85     7.04

DEGREE DAYS
 HEATING
  TODAY            0                         0      0        0
  MONTH TO DATE    0                         0      0        0
  SINCE SEP 1      0                         0      0        0
  SINCE JUL 1      0                         1     -1        0

 COOLING
  TODAY           14                         5      9       14
  MONTH TO DATE  138                       148    -10      316
  SINCE SEP 1    138                       148    -10      316
  SINCE JAN 1    820                       616    204     1182
..................................................................


WIND (MPH)
  RESULTANT WIND SPEED   4   RESULTANT WIND DIRECTION  NW (310)
  HIGHEST WIND SPEED    17   HIGHEST WIND DIRECTION     N (340)
  HIGHEST GUST SPEED    MM   HIGHEST GUST DIRECTION    MM
  AVERAGE WIND SPEED     5.8


SKY COVER
  POSSIBLE SUNSHINE  MM
  AVERAGE SKY COVER 0.0


WEATHER CONDITIONS
 THE FOLLOWING WEATHER WAS RECORDED TODAY.
  NO SIGNIFICANT WEATHER WAS OBSERVED.


RELATIVE HUMIDITY (PERCENT)
 HIGHEST    49           600 AM
 LOWEST     19           200 PM
 AVERAGE    34

..........................................................


THE SAN DIEGO/LINDBERGH FIELD CA CLIMATE NORMALS FOR TOMORROW
                         NORMAL    RECORD    YEAR
 MAXIMUM TEMPERATURE (F)   75       111      1963
 MINIMUM TEMPERATURE (F)   64        50      1907


SUNRISE AND SUNSET
SEPTEMBER 25 2016.....SUNRISE   639 AM PDT   SUNSET   640 PM PDT
SEPTEMBER 26 2016.....SUNRISE   640 AM PDT   SUNSET   639 PM PDT


-  INDICATES NEGATIVE NUMBERS.
R  INDICATES RECORD WAS SET OR TIED.
MM INDICATES DATA IS MISSING.
T  INDICATES TRACE AMOUNT.




$$
