000
CDUS46 KSGX 221250
CLISAN


CLIMATE REPORT
NATIONAL WEATHER SERVICE SAN DIEGO, CA
450 AM PST WED NOV 22 2017


...................................

...THE SAN DIEGO INTL AIRPORT CA CLIMATE SUMMARY FOR NOVEMBER 21 2017...

CLIMATE NORMAL PERIOD 1981 TO 2010
CLIMATE RECORD PERIOD 1874 TO 2017


WEATHER ITEM   OBSERVED TIME   RECORD YEAR NORMAL DEPARTURE LAST
                VALUE   (LST)  VALUE       VALUE  FROM      YEAR
                                                  NORMAL
..................................................................
TEMPERATURE (F)
 YESTERDAY
  MAXIMUM         81   1251 PM  86    1954  68     13       66
  MINIMUM         56    618 AM  40    1941  52      4       60
  AVERAGE         69                        60      9       63

PRECIPITATION (IN)
  YESTERDAY        0.00          1.22 1967   0.04  -0.04     0.12
  MONTH TO DATE    T                         0.64  -0.64     0.23
  SINCE OCT 1      T                         1.21  -1.21     0.30
  SINCE JAN 1      7.83                      8.44  -0.61     5.63

DEGREE DAYS
 HEATING
  YESTERDAY        0                         5     -5        2
  MONTH TO DATE   10                        70    -60        7
  SINCE SEP 1     10                        90    -80        7
  SINCE JUL 1     10                        91    -81        7

 COOLING
  YESTERDAY        4                         0      4        0
  MONTH TO DATE   22                        11     11       81
  SINCE SEP 1    460                       250    210      481
  SINCE JAN 1   1163                       718    445     1163
..................................................................


WIND (MPH)
  RESULTANT WIND SPEED   3   RESULTANT WIND DIRECTION  NW (310)
  HIGHEST WIND SPEED    10   HIGHEST WIND DIRECTION    NW (300)
  HIGHEST GUST SPEED    13   HIGHEST GUST DIRECTION     W (290)
  AVERAGE WIND SPEED     3.7


SKY COVER
  POSSIBLE SUNSHINE  MM
  AVERAGE SKY COVER 0.4


WEATHER CONDITIONS
 THE FOLLOWING WEATHER WAS RECORDED YESTERDAY.
  NO SIGNIFICANT WEATHER WAS OBSERVED.


RELATIVE HUMIDITY (PERCENT)
 HIGHEST    63           700 PM
 LOWEST     19          1100 AM
 AVERAGE    41

..........................................................


THE SAN DIEGO INTL AIRPORT CA CLIMATE NORMALS FOR TODAY
                         NORMAL    RECORD    YEAR
 MAXIMUM TEMPERATURE (F)   68        84      2015
 MINIMUM TEMPERATURE (F)   52        40      1931


SUNRISE AND SUNSET
NOVEMBER 22 2017......SUNRISE   625 AM PST   SUNSET   444 PM PST
NOVEMBER 23 2017......SUNRISE   626 AM PST   SUNSET   444 PM PST


-  INDICATES NEGATIVE NUMBERS.
R  INDICATES RECORD WAS SET OR TIED.
MM INDICATES DATA IS MISSING.
T  INDICATES TRACE AMOUNT.




$$
