239
CDUS46 KSGX 241417
CLISAN


CLIMATE REPORT
NATIONAL WEATHER SERVICE SAN DIEGO, CA
717 AM PDT TUE MAY 24 2016


...................................

...THE SAN DIEGO/LINDBERGH FIELD CA CLIMATE SUMMARY FOR MAY 23 2016...

CLIMATE NORMAL PERIOD 1981 TO 2010
CLIMATE RECORD PERIOD 1874 TO 2016


WEATHER ITEM   OBSERVED TIME   RECORD YEAR NORMAL DEPARTURE LAST
                VALUE   (LST)  VALUE       VALUE  FROM      YEAR
                                                  NORMAL
..................................................................
TEMPERATURE (F)
 YESTERDAY
  MAXIMUM         67    149 PM  82    1932  69     -2       68
  MINIMUM         60    505 AM  48    1879  60      0       61
  AVERAGE         64                        64      0       65

PRECIPITATION (IN)
  YESTERDAY        0.00          0.17 1882   0.01  -0.01     0.02
  MONTH TO DATE    0.43                      0.10   0.33     2.39
  SINCE OCT 1      7.85                     10.05  -2.20     8.91
  SINCE JAN 1      5.00                      6.94  -1.94     4.04

DEGREE DAYS
 HEATING
  YESTERDAY        1                         2     -1        0
  MONTH TO DATE   10                        48    -38       35
  SINCE MAR 1    106                       339   -233       92
  SINCE JUL 1    646                      1197   -551      438

 COOLING
  YESTERDAY        0                         1     -1        0
  MONTH TO DATE   12                        23    -11        9
  SINCE MAR 1     66                        42     24      156
  SINCE JAN 1    111                        47     64      178
..................................................................


WIND (MPH)
  RESULTANT WIND SPEED   6   RESULTANT WIND DIRECTION  SW (210)
  HIGHEST WIND SPEED    15   HIGHEST WIND DIRECTION    SW (220)
  HIGHEST GUST SPEED    20   HIGHEST GUST DIRECTION    SW (240)
  AVERAGE WIND SPEED     7.7


SKY COVER
  POSSIBLE SUNSHINE  MM
  AVERAGE SKY COVER 0.7


WEATHER CONDITIONS
 THE FOLLOWING WEATHER WAS RECORDED YESTERDAY.
  NO SIGNIFICANT WEATHER WAS OBSERVED.


RELATIVE HUMIDITY (PERCENT)
 HIGHEST    72           200 AM
 LOWEST     52           800 AM
 AVERAGE    62

..........................................................


THE SAN DIEGO/LINDBERGH FIELD CA CLIMATE NORMALS FOR TODAY
                         NORMAL    RECORD    YEAR
 MAXIMUM TEMPERATURE (F)   69        95      1896
 MINIMUM TEMPERATURE (F)   60        48      1879


SUNRISE AND SUNSET
MAY 24 2016...........SUNRISE   544 AM PDT   SUNSET   747 PM PDT
MAY 25 2016...........SUNRISE   544 AM PDT   SUNSET   748 PM PDT


-  INDICATES NEGATIVE NUMBERS.
R  INDICATES RECORD WAS SET OR TIED.
MM INDICATES DATA IS MISSING.
T  INDICATES TRACE AMOUNT.




$$
