000
CDUS44 KEWX 232246
CLISAT


CLIMATE REPORT
NATIONAL WEATHER SERVICE AUSTIN/SAN ANTONIO, TX
545 PM CDT SAT JUL 23 2016


...................................

...THE SAN ANTONIO CLIMATE SUMMARY FOR JULY 23 2016...
VALID TODAY AS OF 545 PM LOCAL TIME.

CLIMATE NORMAL PERIOD 1981 TO 2010
CLIMATE RECORD PERIOD 1886 TO 2016


WEATHER ITEM   OBSERVED TIME   RECORD YEAR NORMAL DEPARTURE LAST
                VALUE   (LST)  VALUE       VALUE  FROM      YEAR
                                                  NORMAL
..................................................................
TEMPERATURE (F)
 TODAY
  MAXIMUM         98    428 PM 103    1994  95      3       98
                                      1898
  MINIMUM         78    637 AM  67    1989  75      3       78
                                      1988
  AVERAGE         88                        85      3       88

PRECIPITATION (IN)
  TODAY            0.00          1.72 1919   0.06  -0.06     0.00
  MONTH TO DATE    0.01                      2.28  -2.27     0.07
  SINCE JUN 1      2.40                      6.42  -4.02     6.49
  SINCE JAN 1     24.22                     18.39   5.83    29.77

SNOWFALL (IN)
  TODAY            0.0
  MONTH TO DATE    0.0
  SINCE JUN 1      0.0
  SINCE JUL 1      0.0
  SNOW DEPTH       0

DEGREE DAYS
 HEATING
  TODAY            0                         0      0        0
  MONTH TO DATE    0                         0      0        0
  SINCE JUN 1      0                         0      0        0
  SINCE JUL 1      0                         0      0        0

 COOLING
  TODAY           23                        20      3       23
  MONTH TO DATE  529                       446     83      463
  SINCE JUN 1   1048                       969     79      969
  SINCE JAN 1   1673                      1598     75     1614
..................................................................


WIND (MPH)
  HIGHEST WIND SPEED    15   HIGHEST WIND DIRECTION    SE (150)
  HIGHEST GUST SPEED    20   HIGHEST GUST DIRECTION    SE (140)
  AVERAGE WIND SPEED     8.3


SKY COVER
  AVERAGE SKY COVER 0.2


WEATHER CONDITIONS
 THE FOLLOWING WEATHER WAS RECORDED TODAY.
  NO SIGNIFICANT WEATHER WAS OBSERVED.


RELATIVE HUMIDITY (PERCENT)
 HIGHEST    85           500 AM
 LOWEST     38           300 PM
 AVERAGE    62

..........................................................


THE SAN ANTONIO CLIMATE NORMALS FOR TOMORROW
                         NORMAL    RECORD    YEAR
 MAXIMUM TEMPERATURE (F)   95       104      1934
 MINIMUM TEMPERATURE (F)   75        65      1942


SUNRISE AND SUNSET
JULY 23 2016..........SUNRISE   649 AM CDT   SUNSET   832 PM CDT
JULY 24 2016..........SUNRISE   649 AM CDT   SUNSET   831 PM CDT


-  INDICATES NEGATIVE NUMBERS.
R  INDICATES RECORD WAS SET OR TIED.
MM INDICATES DATA IS MISSING.
T  INDICATES TRACE AMOUNT.




$$
