000
CDUS44 KEWX 272341
CLISAT


CLIMATE REPORT
NATIONAL WEATHER SERVICE AUSTIN/SAN ANTONIO, TX
541 PM CST THU NOV 27 2014


...................................

...THE SAN ANTONIO CLIMATE SUMMARY FOR NOVEMBER 27 2014...
VALID TODAY AS OF 0541 PM LOCAL TIME.

CLIMATE NORMAL PERIOD 1981 TO 2010
CLIMATE RECORD PERIOD 1886 TO 2014


WEATHER ITEM   OBSERVED TIME   RECORD YEAR NORMAL DEPARTURE LAST
                VALUE   (LST)  VALUE       VALUE  FROM      YEAR
                                                  NORMAL
..................................................................
TEMPERATURE (F)
 TODAY
  MAXIMUM         66    318 PM  90    2005  68     -2       55
  MINIMUM         47    347 AM  23    1993  46      1       35
  AVERAGE         57                        57      0       45

PRECIPITATION (IN)
  TODAY            0.00          3.96 1962   0.07  -0.07     0.00
  MONTH TO DATE    7.21                      2.10   5.11     1.50
  SINCE SEP 1     10.89                      9.24   1.65     8.01
  SINCE JAN 1     26.96                     30.18  -3.22    31.45

SNOWFALL (IN)
  TODAY            0.0
  MONTH TO DATE    0.0
  SINCE SEP 1      0.0
  SINCE JUL 1      0.0
  SNOW DEPTH       0

DEGREE DAYS
 HEATING
  TODAY            8                         9     -1       20
  MONTH TO DATE  238                       149     89      178
  SINCE SEP 1    238                       182     56      189
  SINCE JUL 1    238                       182     56      189

 COOLING
  TODAY            0                         1     -1        0
  MONTH TO DATE   21                        59    -38       73
  SINCE SEP 1    892                       723    169      913
  SINCE JAN 1   3492                      3114    378     3506
..................................................................


WIND (MPH)
  HIGHEST WIND SPEED    15   HIGHEST WIND DIRECTION    NE (60)
  HIGHEST GUST SPEED    22   HIGHEST GUST DIRECTION    NE (50)
  AVERAGE WIND SPEED     6.8


SKY COVER
  AVERAGE SKY COVER 0.0


WEATHER CONDITIONS
 THE FOLLOWING WEATHER WAS RECORDED TODAY.
  NO SIGNIFICANT WEATHER WAS OBSERVED.


RELATIVE HUMIDITY (PERCENT)
 HIGHEST    61           400 AM
 LOWEST     27          1200 PM
 AVERAGE    44

..........................................................


THE SAN ANTONIO CLIMATE NORMALS FOR TOMORROW
                         NORMAL    RECORD    YEAR
 MAXIMUM TEMPERATURE (F)   68        90      1949
 MINIMUM TEMPERATURE (F)   46        25      1993


SUNRISE AND SUNSET
NOVEMBER 27 2014......SUNRISE   708 AM CST   SUNSET   535 PM CST
NOVEMBER 28 2014......SUNRISE   709 AM CST   SUNSET   535 PM CST


-  INDICATES NEGATIVE NUMBERS.
R  INDICATES RECORD WAS SET OR TIED.
MM INDICATES DATA IS MISSING.
T  INDICATES TRACE AMOUNT.




$$
