000
CDUS44 KEWX 240718
CLISAT


CLIMATE REPORT
NATIONAL WEATHER SERVICE AUSTIN/SAN ANTONIO, TX
212 AM CDT SAT JUN 24 2017


...................................

...THE SAN ANTONIO CLIMATE SUMMARY FOR JUNE 23 2017...

CLIMATE NORMAL PERIOD 1981 TO 2010
CLIMATE RECORD PERIOD 1886 TO 2017


WEATHER ITEM   OBSERVED TIME   RECORD YEAR NORMAL DEPARTURE LAST
                VALUE   (LST)  VALUE       VALUE  FROM      YEAR
                                                  NORMAL
..................................................................
TEMPERATURE (F)
 YESTERDAY
  MAXIMUM        101    423 PM 102    1990  93      8       92
  MINIMUM         75    531 AM  63    1920  74      1       74
  AVERAGE         88                        83      5       83

PRECIPITATION (IN)
  YESTERDAY        0.00          2.93 1892   0.14  -0.14     0.00
  MONTH TO DATE    0.27                      3.26  -2.99     2.38
  SINCE JUN 1      0.27                      3.26  -2.99     2.38
  SINCE JAN 1     13.34                     15.23  -1.89    24.20

SNOWFALL (IN)
  YESTERDAY        0.0
  MONTH TO DATE    0.0
  SINCE JUN 1      0.0
  SINCE JUL 1      0.0
  SNOW DEPTH       0

DEGREE DAYS
 HEATING
  YESTERDAY        0                         0      0        0
  MONTH TO DATE    0                         0      0        0
  SINCE JUN 1      0                         0      0        0
  SINCE JUL 1    778                      1496   -718     1038

 COOLING
  YESTERDAY       23                        18      5       18
  MONTH TO DATE  428                       393     35      386
  SINCE JUN 1    428                       393     35      386
  SINCE JAN 1   1200                      1022    178     1011
..................................................................


WIND (MPH)
  HIGHEST WIND SPEED    23   HIGHEST WIND DIRECTION    SE (140)
  HIGHEST GUST SPEED    26   HIGHEST GUST DIRECTION    SE (130)
  AVERAGE WIND SPEED    10.3


SKY COVER
  AVERAGE SKY COVER 0.3


WEATHER CONDITIONS
 THE FOLLOWING WEATHER WAS RECORDED YESTERDAY.
  NO SIGNIFICANT WEATHER WAS OBSERVED.


RELATIVE HUMIDITY (PERCENT)
 HIGHEST    87           600 AM
 LOWEST     35           600 PM
 AVERAGE    61

..........................................................


THE SAN ANTONIO CLIMATE NORMALS FOR TODAY
                         NORMAL    RECORD    YEAR
 MAXIMUM TEMPERATURE (F)   93       102      2009
                                             1994
 MINIMUM TEMPERATURE (F)   74        63      1886


SUNRISE AND SUNSET
JUNE 24 2017..........SUNRISE   635 AM CDT   SUNSET   837 PM CDT
JUNE 25 2017..........SUNRISE   636 AM CDT   SUNSET   838 PM CDT


-  INDICATES NEGATIVE NUMBERS.
R  INDICATES RECORD WAS SET OR TIED.
MM INDICATES DATA IS MISSING.
T  INDICATES TRACE AMOUNT.




$$
