000
CDUS44 KEWX 010716
CLISAT


CLIMATE REPORT
NATIONAL WEATHER SERVICE AUSTIN/SAN ANTONIO, TX
215 AM CDT SAT AUG 1 2015


...................................

...THE SAN ANTONIO CLIMATE SUMMARY FOR JULY 31 2015...

CLIMATE NORMAL PERIOD 1981 TO 2010
CLIMATE RECORD PERIOD 1886 TO 2015


WEATHER ITEM   OBSERVED TIME   RECORD YEAR NORMAL DEPARTURE LAST
                VALUE   (LST)  VALUE       VALUE  FROM      YEAR
                                                  NORMAL
..................................................................
TEMPERATURE (F)
 YESTERDAY
  MAXIMUM        100    208 PM 103    2013  96      4       97
                                      1991
                                      1948
  MINIMUM         80   1156 PM  65    1965  75      5       79
  AVERAGE         90                        86      4       88

PRECIPITATION (IN)
  YESTERDAY        T             0.96 1945   0.05  -0.05     0.01
  MONTH TO DATE    0.07                      2.74  -2.67     3.25
  SINCE JUN 1      6.49                      6.88  -0.39     8.63
  SINCE JAN 1     29.77                     18.85  10.92    15.99

SNOWFALL (IN)
  YESTERDAY        0.0
  MONTH TO DATE    0.0
  SINCE JUN 1      0.0
  SINCE JUL 1      0.0
  SNOW DEPTH       0

DEGREE DAYS
 HEATING
  YESTERDAY        0                         0      0        0
  MONTH TO DATE    0                         0      0        0
  SINCE JUN 1      0                         0      0        0
  SINCE JUL 1      0                         0      0        0

 COOLING
  YESTERDAY       25                        20      5       23
  MONTH TO DATE  647                       608     39      624
  SINCE JUN 1   1153                      1131     22     1175
  SINCE JAN 1   1798                      1760     38     1879
..................................................................


WIND (MPH)
  HIGHEST WIND SPEED    26   HIGHEST WIND DIRECTION     N (10)
  HIGHEST GUST SPEED    43   HIGHEST GUST DIRECTION    NE (40)
  AVERAGE WIND SPEED     6.5


SKY COVER
  AVERAGE SKY COVER 0.7


WEATHER CONDITIONS
 THE FOLLOWING WEATHER WAS RECORDED YESTERDAY.
  THUNDERSTORM
  LIGHT RAIN


RELATIVE HUMIDITY (PERCENT)
 HIGHEST    69          1100 PM
 LOWEST     35           100 PM
 AVERAGE    52

..........................................................


THE SAN ANTONIO CLIMATE NORMALS FOR TODAY
                         NORMAL    RECORD    YEAR
 MAXIMUM TEMPERATURE (F)   96       103      2013
 MINIMUM TEMPERATURE (F)   75        67      1965


SUNRISE AND SUNSET
AUGUST  1 2015........SUNRISE   654 AM CDT   SUNSET   826 PM CDT
AUGUST  2 2015........SUNRISE   654 AM CDT   SUNSET   826 PM CDT


-  INDICATES NEGATIVE NUMBERS.
R  INDICATES RECORD WAS SET OR TIED.
MM INDICATES DATA IS MISSING.
T  INDICATES TRACE AMOUNT.




$$
