000
CDUS44 KEWX 282230
CLISAT


CLIMATE REPORT
NATIONAL WEATHER SERVICE AUSTIN/SAN ANTONIO, TX
528 PM CDT SUN AUG 28 2016


...................................

...THE SAN ANTONIO CLIMATE SUMMARY FOR AUGUST 28 2016...
VALID TODAY AS OF 525 PM LOCAL TIME.

CLIMATE NORMAL PERIOD 1981 TO 2010
CLIMATE RECORD PERIOD 1886 TO 2016


WEATHER ITEM   OBSERVED TIME   RECORD YEAR NORMAL DEPARTURE LAST
                VALUE   (LST)  VALUE       VALUE  FROM      YEAR
                                                  NORMAL
..................................................................
TEMPERATURE (F)
 TODAY
  MAXIMUM         90    341 PM 110    2011  95     -5       96
  MINIMUM         74    654 AM  62    1992  74      0       72
                                      1906
  AVERAGE         82                        84     -2       84

PRECIPITATION (IN)
  TODAY            0.00          1.89 1915   0.10  -0.10     0.00
  MONTH TO DATE    4.83                      1.77   3.06     0.29
  SINCE JUN 1      7.55                      8.65  -1.10     6.78
  SINCE JAN 1     29.37                     20.62   8.75    30.06

SNOWFALL (IN)
  TODAY            0.0
  MONTH TO DATE    0.0
  SINCE JUN 1      0.0
  SINCE JUL 1      0.0
  SNOW DEPTH       0

DEGREE DAYS
 HEATING
  TODAY            0                         0      0        0
  MONTH TO DATE    0                         0      0        0
  SINCE JUN 1      0                         0      0        0
  SINCE JUL 1      0                         0      0        0

 COOLING
  TODAY           17                        19     -2       19
  MONTH TO DATE  543                       578    -35      641
  SINCE JUN 1   1751                      1709     42     1794
  SINCE JAN 1   2376                      2338     38     2439
..................................................................


WIND (MPH)
  HIGHEST WIND SPEED    16   HIGHEST WIND DIRECTION     E (70)
  HIGHEST GUST SPEED    23   HIGHEST GUST DIRECTION    NE (60)
  AVERAGE WIND SPEED     5.9


SKY COVER
  AVERAGE SKY COVER 0.3


WEATHER CONDITIONS
 THE FOLLOWING WEATHER WAS RECORDED TODAY.
  NO SIGNIFICANT WEATHER WAS OBSERVED.


RELATIVE HUMIDITY (PERCENT)
 HIGHEST    93           700 AM
 LOWEST     52           100 PM
 AVERAGE    73

..........................................................


THE SAN ANTONIO CLIMATE NORMALS FOR TOMORROW
                         NORMAL    RECORD    YEAR
 MAXIMUM TEMPERATURE (F)   95       107      2011
 MINIMUM TEMPERATURE (F)   74        61      1992


SUNRISE AND SUNSET
AUGUST 28 2016........SUNRISE   709 AM CDT   SUNSET   800 PM CDT
AUGUST 29 2016........SUNRISE   710 AM CDT   SUNSET   759 PM CDT


-  INDICATES NEGATIVE NUMBERS.
R  INDICATES RECORD WAS SET OR TIED.
MM INDICATES DATA IS MISSING.
T  INDICATES TRACE AMOUNT.




$$
