000
CDUS44 KEWX 282223
CLISAT


CLIMATE REPORT
NATIONAL WEATHER SERVICE AUSTIN/SAN ANTONIO, TX
422 PM CST WED JAN 28 2015


...................................

...THE SAN ANTONIO CLIMATE SUMMARY FOR JANUARY 28 2015...
VALID TODAY AS OF 422 PM LOCAL TIME.

CLIMATE NORMAL PERIOD 1981 TO 2010
CLIMATE RECORD PERIOD 1886 TO 2015


WEATHER ITEM   OBSERVED TIME   RECORD YEAR NORMAL DEPARTURE LAST
                VALUE   (LST)  VALUE       VALUE  FROM      YEAR
                                                  NORMAL
..................................................................
TEMPERATURE (F)
 TODAY
  MAXIMUM         80    346 PM  81    1909  64     16       40
  MINIMUM         44    726 AM  20    1976  41      3       30
                                      1948
                                      1897
  AVERAGE         62                        53      9       35

PRECIPITATION (IN)
  TODAY            0.00          1.17 1931   0.06  -0.06      T
  MONTH TO DATE    3.38                      1.58   1.80     0.23
  SINCE DEC 1      4.62                      3.49   1.13     0.78
  SINCE JAN 1      3.38                      1.58   1.80     0.23

SNOWFALL (IN)
  TODAY            0.0
  MONTH TO DATE    0.0
  SINCE DEC 1      0.0
  SINCE JUL 1      0.0
  SNOW DEPTH       0

DEGREE DAYS
 HEATING
  TODAY            3                        13    -10       30
  MONTH TO DATE  456                       381     75      388
  SINCE DEC 1    712                       772    -60      800
  SINCE JUL 1    959                       983    -24     1028

 COOLING
  TODAY            0                         0      0        0
  MONTH TO DATE    0                         0      0        1
  SINCE DEC 1      7                        14     -7       19
  SINCE JAN 1      0                         0      0        1
..................................................................


WIND (MPH)
  HIGHEST WIND SPEED    17   HIGHEST WIND DIRECTION     S (170)
  HIGHEST GUST SPEED    21   HIGHEST GUST DIRECTION     S (170)
  AVERAGE WIND SPEED     8.0


SKY COVER
  AVERAGE SKY COVER 0.2


WEATHER CONDITIONS
 THE FOLLOWING WEATHER WAS RECORDED TODAY.
  NO SIGNIFICANT WEATHER WAS OBSERVED.


RELATIVE HUMIDITY (PERCENT)
 HIGHEST    76           700 AM
 LOWEST     23           300 PM
 AVERAGE    50

..........................................................


THE SAN ANTONIO CLIMATE NORMALS FOR TOMORROW
                         NORMAL    RECORD    YEAR
 MAXIMUM TEMPERATURE (F)   64        86      2013
 MINIMUM TEMPERATURE (F)   41        18      1951


SUNRISE AND SUNSET
JANUARY 28 2015.......SUNRISE   726 AM CST   SUNSET   608 PM CST
JANUARY 29 2015.......SUNRISE   725 AM CST   SUNSET   609 PM CST


-  INDICATES NEGATIVE NUMBERS.
R  INDICATES RECORD WAS SET OR TIED.
MM INDICATES DATA IS MISSING.
T  INDICATES TRACE AMOUNT.




$$
