000
CDUS44 KEWX 272222
CLISAT


CLIMATE REPORT
NATIONAL WEATHER SERVICE AUSTIN/SAN ANTONIO, TX
522 PM CDT FRI MAY 27 2016


...................................

...THE SAN ANTONIO CLIMATE SUMMARY FOR MAY 27 2016...
VALID TODAY AS OF 520 PM LOCAL TIME.

CLIMATE NORMAL PERIOD 1981 TO 2010
CLIMATE RECORD PERIOD 1886 TO 2016


WEATHER ITEM   OBSERVED TIME   RECORD YEAR NORMAL DEPARTURE LAST
                VALUE   (LST)  VALUE       VALUE  FROM      YEAR
                                                  NORMAL
..................................................................
TEMPERATURE (F)
 TODAY
  MAXIMUM         93    246 PM 100    2011  90      3       90
  MINIMUM         73    346 AM  52    1901  70      3       75
  AVERAGE         83                        80      3       83

PRECIPITATION (IN)
  TODAY            0.00          4.26 1957   0.15  -0.15      T
  MONTH TO DATE    4.89                      3.40   1.49     7.05
  SINCE MAR 1     14.64                      7.81   6.83    17.56
  SINCE JAN 1     17.57                     11.36   6.21    21.76

SNOWFALL (IN)
  TODAY            0.0
  MONTH TO DATE    0.0
  SINCE MAR 1      T
  SINCE JUL 1      T
  SNOW DEPTH       0

DEGREE DAYS
 HEATING
  TODAY            0                         0      0        0
  MONTH TO DATE    1                         0      1        0
  SINCE MAR 1     89                       193   -104      179
  SINCE JUL 1   1038                      1494   -456     1494

 COOLING
  TODAY           18                        14      4       18
  MONTH TO DATE  273                       310    -37      312
  SINCE MAR 1    547                       543      4      583
  SINCE JAN 1    576                       569      7      596
..................................................................


WIND (MPH)
  HIGHEST WIND SPEED    24   HIGHEST WIND DIRECTION     S (160)
  HIGHEST GUST SPEED    28   HIGHEST GUST DIRECTION     S (160)
  AVERAGE WIND SPEED    11.8


SKY COVER
  AVERAGE SKY COVER 0.8


WEATHER CONDITIONS
 THE FOLLOWING WEATHER WAS RECORDED TODAY.
  FOG


RELATIVE HUMIDITY (PERCENT)
 HIGHEST    94           500 AM
 LOWEST     52           200 PM
 AVERAGE    73

..........................................................


THE SAN ANTONIO CLIMATE NORMALS FOR TOMORROW
                         NORMAL    RECORD    YEAR
 MAXIMUM TEMPERATURE (F)   90       103      1927
 MINIMUM TEMPERATURE (F)   70        55      1976


SUNRISE AND SUNSET
MAY 27 2016...........SUNRISE   636 AM CDT   SUNSET   827 PM CDT
MAY 28 2016...........SUNRISE   635 AM CDT   SUNSET   827 PM CDT


-  INDICATES NEGATIVE NUMBERS.
R  INDICATES RECORD WAS SET OR TIED.
MM INDICATES DATA IS MISSING.
T  INDICATES TRACE AMOUNT.




$$
