000
CDUS44 KEWX 170731
CLISAT


CLIMATE REPORT
NATIONAL WEATHER SERVICE AUSTIN/SAN ANTONIO, TX
229 AM CDT WED SEP 17 2014


...................................

...THE SAN ANTONIO CLIMATE SUMMARY FOR SEPTEMBER 16 2014...

CLIMATE NORMAL PERIOD 1981 TO 2010
CLIMATE RECORD PERIOD 1886 TO 2014


WEATHER ITEM   OBSERVED TIME   RECORD YEAR NORMAL DEPARTURE LAST
                VALUE   (LST)  VALUE       VALUE  FROM      YEAR
                                                  NORMAL
..................................................................
TEMPERATURE (F)
 YESTERDAY
  MAXIMUM         95    314 PM  99    1954  90      5       88
  MINIMUM         76    700 AM  55    1945  69      7       75
  AVERAGE         86                        80      6       82

PRECIPITATION (IN)
  YESTERDAY        T             2.54 1973   0.10  -0.10     0.27
  MONTH TO DATE    0.51                      1.70  -1.19     0.69
  SINCE SEP 1      0.51                      1.70  -1.19     0.69
  SINCE JAN 1     16.58                     22.64  -6.06    24.13

SNOWFALL (IN)
  YESTERDAY        0.0
  MONTH TO DATE    0.0
  SINCE SEP 1      0.0
  SINCE JUL 1      0.0
  SNOW DEPTH       0

DEGREE DAYS
 HEATING
  YESTERDAY        0                         0      0        0
  MONTH TO DATE    0                         0      0        0
  SINCE SEP 1      0                         0      0        0
  SINCE JUL 1      0                         0      0        0

 COOLING
  YESTERDAY       21                        15      6       17
  MONTH TO DATE  304                       268     36      343
  SINCE SEP 1    304                       268     36      343
  SINCE JAN 1   2904                      2659    245     2936
..................................................................


WIND (MPH)
  HIGHEST WIND SPEED    20   HIGHEST WIND DIRECTION    SE (150)
  HIGHEST GUST SPEED    22   HIGHEST GUST DIRECTION    SE (150)
  AVERAGE WIND SPEED     8.2


SKY COVER
  AVERAGE SKY COVER 0.7


WEATHER CONDITIONS
 THE FOLLOWING WEATHER WAS RECORDED YESTERDAY.
  NO SIGNIFICANT WEATHER WAS OBSERVED.


RELATIVE HUMIDITY (PERCENT)
 HIGHEST    87           600 AM
 LOWEST     49           100 PM
 AVERAGE    68

..........................................................


THE SAN ANTONIO CLIMATE NORMALS FOR TODAY
                         NORMAL    RECORD    YEAR
 MAXIMUM TEMPERATURE (F)   90        98      1997
 MINIMUM TEMPERATURE (F)   69        56      1945
                                             1903


SUNRISE AND SUNSET
SEPTEMBER 17 2014.....SUNRISE   720 AM CDT   SUNSET   737 PM CDT
SEPTEMBER 18 2014.....SUNRISE   720 AM CDT   SUNSET   735 PM CDT


-  INDICATES NEGATIVE NUMBERS.
R  INDICATES RECORD WAS SET OR TIED.
MM INDICATES DATA IS MISSING.
T  INDICATES TRACE AMOUNT.




$$
