428
CDUS44 KEWX 250754
CLISAT


CLIMATE REPORT
NATIONAL WEATHER SERVICE AUSTIN/SAN ANTONIO, TX
233 AM CDT SUN SEP 25 2016


...................................

...THE SAN ANTONIO CLIMATE SUMMARY FOR SEPTEMBER 24 2016...

CLIMATE NORMAL PERIOD 1981 TO 2010
CLIMATE RECORD PERIOD 1886 TO 2016


WEATHER ITEM   OBSERVED TIME   RECORD YEAR NORMAL DEPARTURE LAST
                VALUE   (LST)  VALUE       VALUE  FROM      YEAR
                                                  NORMAL
..................................................................
TEMPERATURE (F)
 YESTERDAY
  MAXIMUM         93    153 PM 102    2005  88      5       92
  MINIMUM         76    301 PM  51    1947  67      9       68
  AVERAGE         85                        77      8       80

PRECIPITATION (IN)
  YESTERDAY        0.58          1.78 1996   0.09   0.49     0.00
  MONTH TO DATE    0.77                      2.44  -1.67     1.78
  SINCE SEP 1      0.77                      2.44  -1.67     1.78
  SINCE JAN 1     30.22                     23.38   6.84    31.84

SNOWFALL (IN)
  YESTERDAY        0.0
  MONTH TO DATE    0.0
  SINCE SEP 1      0.0
  SINCE JUL 1      0.0
  SNOW DEPTH       0

DEGREE DAYS
 HEATING
  YESTERDAY        0                         0      0        0
  MONTH TO DATE    0                         0      0        0
  SINCE SEP 1      0                         0      0        0
  SINCE JUL 1      0                         0      0        0

 COOLING
  YESTERDAY       20                        12      8       15
  MONTH TO DATE  455                       374     81      464
  SINCE SEP 1    455                       374     81      464
  SINCE JAN 1   2881                      2765    116     2962
..................................................................


WIND (MPH)
  HIGHEST WIND SPEED    35   HIGHEST WIND DIRECTION     S (160)
  HIGHEST GUST SPEED    44   HIGHEST GUST DIRECTION     S (160)
  AVERAGE WIND SPEED    10.4


SKY COVER
  AVERAGE SKY COVER 0.8


WEATHER CONDITIONS
 THE FOLLOWING WEATHER WAS RECORDED YESTERDAY.
  THUNDERSTORM
  HEAVY RAIN
  LIGHT RAIN
  FOG


RELATIVE HUMIDITY (PERCENT)
 HIGHEST    91           800 AM
 LOWEST     49          1200 PM
 AVERAGE    70

..........................................................


THE SAN ANTONIO CLIMATE NORMALS FOR TODAY
                         NORMAL    RECORD    YEAR
 MAXIMUM TEMPERATURE (F)   88       105      2005
 MINIMUM TEMPERATURE (F)   66        50      1989


SUNRISE AND SUNSET
SEPTEMBER 25 2016.....SUNRISE   724 AM CDT   SUNSET   726 PM CDT
SEPTEMBER 26 2016.....SUNRISE   725 AM CDT   SUNSET   725 PM CDT


-  INDICATES NEGATIVE NUMBERS.
R  INDICATES RECORD WAS SET OR TIED.
MM INDICATES DATA IS MISSING.
T  INDICATES TRACE AMOUNT.




$$
