000
CDUS42 KCHS 270534
CLISAV


CLIMATE REPORT
NATIONAL WEATHER SERVICE CHARLESTON SC
1234 AM EST TUE JAN 27 2015


...................................

...THE SAVANNAH GA CLIMATE SUMMARY FOR JANUARY 26 2015...

CLIMATE NORMAL PERIOD 1981 TO 2010
CLIMATE RECORD PERIOD 1871 TO 2015


WEATHER ITEM   OBSERVED TIME   RECORD YEAR NORMAL DEPARTURE LAST
                VALUE   (LST)  VALUE       VALUE  FROM      YEAR
                                                  NORMAL
..................................................................
TEMPERATURE (F)
 YESTERDAY
  MAXIMUM         57   1153 AM  81    1974  61     -4       58
                                      1962
  MINIMUM         40   1159 PM  16    1905  39      1       34
  AVERAGE         49                        50     -1       46

PRECIPITATION (IN)
  YESTERDAY        0.00          1.46 1880   0.12  -0.12      T
  MONTH TO DATE    4.12                      3.06   1.06     2.10
  SINCE DEC 1      8.14                      6.01   2.13     4.48
  SINCE JAN 1      4.12                      3.06   1.06     2.10

SNOWFALL (IN)
  YESTERDAY        0.0                       0.0    0.0
  SINCE DEC 1      0.0                       0.2   -0.2
  SINCE JUL 1      0.0                       0.2   -0.2

DEGREE DAYS
 HEATING
  YESTERDAY       16                        15      1       19
  MONTH TO DATE  373                       411    -38      467
  SINCE DEC 1    657                       834   -177      737
  SINCE JUL 1    949                      1101   -152      993

 COOLING
  YESTERDAY        0                         0      0        0
  MONTH TO DATE    5                         0      5        3
  SINCE DEC 1     11                         9      2       41
  SINCE JAN 1      5                         0      5        3
..................................................................


WIND (MPH)
  HIGHEST WIND SPEED    26   HIGHEST WIND DIRECTION    NW (310)
  HIGHEST GUST SPEED    35   HIGHEST GUST DIRECTION    NW (310)
  AVERAGE WIND SPEED    14.6


SKY COVER
  POSSIBLE SUNSHINE  MM
  AVERAGE SKY COVER 0.5


WEATHER CONDITIONS
 THE FOLLOWING WEATHER WAS RECORDED YESTERDAY.
  NO SIGNIFICANT WEATHER WAS OBSERVED.


RELATIVE HUMIDITY (PERCENT)
 HIGHEST    93           700 AM
 LOWEST     47          1200 PM
 AVERAGE    70

..........................................................


THE SAVANNAH GA CLIMATE NORMALS FOR TODAY
                         NORMAL    RECORD    YEAR
 MAXIMUM TEMPERATURE (F)   61        81      1974
 MINIMUM TEMPERATURE (F)   39        17      1985


SUNRISE AND SUNSET
JANUARY 27 2015.......SUNRISE   722 AM EST   SUNSET   554 PM EST
JANUARY 28 2015.......SUNRISE   721 AM EST   SUNSET   555 PM EST


-  INDICATES NEGATIVE NUMBERS.
R  INDICATES RECORD WAS SET OR TIED.
MM INDICATES DATA IS MISSING.
T  INDICATES TRACE AMOUNT.




$$
