000
CDUS42 KCHS 060601
CLISAV


CLIMATE REPORT
NATIONAL WEATHER SERVICE CHARLESTON SC
201 AM EDT FRI MAY 6 2016


...................................

...THE SAVANNAH GA CLIMATE SUMMARY FOR MAY 5 2016...

CLIMATE NORMAL PERIOD 1981 TO 2010
CLIMATE RECORD PERIOD 1871 TO 2016


WEATHER ITEM   OBSERVED TIME   RECORD YEAR NORMAL DEPARTURE LAST
                VALUE   (LST)  VALUE       VALUE  FROM      YEAR
                                                  NORMAL
..................................................................
TEMPERATURE (F)
 YESTERDAY
  MAXIMUM         74    403 PM  95    2012  82     -8       80
  MINIMUM         53   1159 PM  44    1997  59     -6       57
  AVERAGE         64                        70     -6       69

PRECIPITATION (IN)
  YESTERDAY        T             1.82 2013   0.08  -0.08     0.00
  MONTH TO DATE    0.93                      0.41   0.52     0.00
  SINCE MAR 1      8.20                      7.21   0.99     8.54
  SINCE JAN 1     14.61                     13.69   0.92    16.10

DEGREE DAYS
 HEATING
  YESTERDAY        1                         1      0        0
  MONTH TO DATE    1                         5     -4        2
  SINCE MAR 1    143                       291   -148      158
  SINCE JUL 1   1212                      1808   -596     1693

 COOLING
  YESTERDAY        0                         6     -6        4
  MONTH TO DATE   45                        28     17       10
  SINCE MAR 1    260                       154    106      247
  SINCE JAN 1    281                       164    117      252
..................................................................


WIND (MPH)
  HIGHEST WIND SPEED    30   HIGHEST WIND DIRECTION     W (280)
  HIGHEST GUST SPEED    38   HIGHEST GUST DIRECTION     W (280)
  AVERAGE WIND SPEED    13.0


SKY COVER
  POSSIBLE SUNSHINE  MM
  AVERAGE SKY COVER 0.4


WEATHER CONDITIONS
 THE FOLLOWING WEATHER WAS RECORDED YESTERDAY.
  LIGHT RAIN


RELATIVE HUMIDITY (PERCENT)
 HIGHEST    77           400 AM
 LOWEST     27           300 PM
 AVERAGE    52

..........................................................


THE SAVANNAH GA CLIMATE NORMALS FOR TODAY
                         NORMAL    RECORD    YEAR
 MAXIMUM TEMPERATURE (F)   83        96      1952
 MINIMUM TEMPERATURE (F)   59        46      1957


SUNRISE AND SUNSET
MAY  6 2016...........SUNRISE   634 AM EDT   SUNSET   809 PM EDT
MAY  7 2016...........SUNRISE   633 AM EDT   SUNSET   810 PM EDT


-  INDICATES NEGATIVE NUMBERS.
R  INDICATES RECORD WAS SET OR TIED.
MM INDICATES DATA IS MISSING.
T  INDICATES TRACE AMOUNT.




$$
