000
CDUS42 KCHS 010553
CLISAV


CLIMATE REPORT
NATIONAL WEATHER SERVICE CHARLESTON SC
1251 AM EST SUN MAR 1 2015


...................................

...THE SAVANNAH GA CLIMATE SUMMARY FOR FEBRUARY 28 2015...

CLIMATE NORMAL PERIOD 1981 TO 2010
CLIMATE RECORD PERIOD 1871 TO 2015


WEATHER ITEM   OBSERVED TIME   RECORD YEAR NORMAL DEPARTURE LAST
                VALUE   (LST)  VALUE       VALUE  FROM      YEAR
                                                  NORMAL
..................................................................
TEMPERATURE (F)
 YESTERDAY
  MAXIMUM         50   1209 PM  86    1962  67    -17       63
  MINIMUM         39    211 AM  20    2002  44     -5       31
  AVERAGE         45                        56    -11       47

PRECIPITATION (IN)
  YESTERDAY        0.03          1.54 1966   0.10  -0.07     0.00
  MONTH TO DATE    3.44                      2.79   0.65     1.70
  SINCE DEC 1     11.58                      9.43   2.15     6.49
  SINCE JAN 1      7.56                      6.48   1.08     4.11

SNOWFALL (IN)
  YESTERDAY        0.0                       0.0    0.0
  SINCE DEC 1      0.0                       0.3   -0.3
  SINCE JUL 1      0.0                       0.3   -0.3

DEGREE DAYS
 HEATING
  YESTERDAY       20                        10     10       18
  MONTH TO DATE  486                       343    143      282
  SINCE DEC 1   1243                      1250     -7     1125
  SINCE JUL 1   1535                      1517     18     1381

 COOLING
  YESTERDAY        0                         0      0        0
  MONTH TO DATE    0                         7     -7       15
  SINCE DEC 1     11                        19     -8       56
  SINCE JAN 1      5                        10     -5       18
..................................................................


WIND (MPH)
  HIGHEST WIND SPEED    18   HIGHEST WIND DIRECTION    NE (50)
  HIGHEST GUST SPEED    25   HIGHEST GUST DIRECTION    NE (50)
  AVERAGE WIND SPEED    10.6


SKY COVER
  POSSIBLE SUNSHINE  MM
  AVERAGE SKY COVER 0.9


WEATHER CONDITIONS
 THE FOLLOWING WEATHER WAS RECORDED YESTERDAY.
  LIGHT RAIN
  HAZE


RELATIVE HUMIDITY (PERCENT)
 HIGHEST    85           100 AM
 LOWEST     46          1200 PM
 AVERAGE    66

..........................................................


THE SAVANNAH GA CLIMATE NORMALS FOR TODAY
                         NORMAL    RECORD    YEAR
 MAXIMUM TEMPERATURE (F)   68        86      1918
 MINIMUM TEMPERATURE (F)   45        23      2002


SUNRISE AND SUNSET
MARCH  1 2015.........SUNRISE   652 AM EST   SUNSET   622 PM EST
MARCH  2 2015.........SUNRISE   651 AM EST   SUNSET   623 PM EST


-  INDICATES NEGATIVE NUMBERS.
R  INDICATES RECORD WAS SET OR TIED.
MM INDICATES DATA IS MISSING.
T  INDICATES TRACE AMOUNT.




$$
