000
CDUS42 KCHS 300525
CLISAV


CLIMATE REPORT
NATIONAL WEATHER SERVICE CHARLESTON SC
123 AM EDT MON MAR 30 2015


...................................

...THE SAVANNAH GA CLIMATE SUMMARY FOR MARCH 29 2015...

CLIMATE NORMAL PERIOD 1981 TO 2010
CLIMATE RECORD PERIOD 1871 TO 2015


WEATHER ITEM   OBSERVED TIME   RECORD YEAR NORMAL DEPARTURE LAST
                VALUE   (LST)  VALUE       VALUE  FROM      YEAR
                                                  NORMAL
..................................................................
TEMPERATURE (F)
 YESTERDAY
  MAXIMUM         61    340 PM  90    1907  74    -13       81
  MINIMUM         34    557 AM  29    1955  50    -16       60
  AVERAGE         48                        62    -14       71

PRECIPITATION (IN)
  YESTERDAY        0.00          3.27 1903   0.13  -0.13     0.12
  MONTH TO DATE    1.99                      3.48  -1.49     2.65
  SINCE MAR 1      1.99                      3.48  -1.49     2.65
  SINCE JAN 1      9.55                      9.96  -0.41     6.76

SNOWFALL (IN)
  YESTERDAY        0.0                       0.0    0.0
  SINCE MAR 1      0.0                       0.0    0.0
  SINCE JUL 1      0.0                       0.3   -0.3

DEGREE DAYS
 HEATING
  YESTERDAY       17                         4     13        0
  MONTH TO DATE  134                       201    -67      254
  SINCE MAR 1    134                       201    -67      254
  SINCE JUL 1   1669                      1718    -49     1635

 COOLING
  YESTERDAY        0                         1     -1        6
  MONTH TO DATE   58                        29     29       12
  SINCE MAR 1     58                        29     29       12
  SINCE JAN 1     63                        39     24       30
..................................................................


WIND (MPH)
  HIGHEST WIND SPEED    15   HIGHEST WIND DIRECTION    SE (150)
  HIGHEST GUST SPEED    18   HIGHEST GUST DIRECTION    NE (40)
  AVERAGE WIND SPEED     6.4


SKY COVER
  POSSIBLE SUNSHINE  MM
  AVERAGE SKY COVER 0.0


WEATHER CONDITIONS
 THE FOLLOWING WEATHER WAS RECORDED YESTERDAY.
  NO SIGNIFICANT WEATHER WAS OBSERVED.


RELATIVE HUMIDITY (PERCENT)
 HIGHEST    79          1200 AM
 LOWEST     19           300 PM
 AVERAGE    49

..........................................................


THE SAVANNAH GA CLIMATE NORMALS FOR TODAY
                         NORMAL    RECORD    YEAR
 MAXIMUM TEMPERATURE (F)   74        91      1907
 MINIMUM TEMPERATURE (F)   50        32      1955


SUNRISE AND SUNSET
MARCH 30 2015.........SUNRISE   716 AM EDT   SUNSET   743 PM EDT
MARCH 31 2015.........SUNRISE   715 AM EDT   SUNSET   744 PM EDT


-  INDICATES NEGATIVE NUMBERS.
R  INDICATES RECORD WAS SET OR TIED.
MM INDICATES DATA IS MISSING.
T  INDICATES TRACE AMOUNT.

$$
