000
CDUS42 KCHS 110604
CLISAV


CLIMATE REPORT
NATIONAL WEATHER SERVICE CHARLESTON SC
104 AM EST SUN DEC 11 2016


...................................

...THE SAVANNAH GA CLIMATE SUMMARY FOR DECEMBER 10 2016...

CLIMATE NORMAL PERIOD 1981 TO 2010
CLIMATE RECORD PERIOD 1871 TO 2016


WEATHER ITEM   OBSERVED TIME   RECORD YEAR NORMAL DEPARTURE LAST
                VALUE   (LST)  VALUE       VALUE  FROM      YEAR
                                                  NORMAL
..................................................................
TEMPERATURE (F)
 YESTERDAY
  MAXIMUM         55    317 PM  82    1972  64     -9       71
  MINIMUM         29    621 AM  23    1968  42    -13       43
  AVERAGE         42                        53    -11       57

PRECIPITATION (IN)
  YESTERDAY        0.00          1.42 1969   0.09  -0.09     0.00
  MONTH TO DATE    3.46                      0.88   2.58     0.73
  SINCE DEC 1      3.46                      0.88   2.58     0.73
  SINCE JAN 1     54.62                     45.89   8.73    44.98

SNOWFALL (IN)
  YESTERDAY        0.0                       0.0    0.0
  SINCE DEC 1      0.0                       0.0    0.0
  SINCE JUL 1      0.0                       0.0    0.0

DEGREE DAYS
 HEATING
  YESTERDAY       23                        13     10        8
  MONTH TO DATE  100                       117    -17       64
  SINCE DEC 1    100                       117    -17       64
  SINCE JUL 1    281                       384   -103      189

 COOLING
  YESTERDAY        0                         0      0        0
  MONTH TO DATE    3                         3      0        6
  SINCE DEC 1      3                         3      0        6
  SINCE JAN 1   3014                      2452    562     2751
..................................................................


WIND (MPH)
  HIGHEST WIND SPEED    14   HIGHEST WIND DIRECTION    NE (40)
  HIGHEST GUST SPEED    18   HIGHEST GUST DIRECTION    NE (40)
  AVERAGE WIND SPEED     6.3


SKY COVER
  POSSIBLE SUNSHINE  MM
  AVERAGE SKY COVER 0.1


WEATHER CONDITIONS
 THE FOLLOWING WEATHER WAS RECORDED YESTERDAY.
  NO SIGNIFICANT WEATHER WAS OBSERVED.


RELATIVE HUMIDITY (PERCENT)
 HIGHEST    92           500 AM
 LOWEST     24           300 PM
 AVERAGE    58

..........................................................


THE SAVANNAH GA CLIMATE NORMALS FOR TODAY
                         NORMAL    RECORD    YEAR
 MAXIMUM TEMPERATURE (F)   63        83      1971
 MINIMUM TEMPERATURE (F)   42        22      1981


SUNRISE AND SUNSET
DECEMBER 11 2016......SUNRISE   716 AM EST   SUNSET   521 PM EST
DECEMBER 12 2016......SUNRISE   716 AM EST   SUNSET   521 PM EST


-  INDICATES NEGATIVE NUMBERS.
R  INDICATES RECORD WAS SET OR TIED.
MM INDICATES DATA IS MISSING.
T  INDICATES TRACE AMOUNT.




$$
