000
CDUS42 KCHS 230608
CLISAV


CLIMATE REPORT
NATIONAL WEATHER SERVICE CHARLESTON SC
108 AM EST THU NOV 23 2017


...................................

...THE SAVANNAH GA CLIMATE SUMMARY FOR NOVEMBER 22 2017...

CLIMATE NORMAL PERIOD 1981 TO 2010
CLIMATE RECORD PERIOD 1871 TO 2017


WEATHER ITEM   OBSERVED TIME   RECORD YEAR NORMAL DEPARTURE LAST
                VALUE   (LST)  VALUE       VALUE  FROM      YEAR
                                                  NORMAL
..................................................................
TEMPERATURE (F)
 YESTERDAY
  MAXIMUM         69    214 PM  82    1997  69      0       68
                                      1900
  MINIMUM         58   1158 PM  23    2000  46     12       33
  AVERAGE         64                        58      6       51

PRECIPITATION (IN)
  YESTERDAY        0.00          1.19 1997   0.08  -0.08     0.00
  MONTH TO DATE    0.56                      1.74  -1.18      T
  SINCE SEP 1      7.80                     10.01  -2.21    16.59
  SINCE JAN 1     50.16                     44.38   5.78    50.96

SNOWFALL (IN)
  YESTERDAY        0.0                       0.0    0.0
  SINCE SEP 1      0.0                       0.0    0.0
  SINCE JUL 1      0.0                       0.0    0.0

DEGREE DAYS
 HEATING
  YESTERDAY        1                         8     -7       14
  MONTH TO DATE  111                       133    -22      136
  SINCE SEP 1    159                       190    -31      148
  SINCE JUL 1    159                       190    -31      148

 COOLING
  YESTERDAY        0                         1     -1        0
  MONTH TO DATE   36                        32      4       32
  SINCE SEP 1    704                       537    167      674
  SINCE JAN 1   2964                      2444    520     2984
..................................................................


WIND (MPH)
  HIGHEST WIND SPEED    15   HIGHEST WIND DIRECTION     N (350)
  HIGHEST GUST SPEED    16   HIGHEST GUST DIRECTION     N (350)
  AVERAGE WIND SPEED     4.8


SKY COVER
  POSSIBLE SUNSHINE  MM
  AVERAGE SKY COVER 0.9


WEATHER CONDITIONS
 THE FOLLOWING WEATHER WAS RECORDED YESTERDAY.
  FOG
  FOG W/VISIBILITY <= 1/4 MILE


RELATIVE HUMIDITY (PERCENT)
 HIGHEST   100          1200 AM
 LOWEST     73           100 PM
 AVERAGE    87

..........................................................


THE SAVANNAH GA CLIMATE NORMALS FOR TODAY
                         NORMAL    RECORD    YEAR
 MAXIMUM TEMPERATURE (F)   69        82      2010
                                             1941
                                             1900
 MINIMUM TEMPERATURE (F)   46        26      1956


SUNRISE AND SUNSET
NOVEMBER 23 2017......SUNRISE   701 AM EST   SUNSET   521 PM EST
NOVEMBER 24 2017......SUNRISE   702 AM EST   SUNSET   521 PM EST


-  INDICATES NEGATIVE NUMBERS.
R  INDICATES RECORD WAS SET OR TIED.
MM INDICATES DATA IS MISSING.
T  INDICATES TRACE AMOUNT.




$$
