161
CDUS42 KCHS 242210
CLISAV


CLIMATE REPORT
NATIONAL WEATHER SERVICE CHARLESTON SC
510 PM EST FRI FEB 24 2017


...................................

...THE SAVANNAH GA CLIMATE SUMMARY FOR FEBRUARY 24 2017...
VALID TODAY AS OF 0500 PM LOCAL TIME.

CLIMATE NORMAL PERIOD 1981 TO 2010
CLIMATE RECORD PERIOD 1871 TO 2017


WEATHER ITEM   OBSERVED TIME   RECORD YEAR NORMAL DEPARTURE LAST
                VALUE   (LST)  VALUE       VALUE  FROM      YEAR
                                                  NORMAL
..................................................................
TEMPERATURE (F)
 TODAY
  MAXIMUM         81    246 PM  86    2012  66     15       84
  MINIMUM         58    727 AM  25    1989  43     15       52
  AVERAGE         70                        55     15       68

PRECIPITATION (IN)
  TODAY            0.00          1.80 1963   0.10  -0.10     0.10
  MONTH TO DATE    2.22                      2.39  -0.17     3.28
  SINCE DEC 1     13.12                      9.03   4.09     9.76
  SINCE JAN 1      8.83                      6.08   2.75     6.41

SNOWFALL (IN)
  TODAY            0.0                       0.0    0.0
  SINCE DEC 1      0.0                       0.3   -0.3
  SINCE JUL 1      0.0                       0.3   -0.3

DEGREE DAYS
 HEATING
  TODAY            0                        11    -11        0
  MONTH TO DATE  113                       303   -190      266
  SINCE DEC 1    614                      1210   -596      881
  SINCE JUL 1    795                      1477   -682     1006

 COOLING
  TODAY            5                         0      5        3
  MONTH TO DATE   23                         0     23       21
  SINCE DEC 1     56                        12     44      127
  SINCE JAN 1     46                         3     43       21
..................................................................


WIND (MPH)
  HIGHEST WIND SPEED    13   HIGHEST WIND DIRECTION     E (110)
  HIGHEST GUST SPEED    18   HIGHEST GUST DIRECTION     E (80)
  AVERAGE WIND SPEED     7.0


SKY COVER
  POSSIBLE SUNSHINE  MM
  AVERAGE SKY COVER 0.1


WEATHER CONDITIONS
 THE FOLLOWING WEATHER WAS RECORDED TODAY.
  FOG


RELATIVE HUMIDITY (PERCENT)
 HIGHEST    93           200 AM
 LOWEST     48           200 PM
 AVERAGE    71

..........................................................


THE SAVANNAH GA CLIMATE NORMALS FOR TOMORROW
                         NORMAL    RECORD    YEAR
 MAXIMUM TEMPERATURE (F)   67        82      1985
                                             1930
 MINIMUM TEMPERATURE (F)   44        19      1967


SUNRISE AND SUNSET
FEBRUARY 24 2017......SUNRISE   658 AM EST   SUNSET   619 PM EST
FEBRUARY 25 2017......SUNRISE   656 AM EST   SUNSET   620 PM EST


-  INDICATES NEGATIVE NUMBERS.
R  INDICATES RECORD WAS SET OR TIED.
MM INDICATES DATA IS MISSING.
T  INDICATES TRACE AMOUNT.




$$
