000
CDUS42 KCHS 242107
CLISAV


CLIMATE REPORT
NATIONAL WEATHER SERVICE CHARLESTON SC
505 PM EDT TUE MAY 24 2016


...................................

...THE SAVANNAH GA CLIMATE SUMMARY FOR MAY 24 2016...
VALID TODAY AS OF 0500 PM LOCAL TIME.

CLIMATE NORMAL PERIOD 1981 TO 2010
CLIMATE RECORD PERIOD 1871 TO 2016


WEATHER ITEM   OBSERVED TIME   RECORD YEAR NORMAL DEPARTURE LAST
                VALUE   (LST)  VALUE       VALUE  FROM      YEAR
                                                  NORMAL
..................................................................
TEMPERATURE (F)
 TODAY
  MAXIMUM         84   1240 PM  98    2011  86     -2       83
                                      1953
  MINIMUM         61    542 AM  51    2001  65     -4       63
                                      1954
                                      1892
  AVERAGE         73                        76     -3       73

PRECIPITATION (IN)
  TODAY            0.00          2.29 1938   0.11  -0.11     0.00
  MONTH TO DATE    7.30                      2.11   5.19     1.17
  SINCE MAR 1     14.57                      8.91   5.66     9.71
  SINCE JAN 1     20.98                     15.39   5.59    17.27

DEGREE DAYS
 HEATING
  TODAY            0                         0      0        0
  MONTH TO DATE    4                         6     -2        2
  SINCE MAR 1    146                       292   -146      158
  SINCE JUL 1   1215                      1809   -594     1693

 COOLING
  TODAY            8                        11     -3        8
  MONTH TO DATE  218                       187     31      209
  SINCE MAR 1    433                       313    120      446
  SINCE JAN 1    454                       323    131      451
..................................................................


WIND (MPH)
  HIGHEST WIND SPEED    16   HIGHEST WIND DIRECTION    SE (140)
  HIGHEST GUST SPEED    21   HIGHEST GUST DIRECTION    SE (130)
  AVERAGE WIND SPEED     3.7


SKY COVER
  POSSIBLE SUNSHINE  MM
  AVERAGE SKY COVER 0.2


WEATHER CONDITIONS
 THE FOLLOWING WEATHER WAS RECORDED TODAY.
  NO SIGNIFICANT WEATHER WAS OBSERVED.


RELATIVE HUMIDITY (PERCENT)
 HIGHEST    90           400 AM
 LOWEST     45          1200 PM
 AVERAGE    68

..........................................................


THE SAVANNAH GA CLIMATE NORMALS FOR TOMORROW
                         NORMAL    RECORD    YEAR
 MAXIMUM TEMPERATURE (F)   87       100      1953
 MINIMUM TEMPERATURE (F)   65        49      1967


SUNRISE AND SUNSET
MAY 24 2016...........SUNRISE   622 AM EDT   SUNSET   822 PM EDT
MAY 25 2016...........SUNRISE   621 AM EDT   SUNSET   822 PM EDT


-  INDICATES NEGATIVE NUMBERS.
R  INDICATES RECORD WAS SET OR TIED.
MM INDICATES DATA IS MISSING.
T  INDICATES TRACE AMOUNT.




$$
