000
CDUS46 KLOX 240143
CLISBA


CLIMATE REPORT
NATIONAL WEATHER SERVICE LOS ANGELES/OXNARD CA
632 PM PDT MON OCT 23 2017


...................................

...THE SANTA BARBARA AIRPORT CA CLIMATE SUMMARY FOR OCTOBER 23 2017...
VALID TODAY AS OF 0600 PM LOCAL TIME.

CLIMATE NORMAL PERIOD 1981 TO 2010
CLIMATE RECORD PERIOD 1940 TO 2017


WEATHER ITEM   OBSERVED TIME   RECORD YEAR NORMAL DEPARTURE LAST
                VALUE   (LST)  VALUE       VALUE  FROM      YEAR
                                                  NORMAL
..................................................................
TEMPERATURE (F)
 TODAY
  MAXIMUM         96    259 PM  97    1959  72     24       71
  MINIMUM         49    452 AM  40    1975  50     -1       55
  AVERAGE         73                        61     12       63

PRECIPITATION (IN)
  TODAY            0.00          0.14 1973   0.02  -0.02     0.00
  MONTH TO DATE    0.00                      0.49  -0.49     0.32
  SINCE OCT 1      0.00                      0.49  -0.49     0.32
  SINCE JAN 1     19.69                     12.95   6.74     9.66

SNOWFALL (IN)
  TODAY            0.0
  MONTH TO DATE    0.0
  SINCE SEP 1      0.0
  SINCE JUL 1      0.0

DEGREE DAYS
 HEATING
  TODAY            0                         5     -5        2
  MONTH TO DATE   48                        80    -32       57
  SINCE SEP 1     66                       124    -58       93
  SINCE JUL 1     77                       175    -98      115

 COOLING
  TODAY            8                         0      8        0
  MONTH TO DATE   36                        11     25       24
  SINCE SEP 1    130                        55     75      101
  SINCE JAN 1    355                       182    173      249
..................................................................


WIND (MPH)
  HIGHEST WIND SPEED    13   HIGHEST WIND DIRECTION     W (280)
  HIGHEST GUST SPEED    16   HIGHEST GUST DIRECTION     W (250)
  AVERAGE WIND SPEED     3.6


SKY COVER
  POSSIBLE SUNSHINE  MM
  AVERAGE SKY COVER 0.0


WEATHER CONDITIONS
 THE FOLLOWING WEATHER WAS RECORDED TODAY.
  NO SIGNIFICANT WEATHER WAS OBSERVED.


RELATIVE HUMIDITY (PERCENT)
 HIGHEST    77           300 AM
 LOWEST      9           300 PM
 AVERAGE    43

..........................................................


THE SANTA BARBARA AIRPORT CA CLIMATE NORMALS FOR TOMORROW
                         NORMAL    RECORD    YEAR
 MAXIMUM TEMPERATURE (F)   71        95      1965
 MINIMUM TEMPERATURE (F)   50        36      1975


SUNRISE AND SUNSET
OCTOBER 23 2017.......SUNRISE   712 AM PDT   SUNSET   615 PM PDT
OCTOBER 24 2017.......SUNRISE   713 AM PDT   SUNSET   614 PM PDT


-  INDICATES NEGATIVE NUMBERS.
R  INDICATES RECORD WAS SET OR TIED.
MM INDICATES DATA IS MISSING.
T  INDICATES TRACE AMOUNT.




$$
