238
CDUS46 KLOX 190904
CLISBA


CLIMATE REPORT
NATIONAL WEATHER SERVICE LOS ANGELES/OXNARD CA
204 AM PDT SAT AUG 19 2017


...................................

...THE SANTA BARBARA AIRPORT CA CLIMATE SUMMARY FOR AUGUST 18 2017...

CLIMATE NORMAL PERIOD 1981 TO 2010
CLIMATE RECORD PERIOD 1940 TO 2017


WEATHER ITEM   OBSERVED TIME   RECORD YEAR NORMAL DEPARTURE LAST
                VALUE   (LST)  VALUE       VALUE  FROM      YEAR
                                                  NORMAL
..................................................................
TEMPERATURE (F)
 YESTERDAY
  MAXIMUM         73    211 PM  90    1945  75     -2       71
  MINIMUM         57    545 AM  49    1960  58     -1       57
  AVERAGE         65                        66     -1       64

PRECIPITATION (IN)
  YESTERDAY        0.00          0.99 1983   0.00   0.00     0.00
  MONTH TO DATE    0.01                      0.06  -0.05     0.00
  SINCE OCT 1     24.28                     17.44   6.84    10.21
  SINCE JAN 1     19.47                     12.14   7.33     9.33

SNOWFALL (IN)
  YESTERDAY        0.0
  MONTH TO DATE    0.0
  SINCE JUN 1      0.0
  SINCE JUL 1      0.0

DEGREE DAYS
 HEATING
  YESTERDAY        0                         1     -1        1
  MONTH TO DATE    0                        18    -18        1
  SINCE JUN 1     50                       135    -85       88
  SINCE JUL 1     11                        45    -34       16

 COOLING
  YESTERDAY        0                         2     -2        0
  MONTH TO DATE   64                        36     28       26
  SINCE JUN 1    151                        94     57      115
  SINCE JAN 1    178                       108     70      125
..................................................................


WIND (MPH)
  HIGHEST WIND SPEED    14   HIGHEST WIND DIRECTION     W (260)
  HIGHEST GUST SPEED    18   HIGHEST GUST DIRECTION    SW (240)
  AVERAGE WIND SPEED     6.1


SKY COVER
  POSSIBLE SUNSHINE  MM
  AVERAGE SKY COVER 0.1


WEATHER CONDITIONS
 THE FOLLOWING WEATHER WAS RECORDED YESTERDAY.
  NO SIGNIFICANT WEATHER WAS OBSERVED.


RELATIVE HUMIDITY (PERCENT)
 HIGHEST    97           200 AM
 LOWEST     64           100 PM
 AVERAGE    81

..........................................................


THE SANTA BARBARA AIRPORT CA CLIMATE NORMALS FOR TODAY
                         NORMAL    RECORD    YEAR
 MAXIMUM TEMPERATURE (F)   75        89      1986
 MINIMUM TEMPERATURE (F)   58        50      1943


SUNRISE AND SUNSET
AUGUST 19 2017........SUNRISE   623 AM PDT   SUNSET   742 PM PDT
AUGUST 20 2017........SUNRISE   624 AM PDT   SUNSET   740 PM PDT


-  INDICATES NEGATIVE NUMBERS.
R  INDICATES RECORD WAS SET OR TIED.
MM INDICATES DATA IS MISSING.
T  INDICATES TRACE AMOUNT.




$$
