000
CDUS46 KLOX 261031
CLISBA


CLIMATE REPORT
NATIONAL WEATHER SERVICE LOS ANGELES/OXNARD CA
330 AM PDT WED APR 26 2017


...................................

...THE SANTA BARBARA AIRPORT CA CLIMATE SUMMARY FOR APRIL 25 2017...

CLIMATE NORMAL PERIOD 1981 TO 2010
CLIMATE RECORD PERIOD 1940 TO 2017


WEATHER ITEM   OBSERVED TIME   RECORD YEAR NORMAL DEPARTURE LAST
                VALUE   (LST)  VALUE       VALUE  FROM      YEAR
                                                  NORMAL
..................................................................
TEMPERATURE (F)
 YESTERDAY
  MAXIMUM         75    247 PM  88    1948  68      7       71
  MINIMUM         53    514 AM  39    2009  49      4       49
  AVERAGE         64                        58      6       60

PRECIPITATION (IN)
  YESTERDAY        0.00          1.00 1951   0.02  -0.02     0.00
  MONTH TO DATE    0.41                      0.89  -0.48     0.54
  SINCE OCT 1     24.11                     16.83   7.28    10.19
  SINCE JAN 1     19.30                     11.53   7.77     9.31

SNOWFALL (IN)
  YESTERDAY        0.0
  MONTH TO DATE    0.0
  SINCE MAR 1      0.0
  SINCE JUL 1      0.0

DEGREE DAYS
 HEATING
  YESTERDAY        1                         7     -6        5
  MONTH TO DATE  131                       197    -66       93
  SINCE MAR 1    336                       493   -157      286
  SINCE JUL 1   1704                      2094   -390     1349

 COOLING
  YESTERDAY        0                         0      0        0
  MONTH TO DATE    7                         0      7        2
  SINCE MAR 1      7                         2      5        8
  SINCE JAN 1      7                         2      5       10
..................................................................


WIND (MPH)
  HIGHEST WIND SPEED    25   HIGHEST WIND DIRECTION     W (260)
  HIGHEST GUST SPEED    32   HIGHEST GUST DIRECTION     W (260)
  AVERAGE WIND SPEED    12.0


SKY COVER
  POSSIBLE SUNSHINE  MM
  AVERAGE SKY COVER 0.0


WEATHER CONDITIONS
 THE FOLLOWING WEATHER WAS RECORDED YESTERDAY.
  NO SIGNIFICANT WEATHER WAS OBSERVED.


RELATIVE HUMIDITY (PERCENT)
 HIGHEST    77          1200 AM
 LOWEST     38           300 PM
 AVERAGE    58

..........................................................


THE SANTA BARBARA AIRPORT CA CLIMATE NORMALS FOR TODAY
                         NORMAL    RECORD    YEAR
 MAXIMUM TEMPERATURE (F)   68        88      1993
 MINIMUM TEMPERATURE (F)   49        39      1989


SUNRISE AND SUNSET
APRIL 26 2017.........SUNRISE   614 AM PDT   SUNSET   740 PM PDT
APRIL 27 2017.........SUNRISE   613 AM PDT   SUNSET   741 PM PDT


-  INDICATES NEGATIVE NUMBERS.
R  INDICATES RECORD WAS SET OR TIED.
MM INDICATES DATA IS MISSING.
T  INDICATES TRACE AMOUNT.




$$
