000
CDUS43 KIWX 010021
CLISBN


CLIMATE REPORT
NATIONAL WEATHER SERVICE NORTHERN INDIANA
820 PM EDT THU JUL 31 2014


...................................

...THE SOUTH BEND CLIMATE SUMMARY FOR JULY 31 2014...
VALID AS OF 0800 PM LOCAL TIME.

CLIMATE NORMAL PERIOD 1981 TO 2010
CLIMATE RECORD PERIOD 1893 TO 2014


WEATHER ITEM   OBSERVED TIME   RECORD YEAR NORMAL DEPARTURE LAST
                VALUE   (LST)  VALUE       VALUE  FROM      YEAR
                                                  NORMAL
..................................................................
TEMPERATURE (F)
 TODAY
  MAXIMUM         84    210 PM  98    1917  82      2       70
  MINIMUM         56    337 AM  45    1918  63     -7       62
  AVERAGE         70                        72     -2       66

PRECIPITATION (IN)
  TODAY            0.00          2.12 1950   0.13  -0.13     0.14
  MONTH TO DATE    1.79                      4.00  -2.21     3.16
  SINCE JUN 1     10.93                      7.79   3.14     6.59
  SINCE JAN 1     26.01                     21.51   4.50    23.89

DEGREE DAYS
 HEATING
  TODAY            0                         0      0        0
  MONTH TO DATE   18                         0     18       14
  SINCE JUN 1     35                        49    -14       51
  SINCE JUL 1     18                         5     13       14

 COOLING
  TODAY            5                         8     -3        1
  MONTH TO DATE  140                       253   -113      229
  SINCE JUN 1    356                       418    -62      394
  SINCE JAN 1    441                       474    -33      490
..................................................................


WIND (MPH)
  RESULTANT WIND SPEED   6   RESULTANT WIND DIRECTION   W (250)
  HIGHEST WIND SPEED    17   HIGHEST WIND DIRECTION    SW (230)
  HIGHEST GUST SPEED    24   HIGHEST GUST DIRECTION     W (250)
  AVERAGE WIND SPEED     6.8


SKY COVER
  POSSIBLE SUNSHINE  MM
  AVERAGE SKY COVER 0.1


WEATHER CONDITIONS
 THE FOLLOWING WEATHER WAS RECORDED TODAY.
  FOG
  HAZE


RELATIVE HUMIDITY (PERCENT)
 HIGHEST    93           300 AM
 LOWEST     37           300 PM
 AVERAGE    65

..........................................................


THE SOUTH BEND CLIMATE NORMALS FOR TOMORROW
                         NORMAL    RECORD    YEAR
 MAXIMUM TEMPERATURE (F)   82       103      1988
 MINIMUM TEMPERATURE (F)   63        47      1895


SUNRISE AND SUNSET
JULY 31 2014..........SUNRISE   638 AM EDT   SUNSET   904 PM EDT
AUGUST  1 2014........SUNRISE   639 AM EDT   SUNSET   903 PM EDT


-  INDICATES NEGATIVE NUMBERS.
R  INDICATES RECORD WAS SET OR TIED.
MM INDICATES DATA IS MISSING.
T  INDICATES TRACE AMOUNT.




$$
