000
CDUS43 KIWX 280523
CLISBN


CLIMATE REPORT
NATIONAL WEATHER SERVICE NORTHERN INDIANA
123 AM EDT FRI APR 28 2017


...................................

...THE SOUTH BEND CLIMATE SUMMARY FOR APRIL 27 2017...

CLIMATE NORMAL PERIOD 1981 TO 2010
CLIMATE RECORD PERIOD 1893 TO 2017


WEATHER ITEM   OBSERVED TIME   RECORD YEAR NORMAL DEPARTURE LAST
                VALUE   (LST)  VALUE       VALUE  FROM      YEAR
                                                  NORMAL
..................................................................
TEMPERATURE (F)
 YESTERDAY
  MAXIMUM         61    758 AM  84    1990  64     -3       59
                                      1986
  MINIMUM         45   1154 PM  26    1932  43      2       43
                                      1928
  AVERAGE         53                        53      0       51

PRECIPITATION (IN)
  YESTERDAY        T             1.57 1959   0.12  -0.12      T
  MONTH TO DATE    2.23                      2.89  -0.66     3.96
  SINCE MAR 1      6.46                      5.31   1.15     8.13
  SINCE JAN 1     13.45                      9.55   3.90    11.91

SNOWFALL (IN)
  YESTERDAY        0.0           1.0  1950   0.0    0.0      0.0
  MONTH TO DATE    0.6                       1.4   -0.8      4.1
  SINCE MAR 1      8.5                       8.5    0.0     10.9
  SINCE JUL 1     42.2                      66.6  -24.4     70.2
  SNOW DEPTH       0

DEGREE DAYS
 HEATING
  YESTERDAY       12                        12      0       14
  MONTH TO DATE  352                       454   -102      470
  SINCE MAR 1   1214                      1309    -95     1160
  SINCE JUL 1   5191                      5998   -807     5290

 COOLING
  YESTERDAY        0                         0      0        0
  MONTH TO DATE   11                         0     11        4
  SINCE MAR 1     11                         1     10        4
  SINCE JAN 1     11                         1     10        4
..................................................................


WIND (MPH)
  HIGHEST WIND SPEED    32   HIGHEST WIND DIRECTION    SW (220)
  HIGHEST GUST SPEED    49   HIGHEST GUST DIRECTION     S (200)
  AVERAGE WIND SPEED    15.4


SKY COVER
  AVERAGE SKY COVER 0.9


WEATHER CONDITIONS
 THE FOLLOWING WEATHER WAS RECORDED YESTERDAY.
  LIGHT RAIN


RELATIVE HUMIDITY (PERCENT)
 HIGHEST   100           100 AM
 LOWEST     71          1100 AM
 AVERAGE    86

..........................................................


THE SOUTH BEND CLIMATE NORMALS FOR TODAY
                         NORMAL    RECORD    YEAR
 MAXIMUM TEMPERATURE (F)   64        83      1899
                                             1896
 MINIMUM TEMPERATURE (F)   43        25      1907


SUNRISE AND SUNSET
APRIL 28 2017.........SUNRISE   646 AM EDT   SUNSET   840 PM EDT
APRIL 29 2017.........SUNRISE   644 AM EDT   SUNSET   842 PM EDT


-  INDICATES NEGATIVE NUMBERS.
R  INDICATES RECORD WAS SET OR TIED.
MM INDICATES DATA IS MISSING.
T  INDICATES TRACE AMOUNT.




$$
