000
CDUS43 KIWX 210021
CLISBN


CLIMATE REPORT
NATIONAL WEATHER SERVICE NORTHERN INDIANA
821 PM EDT FRI OCT 20 2017


...................................

...THE SOUTH BEND CLIMATE SUMMARY FOR OCTOBER 20 2017...
VALID AS OF 0800 PM LOCAL TIME.

CLIMATE NORMAL PERIOD 1981 TO 2010
CLIMATE RECORD PERIOD 1893 TO 2017


WEATHER ITEM   OBSERVED TIME   RECORD YEAR NORMAL DEPARTURE LAST
                VALUE   (LST)  VALUE       VALUE  FROM      YEAR
                                                  NORMAL
..................................................................
TEMPERATURE (F)
 TODAY
  MAXIMUM         76    345 PM  84    1953  60     16       58
  MINIMUM         44    726 AM  23    1952  41      3       50
                                      1895
  AVERAGE         60                        51      9       54

PRECIPITATION (IN)
  TODAY            0.00          1.33 1898   0.10  -0.10     0.08
  MONTH TO DATE    6.93                      2.17   4.76     2.38
  SINCE SEP 1      8.97                      5.70   3.27     6.12
  SINCE JAN 1     36.56                     30.97   5.59    40.53

DEGREE DAYS
 HEATING
  TODAY            5                        14     -9       11
  MONTH TO DATE   90                       228   -138      116
  SINCE SEP 1    181                       344   -163      146
  SINCE JUL 1    202                       362   -160      154

 COOLING
  TODAY            0                         0      0        0
  MONTH TO DATE   21                         8     13       17
  SINCE SEP 1    139                        90     49      140
  SINCE JAN 1    691                       772    -81      949
..................................................................


WIND (MPH)
  RESULTANT WIND SPEED   6   RESULTANT WIND DIRECTION   S (180)
  HIGHEST WIND SPEED    16   HIGHEST WIND DIRECTION     S (180)
  HIGHEST GUST SPEED    21   HIGHEST GUST DIRECTION     S (200)
  AVERAGE WIND SPEED     6.4


SKY COVER
  POSSIBLE SUNSHINE  MM
  AVERAGE SKY COVER 0.0


WEATHER CONDITIONS
 THE FOLLOWING WEATHER WAS RECORDED TODAY.
  NO SIGNIFICANT WEATHER WAS OBSERVED.


RELATIVE HUMIDITY (PERCENT)
 HIGHEST    83          1200 AM
 LOWEST     41           400 PM
 AVERAGE    62

..........................................................


THE SOUTH BEND CLIMATE NORMALS FOR TOMORROW
                         NORMAL    RECORD    YEAR
 MAXIMUM TEMPERATURE (F)   60        85      1953
 MINIMUM TEMPERATURE (F)   41        22      1895


SUNRISE AND SUNSET
OCTOBER 20 2017.......SUNRISE   803 AM EDT   SUNSET   656 PM EDT
OCTOBER 21 2017.......SUNRISE   805 AM EDT   SUNSET   654 PM EDT


-  INDICATES NEGATIVE NUMBERS.
R  INDICATES RECORD WAS SET OR TIED.
MM INDICATES DATA IS MISSING.
T  INDICATES TRACE AMOUNT.




$$
