000
CDUS41 KAKQ 230645
CLISBY


CLIMATE REPORT
NATIONAL WEATHER SERVICE WAKEFIELD, VA
145 AM EST THU FEB 23 2017


...................................

...THE SALISBURY MD CLIMATE SUMMARY FOR FEBRUARY 22 2017...

CLIMATE NORMAL PERIOD 1981 TO 2010
CLIMATE RECORD PERIOD 1900 TO 2017


WEATHER ITEM   OBSERVED TIME   RECORD YEAR NORMAL DEPARTURE LAST
                VALUE   (LST)  VALUE       VALUE  FROM      YEAR
                                                  NORMAL
..................................................................
TEMPERATURE (F)
 YESTERDAY
  MAXIMUM         62        MM  70    1997  49     13       52
  MINIMUM         37        MM   7    1968  29      8       37
  AVERAGE         50                        39     11       45

PRECIPITATION (IN)
  YESTERDAY        0.00          0.95 1983   0.12  -0.12     0.01
  MONTH TO DATE    0.73                      2.62  -1.89     3.01
  SINCE DEC 1      7.01                      9.94  -2.93    10.71
  SINCE JAN 1      4.08                      6.23  -2.15     6.22

SNOWFALL (IN)
  YESTERDAY        0.0           6.0  1948   0.1   -0.1
  MONTH TO DATE    T                         2.8   -2.8
  SINCE NOV 1      9.6                       7.8    1.8
  SINCE JUL 1      9.6                       7.8    1.8
  SNOW DEPTH       0

DEGREE DAYS
 HEATING
  YESTERDAY       15                        26    -11       20
  MONTH TO DATE  484                       613   -129      583
  SINCE DEC 1   2026                      2336   -310     1894
  SINCE JUL 1   2686                      3154   -468     2541

 COOLING
  YESTERDAY        0                         0      0        0
  MONTH TO DATE    0                         0      0        0
  SINCE DEC 1      0                         0      0        9
  SINCE JAN 1      0                         0      0        0
..................................................................


WIND (MPH)
  HIGHEST WIND SPEED    14   HIGHEST WIND DIRECTION     S (190)
  HIGHEST GUST SPEED    MM   HIGHEST GUST DIRECTION    MM
  AVERAGE WIND SPEED     4.7


SKY COVER
  POSSIBLE SUNSHINE  MM
  AVERAGE SKY COVER 0.5


WEATHER CONDITIONS
 THE FOLLOWING WEATHER WAS RECORDED YESTERDAY.
  NO SIGNIFICANT WEATHER WAS OBSERVED.


RELATIVE HUMIDITY (PERCENT)
 HIGHEST   100           200 AM
 LOWEST     69           100 PM
 AVERAGE    85

..........................................................


THE SALISBURY MD CLIMATE NORMALS FOR TODAY
                         NORMAL    RECORD    YEAR
 MAXIMUM TEMPERATURE (F)   49        74      1943
 MINIMUM TEMPERATURE (F)   30         8      1918


SUNRISE AND SUNSET
FEBRUARY 23 2017......SUNRISE   642 AM EST   SUNSET   549 PM EST
FEBRUARY 24 2017......SUNRISE   641 AM EST   SUNSET   550 PM EST


-  INDICATES NEGATIVE NUMBERS.
R  INDICATES RECORD WAS SET OR TIED.
MM INDICATES DATA IS MISSING.
T  INDICATES TRACE AMOUNT.




$$
