000
CDUS41 KAKQ 010550
CLISBY


CLIMATE REPORT
NATIONAL WEATHER SERVICE WAKEFIELD, VA
150 AM EDT SAT AUG 1 2015


...................................

...THE SALISBURY MD CLIMATE SUMMARY FOR JULY 31 2015...

CLIMATE NORMAL PERIOD 1981 TO 2010
CLIMATE RECORD PERIOD 1900 TO 2015


WEATHER ITEM   OBSERVED TIME   RECORD YEAR NORMAL DEPARTURE LAST
                VALUE   (LST)  VALUE       VALUE  FROM      YEAR
                                                  NORMAL
..................................................................
TEMPERATURE (F)
 YESTERDAY
  MAXIMUM         88    349 PM  99    1917  86      2       88
  MINIMUM         70    918 PM  52    1956  67      3       59
  AVERAGE         79                        76      3       74

PRECIPITATION (IN)
  YESTERDAY        0.00          1.87 1952   0.18  -0.18     0.00
  MONTH TO DATE    6.26                      4.38   1.88     4.78
  SINCE JUN 1     14.52                      8.09   6.43     6.36
  SINCE JAN 1     31.73                     26.64   5.09    26.07

SNOWFALL (IN)
  YESTERDAY        0.0           0.0  2002   0.0    0.0
                                      2001
  MONTH TO DATE    0.0                       0.0    0.0
  SINCE NOV 1     15.7                       9.3    6.4
  SINCE JUL 1      0.0                       0.0    0.0
  SNOW DEPTH       0

DEGREE DAYS
 HEATING
  YESTERDAY        0                         0      0        0
  MONTH TO DATE    0                         0      0        0
  SINCE JUN 1     15                        20     -5        5
  SINCE JUL 1      0                         1     -1        0

 COOLING
  YESTERDAY       14                        11      3        9
  MONTH TO DATE  360                       364     -4      390
  SINCE JUN 1    645                       591     54      683
  SINCE JAN 1    801                       675    126      818
..................................................................


WIND (MPH)
  HIGHEST WIND SPEED    14   HIGHEST WIND DIRECTION    NW (330)
  HIGHEST GUST SPEED    18   HIGHEST GUST DIRECTION    NW (320)
  AVERAGE WIND SPEED     5.4


SKY COVER
  POSSIBLE SUNSHINE  MM
  AVERAGE SKY COVER 0.1


WEATHER CONDITIONS
 THE FOLLOWING WEATHER WAS RECORDED YESTERDAY.
  FOG


RELATIVE HUMIDITY (PERCENT)
 HIGHEST   100          1200 AM
 LOWEST     37           100 PM
 AVERAGE    69

..........................................................


THE SALISBURY MD CLIMATE NORMALS FOR TODAY
                         NORMAL    RECORD    YEAR
 MAXIMUM TEMPERATURE (F)   86        99      1915
 MINIMUM TEMPERATURE (F)   67        51      2001


SUNRISE AND SUNSET
AUGUST  1 2015........SUNRISE   604 AM EDT   SUNSET   812 PM EDT
AUGUST  2 2015........SUNRISE   605 AM EDT   SUNSET   811 PM EDT


-  INDICATES NEGATIVE NUMBERS.
R  INDICATES RECORD WAS SET OR TIED.
MM INDICATES DATA IS MISSING.
T  INDICATES TRACE AMOUNT.




$$
