000
CDUS41 KAKQ 240835
CLISBY


CLIMATE REPORT
NATIONAL WEATHER SERVICE WAKEFIELD, VA
334 AM EST MON NOV 24 2014


...................................

...THE SALISBURY MD CLIMATE SUMMARY FOR NOVEMBER 23 2014...

CLIMATE NORMAL PERIOD 1981 TO 2010
CLIMATE RECORD PERIOD 1900 TO 2014


WEATHER ITEM   OBSERVED TIME   RECORD YEAR NORMAL DEPARTURE LAST
                VALUE   (LST)  VALUE       VALUE  FROM      YEAR
                                                  NORMAL
..................................................................
TEMPERATURE (F)
 YESTERDAY
  MAXIMUM         64   1159 PM  77    1979  56      8       61
  MINIMUM         29    305 AM  15    2008  36     -7       37
                                      1989
  AVERAGE         47                        46      1       49

PRECIPITATION (IN)
  YESTERDAY        T             1.63 1953   0.11  -0.11     0.00
  MONTH TO DATE    0.65                      2.58  -1.93     0.43
  SINCE SEP 1      6.75                     10.05  -3.30     4.88
  SINCE JAN 1     27.03                     41.12 -14.09    44.56

SNOWFALL (IN)
  YESTERDAY        0.0           2.0  1929   0.0    0.0
  MONTH TO DATE    0.0                       0.1   -0.1
  SINCE NOV 1      0.0                       0.1   -0.1
  SINCE JUL 1      0.0                       0.1   -0.1
  SNOW DEPTH       0

DEGREE DAYS
 HEATING
  YESTERDAY       18                        19     -1       16
  MONTH TO DATE  414                       362     52      335
  SINCE SEP 1    547                       673   -126      523
  SINCE JUL 1    547                       675   -128      523

 COOLING
  YESTERDAY        0                         0      0        0
  MONTH TO DATE    0                         0      0        8
  SINCE SEP 1    253                       167     86      265
  SINCE JAN 1   1375                      1150    225     1628
..................................................................


WIND (MPH)
  HIGHEST WIND SPEED    15   HIGHEST WIND DIRECTION    SE (140)
  HIGHEST GUST SPEED    21   HIGHEST GUST DIRECTION    SE (150)
  AVERAGE WIND SPEED     6.0


SKY COVER
  POSSIBLE SUNSHINE  MM
  AVERAGE SKY COVER 0.2


WEATHER CONDITIONS
 THE FOLLOWING WEATHER WAS RECORDED YESTERDAY.
  LIGHT RAIN


RELATIVE HUMIDITY (PERCENT)
 HIGHEST    87          1000 PM
 LOWEST     59          1100 AM
 AVERAGE    73

..........................................................


THE SALISBURY MD CLIMATE NORMALS FOR TODAY
                         NORMAL    RECORD    YEAR
 MAXIMUM TEMPERATURE (F)   56        78      1931
 MINIMUM TEMPERATURE (F)   36        13      1989


SUNRISE AND SUNSET
NOVEMBER 24 2014......SUNRISE   653 AM EST   SUNSET   444 PM EST
NOVEMBER 25 2014......SUNRISE   654 AM EST   SUNSET   444 PM EST


-  INDICATES NEGATIVE NUMBERS.
R  INDICATES RECORD WAS SET OR TIED.
MM INDICATES DATA IS MISSING.
T  INDICATES TRACE AMOUNT.




$$
