000
CDUS41 KAKQ 190805
CLISBY


CLIMATE REPORT
NATIONAL WEATHER SERVICE WAKEFIELD, VA
302 AM EST FRI JAN 19 2018


...................................

...THE SALISBURY MD CLIMATE SUMMARY FOR JANUARY 18 2018...

CLIMATE NORMAL PERIOD 1981 TO 2010
CLIMATE RECORD PERIOD 1900 TO 2018


WEATHER ITEM   OBSERVED TIME   RECORD YEAR NORMAL DEPARTURE LAST
                VALUE   (LST)  VALUE       VALUE  FROM      YEAR
                                                  NORMAL
..................................................................
TEMPERATURE (F)
 YESTERDAY
  MAXIMUM         39    331 PM  75    1943  44     -5       55
  MINIMUM         20    808 AM  -8    1957  26     -6       47
  AVERAGE         30                        35     -5       51

PRECIPITATION (IN)
  YESTERDAY        0.00          2.00 1915   0.12  -0.12      T
  MONTH TO DATE    1.15                      2.05  -0.90     2.06
  SINCE DEC 1      2.29                      5.76  -3.47     4.99
  SINCE JAN 1      1.15                      2.05  -0.90     2.06

SNOWFALL (IN)
  YESTERDAY        0.0           3.0  1948   0.1   -0.1
  MONTH TO DATE    9.4                       1.5    7.9
  SINCE NOV 1     16.4                       3.3   13.1
  SINCE JUL 1     16.4                       3.3   13.1
  SNOW DEPTH       0

DEGREE DAYS
 HEATING
  YESTERDAY       35                        30      5       14
  MONTH TO DATE  656                       535    121      465
  SINCE DEC 1   1532                      1341    191     1245
  SINCE JUL 1   2203                      2159     44     1905

 COOLING
  YESTERDAY        0                         0      0        0
  MONTH TO DATE    0                         0      0        0
  SINCE DEC 1      0                         0      0        0
  SINCE JAN 1      0                         0      0        0
..................................................................


WIND (MPH)
  HIGHEST WIND SPEED    20   HIGHEST WIND DIRECTION    NW (310)
  HIGHEST GUST SPEED    30   HIGHEST GUST DIRECTION     N (340)
  AVERAGE WIND SPEED    11.7


SKY COVER
  POSSIBLE SUNSHINE  MM
  AVERAGE SKY COVER 0.1


WEATHER CONDITIONS
 THE FOLLOWING WEATHER WAS RECORDED YESTERDAY.
  NO SIGNIFICANT WEATHER WAS OBSERVED.


RELATIVE HUMIDITY (PERCENT)
 HIGHEST    68          1000 PM
 LOWEST     29           400 PM
 AVERAGE    49

..........................................................


THE SALISBURY MD CLIMATE NORMALS FOR TODAY
                         NORMAL    RECORD    YEAR
 MAXIMUM TEMPERATURE (F)   44        68      1973
                                             1929
 MINIMUM TEMPERATURE (F)   27        -3      1957


SUNRISE AND SUNSET
JANUARY 19 2018.......SUNRISE   716 AM EST   SUNSET   510 PM EST
JANUARY 20 2018.......SUNRISE   715 AM EST   SUNSET   511 PM EST


-  INDICATES NEGATIVE NUMBERS.
R  INDICATES RECORD WAS SET OR TIED.
MM INDICATES DATA IS MISSING.
T  INDICATES TRACE AMOUNT.




$$
