000
CDUS41 KAKQ 080626
CLISBY


CLIMATE REPORT
NATIONAL WEATHER SERVICE WAKEFIELD, VA
125 AM EST THU DEC 8 2016


...................................

...THE SALISBURY MD CLIMATE SUMMARY FOR DECEMBER 7 2016...

CLIMATE NORMAL PERIOD 1981 TO 2010
CLIMATE RECORD PERIOD 1900 TO 2016


WEATHER ITEM   OBSERVED TIME   RECORD YEAR NORMAL DEPARTURE LAST
                VALUE   (LST)  VALUE       VALUE  FROM      YEAR
                                                  NORMAL
..................................................................
TEMPERATURE (F)
 YESTERDAY
  MAXIMUM         50   1216 PM  77    1998  51     -1       54
  MINIMUM         32   1159 PM  10    2007  32      0       29
  AVERAGE         41                        41      0       42

PRECIPITATION (IN)
  YESTERDAY        0.01          1.75 1908   0.12  -0.11      T
  MONTH TO DATE    1.56                      0.89   0.67     0.96
  SINCE DEC 1      1.56                      0.89   0.67     0.96
  SINCE JAN 1     53.06                     42.86  10.20    47.84

SNOWFALL (IN)
  YESTERDAY       MM             5.0  1995   0.0   MM
                                      2000
  MONTH TO DATE    0.0                       0.3   -0.3
  SINCE NOV 1      0.0                       0.5   -0.5
  SINCE JUL 1      0.0                       0.5   -0.5
  SNOW DEPTH       0

DEGREE DAYS
 HEATING
  YESTERDAY       24                        24      0       23
  MONTH TO DATE  143                       159    -16      127
  SINCE DEC 1    143                       159    -16      127
  SINCE JUL 1    803                       977   -174      774

 COOLING
  YESTERDAY        0                         0      0        0
  MONTH TO DATE    0                         0      0        0
  SINCE DEC 1      0                         0      0        0
  SINCE JAN 1   1481                      1153    328     1342
..................................................................


WIND (MPH)
  HIGHEST WIND SPEED    17   HIGHEST WIND DIRECTION    NW (320)
  HIGHEST GUST SPEED    23   HIGHEST GUST DIRECTION    NW (320)
  AVERAGE WIND SPEED     7.4


SKY COVER
  POSSIBLE SUNSHINE  MM
  AVERAGE SKY COVER 0.7


WEATHER CONDITIONS
 THE FOLLOWING WEATHER WAS RECORDED YESTERDAY.
  LIGHT RAIN
  FOG


RELATIVE HUMIDITY (PERCENT)
 HIGHEST   100           400 AM
 LOWEST     76           500 PM
 AVERAGE    88

..........................................................


THE SALISBURY MD CLIMATE NORMALS FOR TODAY
                         NORMAL    RECORD    YEAR
 MAXIMUM TEMPERATURE (F)   50        74      1966
 MINIMUM TEMPERATURE (F)   32        10      1954


SUNRISE AND SUNSET
DECEMBER  8 2016......SUNRISE   707 AM EST   SUNSET   441 PM EST
DECEMBER  9 2016......SUNRISE   708 AM EST   SUNSET   441 PM EST


-  INDICATES NEGATIVE NUMBERS.
R  INDICATES RECORD WAS SET OR TIED.
MM INDICATES DATA IS MISSING.
T  INDICATES TRACE AMOUNT.




$$
