000
CDUS41 KAKQ 180731
CLISBY


CLIMATE REPORT
NATIONAL WEATHER SERVICE WAKEFIELD, VA
126 AM EST SAT NOV 18 2017


...................................

...THE SALISBURY MD CLIMATE SUMMARY FOR NOVEMBER 17 2017...

CLIMATE NORMAL PERIOD 1981 TO 2010
CLIMATE RECORD PERIOD 1900 TO 2017


WEATHER ITEM   OBSERVED TIME   RECORD YEAR NORMAL DEPARTURE LAST
                VALUE   (LST)  VALUE       VALUE  FROM      YEAR
                                                  NORMAL
..................................................................
TEMPERATURE (F)
 YESTERDAY
  MAXIMUM         52    242 PM  75    1927  58     -6       62
  MINIMUM         29   1159 PM  13    1933  38     -9       37
  AVERAGE         41                        48     -7       50

PRECIPITATION (IN)
  YESTERDAY        0.00          1.29 1909   0.12  -0.12     0.00
  MONTH TO DATE    1.27                      1.90  -0.63     0.36
  SINCE SEP 1      7.26                      9.37  -2.11    17.26
  SINCE JAN 1     49.32                     40.44   8.88    51.32

SNOWFALL (IN)
  YESTERDAY        0.0           T    1940   0.0    0.0
  MONTH TO DATE    0.0                       0.0    0.0
  SINCE NOV 1      0.0                       0.0    0.0
  SINCE JUL 1      0.0                       0.0    0.0
  SNOW DEPTH       0

DEGREE DAYS
 HEATING
  YESTERDAY       24                        17      7       15
  MONTH TO DATE  245                       253     -8      250
  SINCE SEP 1    413                       564   -151      425
  SINCE JUL 1    413                       566   -153      425

 COOLING
  YESTERDAY        0                         0      0        0
  MONTH TO DATE    1                         0      1        4
  SINCE SEP 1    248                       167     81      290
  SINCE JAN 1   1415                      1150    265     1479
..................................................................


WIND (MPH)
  HIGHEST WIND SPEED    21   HIGHEST WIND DIRECTION    NW (330)
  HIGHEST GUST SPEED    26   HIGHEST GUST DIRECTION    NW (330)
  AVERAGE WIND SPEED     7.7


SKY COVER
  POSSIBLE SUNSHINE  MM
  AVERAGE SKY COVER 0.0


WEATHER CONDITIONS
 THE FOLLOWING WEATHER WAS RECORDED YESTERDAY.
  NO SIGNIFICANT WEATHER WAS OBSERVED.


RELATIVE HUMIDITY (PERCENT)
 HIGHEST    92           900 PM
 LOWEST     44           100 PM
 AVERAGE    68

..........................................................


THE SALISBURY MD CLIMATE NORMALS FOR TODAY
                         NORMAL    RECORD    YEAR
 MAXIMUM TEMPERATURE (F)   58        78      1928
                                             1921
 MINIMUM TEMPERATURE (F)   37        19      1914


SUNRISE AND SUNSET
NOVEMBER 18 2017......SUNRISE   647 AM EST   SUNSET   447 PM EST
NOVEMBER 19 2017......SUNRISE   648 AM EST   SUNSET   447 PM EST


-  INDICATES NEGATIVE NUMBERS.
R  INDICATES RECORD WAS SET OR TIED.
MM INDICATES DATA IS MISSING.
T  INDICATES TRACE AMOUNT.




$$
