000
CDUS41 KAKQ 270527
CLISBY


CLIMATE REPORT
NATIONAL WEATHER SERVICE WAKEFIELD, VA
126 AM EDT WED JUL 27 2016


...................................

...THE SALISBURY MD CLIMATE SUMMARY FOR JULY 26 2016...

CLIMATE NORMAL PERIOD 1981 TO 2010
CLIMATE RECORD PERIOD 1900 TO 2016


WEATHER ITEM   OBSERVED TIME   RECORD YEAR NORMAL DEPARTURE LAST
                VALUE   (LST)  VALUE       VALUE  FROM      YEAR
                                                  NORMAL
..................................................................
TEMPERATURE (F)
 YESTERDAY
  MAXIMUM         93    200 PM  98    2012  86      7       87
                                      1930
  MINIMUM         75    513 AM  53    1920  67      8       63
  AVERAGE         84                        77      7       75

PRECIPITATION (IN)
  YESTERDAY        0.46          1.61 2000   0.16   0.30     0.00
  MONTH TO DATE    3.67                      3.53   0.14     3.42
  SINCE JUN 1     10.00                      7.24   2.76    11.68
  SINCE JAN 1     28.73                     25.79   2.94    28.89

SNOWFALL (IN)
  YESTERDAY        0.0           0.0  2002   0.0    0.0
                                      2001
  MONTH TO DATE    0.0                       0.0    0.0
  SINCE NOV 1     19.8                       9.3   10.5
  SINCE JUL 1      0.0                       0.0    0.0
  SNOW DEPTH       0

DEGREE DAYS
 HEATING
  YESTERDAY        0                         0      0        0
  MONTH TO DATE    0                         0      0        0
  SINCE JUN 1      1                        19    -18       15
  SINCE JUL 1      0                         0      0        0

 COOLING
  YESTERDAY       19                        12      7       10
  MONTH TO DATE  376                       307     69      292
  SINCE JUN 1    589                       534     55      577
  SINCE JAN 1    674                       618     56      733
..................................................................


WIND (MPH)
  HIGHEST WIND SPEED    24   HIGHEST WIND DIRECTION    NW (320)
  HIGHEST GUST SPEED    30   HIGHEST GUST DIRECTION    NW (310)
  AVERAGE WIND SPEED     4.2


SKY COVER
  POSSIBLE SUNSHINE  MM
  AVERAGE SKY COVER 0.1


WEATHER CONDITIONS
 THE FOLLOWING WEATHER WAS RECORDED YESTERDAY.
  THUNDERSTORM
  HEAVY RAIN
  LIGHT RAIN
  FOG


RELATIVE HUMIDITY (PERCENT)
 HIGHEST   100           600 AM
 LOWEST     60           100 PM
 AVERAGE    80

..........................................................


THE SALISBURY MD CLIMATE NORMALS FOR TODAY
                         NORMAL    RECORD    YEAR
 MAXIMUM TEMPERATURE (F)   86       102      1940
 MINIMUM TEMPERATURE (F)   67        52      1920


SUNRISE AND SUNSET
JULY 27 2016..........SUNRISE   600 AM EDT   SUNSET   816 PM EDT
JULY 28 2016..........SUNRISE   601 AM EDT   SUNSET   815 PM EDT


-  INDICATES NEGATIVE NUMBERS.
R  INDICATES RECORD WAS SET OR TIED.
MM INDICATES DATA IS MISSING.
T  INDICATES TRACE AMOUNT.




$$
