000
CDUS41 KAKQ 270642
CLISBY


CLIMATE REPORT
NATIONAL WEATHER SERVICE WAKEFIELD, VA
141 AM EST FRI FEB 27 2015


...................................

...THE SALISBURY MD CLIMATE SUMMARY FOR FEBRUARY 26 2015...

CLIMATE NORMAL PERIOD 1981 TO 2010
CLIMATE RECORD PERIOD 1900 TO 2015


WEATHER ITEM   OBSERVED TIME   RECORD YEAR NORMAL DEPARTURE LAST
                VALUE   (LST)  VALUE       VALUE  FROM      YEAR
                                                  NORMAL
..................................................................
TEMPERATURE (F)
 YESTERDAY
  MAXIMUM         36    341 AM  73    1930  50    -14       38
  MINIMUM         19   1159 PM  12    1970  30    -11       23
  AVERAGE         28                        40    -12       31

PRECIPITATION (IN)
  YESTERDAY        0.20          1.28 1979   0.12   0.08     0.02
  MONTH TO DATE    2.96                      3.10  -0.14     3.89
  SINCE DEC 1     11.53                     10.42   1.11    10.40
  SINCE JAN 1      7.52                      6.71   0.81     7.22

SNOWFALL (IN)
  YESTERDAY       MM             5.0  1993   0.1   MM
  MONTH TO DATE    0.0                       3.1   -3.1
  SINCE NOV 1      T                         8.1   -8.1
  SINCE JUL 1      T                         8.1   -8.1
  SNOW DEPTH      MM

DEGREE DAYS
 HEATING
  YESTERDAY       37                        25     12       34
  MONTH TO DATE  930                       715    215      679
  SINCE DEC 1   2462                      2438     24     2359
  SINCE JUL 1   3134                      3256   -122     3064

 COOLING
  YESTERDAY        0                         0      0        0
  MONTH TO DATE    0                         0      0        0
  SINCE DEC 1      0                         0      0        5
  SINCE JAN 1      0                         0      0        0
..................................................................


WIND (MPH)
  HIGHEST WIND SPEED    22   HIGHEST WIND DIRECTION    NE (30)
  HIGHEST GUST SPEED    29   HIGHEST GUST DIRECTION    NE (30)
  AVERAGE WIND SPEED     8.5


SKY COVER
  POSSIBLE SUNSHINE  MM
  AVERAGE SKY COVER 0.8


WEATHER CONDITIONS
 THE FOLLOWING WEATHER WAS RECORDED YESTERDAY.
  HEAVY SNOW
  SNOW
  LIGHT SNOW
  FOG
  FOG W/VISIBILITY <= 1/4 MILE
  HAZE


RELATIVE HUMIDITY (PERCENT)
 HIGHEST    85           500 AM
 LOWEST     56           600 PM
 AVERAGE    71

..........................................................


THE SALISBURY MD CLIMATE NORMALS FOR TODAY
                         NORMAL    RECORD    YEAR
 MAXIMUM TEMPERATURE (F)   50        79      1997
 MINIMUM TEMPERATURE (F)   30         9      1934


SUNRISE AND SUNSET
FEBRUARY 27 2015......SUNRISE   637 AM EST   SUNSET   553 PM EST
FEBRUARY 28 2015......SUNRISE   636 AM EST   SUNSET   554 PM EST


-  INDICATES NEGATIVE NUMBERS.
R  INDICATES RECORD WAS SET OR TIED.
MM INDICATES DATA IS MISSING.
T  INDICATES TRACE AMOUNT.




$$
