000
CDUS46 KSTO 260838
CLISCK


CLIMATE REPORT
NATIONAL WEATHER SERVICE SACRAMENTO, CA
138 AM PDT TUE JUL 26 2016


...................................

...THE STOCKTON AIRPORT CA CLIMATE SUMMARY FOR JULY 25 2016...

CLIMATE NORMAL PERIOD 1981 TO 2010
CLIMATE RECORD PERIOD 1948 TO 2016


WEATHER ITEM   OBSERVED TIME   RECORD YEAR NORMAL DEPARTURE LAST
                VALUE   (LST)  VALUE       VALUE  FROM      YEAR
                                                  NORMAL
..................................................................
TEMPERATURE (F)
 YESTERDAY
  MAXIMUM        101    404 PM 113    2006  94      7       91
  MINIMUM         63    529 AM  52    1951  60      3       58
  AVERAGE         82

PRECIPITATION (IN)
  YESTERDAY        0.00          0.00 2015   0.00   0.00     0.00
                                      2014
                                      2013
  MONTH TO DATE    0.00                      0.00   0.00     0.01
  SINCE OCT 1     16.69                     13.76   2.93    10.71
  SINCE JAN 1     12.12                      9.03   3.09     2.87

SNOWFALL (IN)
  YESTERDAY        0.0          MM      MM
  MONTH TO DATE    0.0
  SINCE JUN 1      0.0
  SINCE JUL 1      0.0
  SNOW DEPTH       0

DEGREE DAYS
 HEATING
  YESTERDAY        0                         0      0        0
  MONTH TO DATE    0                         0      0        0
  SINCE JUN 1      2                         7     -5        0
  SINCE JUL 1      0                         0      0        0

 COOLING
  YESTERDAY       17                        12      5       10
  MONTH TO DATE  285                       292     -7      316
  SINCE JUN 1    605                       522     83      655
  SINCE JAN 1    751                       641    110      751
..................................................................


WIND (MPH)
  RESULTANT WIND SPEED   6   RESULTANT WIND DIRECTION  NW (310)
  HIGHEST WIND SPEED    14   HIGHEST WIND DIRECTION    NW (320)
  HIGHEST GUST SPEED    16   HIGHEST GUST DIRECTION    NW (320)


SKY COVER
  POSSIBLE SUNSHINE  MM
  AVERAGE SKY COVER 0.0


WEATHER CONDITIONS
 THE FOLLOWING WEATHER WAS RECORDED YESTERDAY.
  NO SIGNIFICANT WEATHER WAS OBSERVED.


RELATIVE HUMIDITY (PERCENT)
 HIGHEST    73           400 AM
 LOWEST     12           300 PM
 AVERAGE    43

..........................................................


THE STOCKTON AIRPORT CA CLIMATE NORMALS FOR TODAY
                         NORMAL    RECORD    YEAR
 MAXIMUM TEMPERATURE (F)   94       109      1975
 MINIMUM TEMPERATURE (F)   60        52      2002
                                             1955


SUNRISE AND SUNSET
JULY 26 2016..........SUNRISE   604 AM PDT   SUNSET   819 PM PDT
JULY 27 2016..........SUNRISE   605 AM PDT   SUNSET   818 PM PDT


-  INDICATES NEGATIVE NUMBERS.
R  INDICATES RECORD WAS SET OR TIED.
MM INDICATES DATA IS MISSING.
T  INDICATES TRACE AMOUNT.




$$
