733
CDUS46 KSTO 220041
CLISCK


CLIMATE REPORT
NATIONAL WEATHER SERVICE SACRAMENTO, CA
440 PM PST TUE NOV 21 2017


...................................

...THE STOCKTON AIRPORT CA CLIMATE SUMMARY FOR NOVEMBER 21 2017...
VALID TODAY AS OF 0400 PM LOCAL TIME.

CLIMATE NORMAL PERIOD 1981 TO 2010
CLIMATE RECORD PERIOD 1948 TO 2017


WEATHER ITEM   OBSERVED TIME   RECORD YEAR NORMAL DEPARTURE LAST
                VALUE   (LST)  VALUE       VALUE  FROM      YEAR
                                                  NORMAL
..................................................................
TEMPERATURE (F)
 TODAY
  MAXIMUM         65    359 PM  73    2005  62      3       62
  MINIMUM         52    142 AM  28    1964  40     12       47
  AVERAGE         59

PRECIPITATION (IN)
  TODAY            0.00          0.56 1978   0.06  -0.06     0.03
  MONTH TO DATE    0.66                      1.15  -0.49     0.95
  SINCE OCT 1      0.78                      1.97  -1.19     3.34
  SINCE JAN 1     16.41                     11.30   5.11    15.46

SNOWFALL (IN)
  TODAY            0.0           0.0  2002
                                      2001
  MONTH TO DATE    0.0
  SINCE SEP 1      0.0
  SINCE JUL 1      0.0

DEGREE DAYS
 HEATING
  TODAY            6                        14     -8       10
  MONTH TO DATE  174                       221    -47      111
  SINCE SEP 1    226                       318    -92      167
  SINCE JUL 1    226                       318    -92      167

 COOLING
  TODAY            0                         0      0        0
  MONTH TO DATE    0                         0      0        0
  SINCE SEP 1    365                       276     89      247
  SINCE JAN 1   1796                      1320    476     1445
..................................................................


WIND (MPH)
  RESULTANT WIND SPEED   2   RESULTANT WIND DIRECTION   W (290)
  HIGHEST WIND SPEED    10   HIGHEST WIND DIRECTION     W (290)
  HIGHEST GUST SPEED    14   HIGHEST GUST DIRECTION     N (340)


SKY COVER
  POSSIBLE SUNSHINE  MM
  AVERAGE SKY COVER 0.7


WEATHER CONDITIONS
 THE FOLLOWING WEATHER WAS RECORDED TODAY.
  FOG
  HAZE


RELATIVE HUMIDITY (PERCENT)
 HIGHEST   100          1200 AM
 LOWEST     67           300 PM
 AVERAGE    84

..........................................................


THE STOCKTON AIRPORT CA CLIMATE NORMALS FOR TOMORROW
                         NORMAL    RECORD    YEAR
 MAXIMUM TEMPERATURE (F)   61        76      1959
 MINIMUM TEMPERATURE (F)   40        31      1956


SUNRISE AND SUNSET
NOVEMBER 21 2017......SUNRISE   652 AM PST   SUNSET   449 PM PST
NOVEMBER 22 2017......SUNRISE   653 AM PST   SUNSET   449 PM PST


-  INDICATES NEGATIVE NUMBERS.
R  INDICATES RECORD WAS SET OR TIED.
MM INDICATES DATA IS MISSING.
T  INDICATES TRACE AMOUNT.




$$
