000
CDUS46 KSTO 260053
CLISCK


CLIMATE REPORT
NATIONAL WEATHER SERVICE SACRAMENTO, CA
553 PM PDT SAT OCT 25 2014


...................................

...THE STOCKTON AIRPORT CA CLIMATE SUMMARY FOR OCTOBER 25 2014...
VALID TODAY AS OF 0500 PM LOCAL TIME.

CLIMATE NORMAL PERIOD 1981 TO 2010
CLIMATE RECORD PERIOD 1948 TO 2014


WEATHER ITEM   OBSERVED TIME   RECORD YEAR NORMAL DEPARTURE LAST
                VALUE   (LST)  VALUE       VALUE  FROM      YEAR
                                                  NORMAL
..................................................................
TEMPERATURE (F)
 TODAY
  MAXIMUM         75    313 PM  90    1959  74      1       75
  MINIMUM         54    147 AM  36    1956  47      7       43
                                      1954
                                      1949
  AVERAGE         65

PRECIPITATION (IN)
  TODAY            0.05          0.92 1982   0.03   0.02     0.00
  MONTH TO DATE    0.05                      0.56  -0.51     0.00
  SINCE JUL 1      0.65                      0.86  -0.21     0.28
  SINCE JAN 1      6.45                      9.89  -3.44     3.16

SNOWFALL (IN)
  TODAY            0.0           0.0  2001
  MONTH TO DATE    0.0
  SINCE SEP 1      0.0
  SINCE JUL 1      0.0

DEGREE DAYS
 HEATING
  TODAY            0                         5     -5        6
  MONTH TO DATE    5                        57    -52       42
  SINCE SEP 1      5                        63    -58       48
  SINCE JUL 1      5                        63    -58       48

 COOLING
  TODAY            0                         0      0        0
  MONTH TO DATE  121                        52     69        2
  SINCE SEP 1    410                       274    136      206
  SINCE JAN 1   1656                      1318    338     1375
..................................................................


WIND (MPH)
  RESULTANT WIND SPEED   3   RESULTANT WIND DIRECTION  SE (120)
  HIGHEST WIND SPEED    17   HIGHEST WIND DIRECTION     W (270)
  HIGHEST GUST SPEED    23   HIGHEST GUST DIRECTION     S (200)


SKY COVER
  POSSIBLE SUNSHINE  MM
  AVERAGE SKY COVER 0.4


WEATHER CONDITIONS
 THE FOLLOWING WEATHER WAS RECORDED TODAY.
  RAIN
  LIGHT RAIN
  HAZE


RELATIVE HUMIDITY (PERCENT)
 HIGHEST    86           300 AM
 LOWEST     41           300 PM
 AVERAGE    64

..........................................................


THE STOCKTON AIRPORT CA CLIMATE NORMALS FOR TOMORROW
                         NORMAL    RECORD    YEAR
 MAXIMUM TEMPERATURE (F)   74        88      2003
                                             1993
 MINIMUM TEMPERATURE (F)   47        34      1954


SUNRISE AND SUNSET
OCTOBER 25 2014.......SUNRISE   723 AM PDT   SUNSET   614 PM PDT
OCTOBER 26 2014.......SUNRISE   724 AM PDT   SUNSET   613 PM PDT


-  INDICATES NEGATIVE NUMBERS.
R  INDICATES RECORD WAS SET OR TIED.
MM INDICATES DATA IS MISSING.
T  INDICATES TRACE AMOUNT.




$$
