000
CDUS46 KSTO 180840
CLISCK


CLIMATE REPORT
NATIONAL WEATHER SERVICE SACRAMENTO, CA
1238 AM PST THU DEC 18 2014


...................................

...THE STOCKTON AIRPORT CA CLIMATE SUMMARY FOR DECEMBER 17 2014...

CLIMATE NORMAL PERIOD 1981 TO 2010
CLIMATE RECORD PERIOD 1948 TO 2014


WEATHER ITEM   OBSERVED TIME   RECORD YEAR NORMAL DEPARTURE LAST
                VALUE   (LST)  VALUE       VALUE  FROM      YEAR
                                                  NORMAL
..................................................................
TEMPERATURE (F)
 YESTERDAY
  MAXIMUM         60    240 PM  71    1958  53      7       60
  MINIMUM         46    727 AM  24    1965  37      9       32
  AVERAGE         53

PRECIPITATION (IN)
  YESTERDAY        0.03          0.82 1972   0.07  -0.04     0.00
  MONTH TO DATE    5.30                      1.11   4.19     0.34
  SINCE JUL 1      7.65                      3.92   3.73     1.71
  SINCE JAN 1     13.45                     12.95   0.50     4.59

SNOWFALL (IN)
  YESTERDAY       MM            MM      MM
  MONTH TO DATE    0.0
  SINCE DEC 1      0.0
  SINCE JUL 1      0.0
  SNOW DEPTH       0

DEGREE DAYS
 HEATING
  YESTERDAY       12                        20     -8       19
  MONTH TO DATE  163                       318   -155      386
  SINCE DEC 1    163                       318   -155      386
  SINCE JUL 1    449                       775   -326      785

 COOLING
  YESTERDAY        0                         0      0        0
  MONTH TO DATE    0                         0      0        0
  SINCE DEC 1      0                         0      0        0
  SINCE JAN 1   1658                      1320    338     1375
..................................................................


WIND (MPH)
  RESULTANT WIND SPEED   4   RESULTANT WIND DIRECTION  SE (150)
  HIGHEST WIND SPEED    10   HIGHEST WIND DIRECTION    SE (120)
  HIGHEST GUST SPEED    14   HIGHEST GUST DIRECTION    SW (210)


SKY COVER
  POSSIBLE SUNSHINE  MM
  AVERAGE SKY COVER 0.9


WEATHER CONDITIONS
 THE FOLLOWING WEATHER WAS RECORDED YESTERDAY.
  LIGHT RAIN
  FOG


RELATIVE HUMIDITY (PERCENT)
 HIGHEST   100           400 AM
 LOWEST     62           300 PM
 AVERAGE    81

..........................................................


THE STOCKTON AIRPORT CA CLIMATE NORMALS FOR TODAY
                         NORMAL    RECORD    YEAR
 MAXIMUM TEMPERATURE (F)   53        67      1958
 MINIMUM TEMPERATURE (F)   37        26      1975
                                             1965


SUNRISE AND SUNSET
DECEMBER 18 2014......SUNRISE   715 AM PST   SUNSET   448 PM PST
DECEMBER 19 2014......SUNRISE   716 AM PST   SUNSET   448 PM PST


-  INDICATES NEGATIVE NUMBERS.
R  INDICATES RECORD WAS SET OR TIED.
MM INDICATES DATA IS MISSING.
T  INDICATES TRACE AMOUNT.




$$
