000
CDUS46 KSTO 300038
CLISCK


CLIMATE REPORT
NATIONAL WEATHER SERVICE SACRAMENTO, CA
537 PM PDT SUN MAY 29 2016


...................................

...THE STOCKTON AIRPORT CA CLIMATE SUMMARY FOR MAY 29 2016...
VALID TODAY AS OF 0500 PM LOCAL TIME.

CLIMATE NORMAL PERIOD 1981 TO 2010
CLIMATE RECORD PERIOD 1948 TO 2016


WEATHER ITEM   OBSERVED TIME   RECORD YEAR NORMAL DEPARTURE LAST
                VALUE   (LST)  VALUE       VALUE  FROM      YEAR
                                                  NORMAL
..................................................................
TEMPERATURE (F)
 TODAY
  MAXIMUM         92    345 PM 103    1973  84      8       89
  MINIMUM         55    500 AM  44    1985  54      1       50
  AVERAGE         74

PRECIPITATION (IN)
  TODAY            0.00          0.02 1998   0.01  -0.01     0.00
  MONTH TO DATE    0.35                      0.51  -0.16     0.02
  SINCE OCT 1     16.69                     13.66   3.03    10.62
  SINCE JAN 1     12.12                      8.93   3.19     2.78

SNOWFALL (IN)
  TODAY            0.0          MM      MM
  MONTH TO DATE    0.0
  SINCE MAR 1      0.0
  SINCE JUL 1      0.0

DEGREE DAYS
 HEATING
  TODAY            0                         1     -1        0
  MONTH TO DATE   37                        57    -20       42
  SINCE MAR 1    348                       571   -223      274
  SINCE JUL 1   2066                      2633   -567     1713

 COOLING
  TODAY            9                         5      4        5
  MONTH TO DATE   95                        92      3       37
  SINCE MAR 1    121                       109     12       86
  SINCE JAN 1    121                       109     12       86
..................................................................


WIND (MPH)
  RESULTANT WIND SPEED   8   RESULTANT WIND DIRECTION  NW (300)
  HIGHEST WIND SPEED    17   HIGHEST WIND DIRECTION     W (290)
  HIGHEST GUST SPEED    23   HIGHEST GUST DIRECTION    NW (330)


SKY COVER
  POSSIBLE SUNSHINE  MM
  AVERAGE SKY COVER 0.0


WEATHER CONDITIONS
 THE FOLLOWING WEATHER WAS RECORDED TODAY.
  NO SIGNIFICANT WEATHER WAS OBSERVED.


RELATIVE HUMIDITY (PERCENT)
 HIGHEST    72           400 AM
 LOWEST     20           400 PM
 AVERAGE    46

..........................................................


THE STOCKTON AIRPORT CA CLIMATE NORMALS FOR TOMORROW
                         NORMAL    RECORD    YEAR
 MAXIMUM TEMPERATURE (F)   84       101      2001
 MINIMUM TEMPERATURE (F)   54        44      2011


SUNRISE AND SUNSET
MAY 29 2016...........SUNRISE   545 AM PDT   SUNSET   820 PM PDT
MAY 30 2016...........SUNRISE   545 AM PDT   SUNSET   821 PM PDT


-  INDICATES NEGATIVE NUMBERS.
R  INDICATES RECORD WAS SET OR TIED.
MM INDICATES DATA IS MISSING.
T  INDICATES TRACE AMOUNT.




$$
