000
CDUS46 KLOX 180902
CLISDB


CLIMATE REPORT
NATIONAL WEATHER SERVICE LOS ANGELES/OXNARD CA
202 AM PDT FRI APR 18 2014


...................................

...THE SANDBERG CA CLIMATE SUMMARY FOR APRIL 17 2014...

CLIMATE NORMAL PERIOD 1981 TO 2010
CLIMATE RECORD PERIOD 1948 TO 2014


WEATHER ITEM   OBSERVED TIME   RECORD YEAR NORMAL DEPARTURE LAST
                VALUE   (LST)  VALUE       VALUE  FROM      YEAR
                                                  NORMAL
..................................................................
TEMPERATURE (F)
 YESTERDAY
  MAXIMUM         76   1153 AM  81    1994  59     17       53
  MINIMUM         49   1149 PM  25    1963  42      7       34
  AVERAGE         63                        50     13       44

PRECIPITATION (IN)
  YESTERDAY        0.00          1.37 2000   0.02  -0.02     0.00
  MONTH TO DATE    0.11                      0.42  -0.31     0.01
  SINCE JUL 1      4.11                     11.65  -7.54     3.90
  SINCE JAN 1      3.33                      7.80  -4.47     2.53

DEGREE DAYS
 HEATING
  YESTERDAY        2                        15    -13       21
  MONTH TO DATE  135                       274   -139      193
  SINCE MAR 1    477                       844   -367      499
  SINCE JUL 1   2262                      3603  -1341     2863

 COOLING
  YESTERDAY        0                         0      0        0
  MONTH TO DATE   19                         0     19        1
  SINCE MAR 1     22                         1     21       12
  SINCE JAN 1     29                         1     28       12
..................................................................


WIND (MPH)
  HIGHEST WIND SPEED    25   HIGHEST WIND DIRECTION     N (340)
  HIGHEST GUST SPEED    31   HIGHEST GUST DIRECTION     N (340)
  AVERAGE WIND SPEED    11.5


SKY COVER
  POSSIBLE SUNSHINE  MM
  AVERAGE SKY COVER 0.0


WEATHER CONDITIONS
 THE FOLLOWING WEATHER WAS RECORDED YESTERDAY.
  FOG W/VISIBILITY <= 1/4 MILE
  HAZE


RELATIVE HUMIDITY (PERCENT)
 HIGHEST    72           700 PM
 LOWEST     25          1200 PM
 AVERAGE    49

..........................................................


THE SANDBERG CA CLIMATE NORMALS FOR TODAY
                         NORMAL    RECORD    YEAR
 MAXIMUM TEMPERATURE (F)   59        83      1989
 MINIMUM TEMPERATURE (F)   42        26      1971


SUNRISE AND SUNSET
APRIL 18 2014.........SUNRISE   619 AM PDT   SUNSET   730 PM PDT
APRIL 19 2014.........SUNRISE   618 AM PDT   SUNSET   730 PM PDT


-  INDICATES NEGATIVE NUMBERS.
R  INDICATES RECORD WAS SET OR TIED.
MM INDICATES DATA IS MISSING.
T  INDICATES TRACE AMOUNT.




$$
