000
CDUS46 KLOX 260902
CLISDB


CLIMATE REPORT
NATIONAL WEATHER SERVICE LOS ANGELES/OXNARD CA
102 AM PST WED NOV 26 2014


...................................

...THE SANDBERG CA CLIMATE SUMMARY FOR NOVEMBER 25 2014...

CLIMATE NORMAL PERIOD 1981 TO 2010
CLIMATE RECORD PERIOD 1934 TO 2014


WEATHER ITEM   OBSERVED TIME   RECORD YEAR NORMAL DEPARTURE LAST
                VALUE   (LST)  VALUE       VALUE  FROM      YEAR
                                                  NORMAL
..................................................................
TEMPERATURE (F)
 YESTERDAY
  MAXIMUM         69    234 PM  76    1995  52     17       61
  MINIMUM         50    707 AM  24    1973  40     10       41
  AVERAGE         60                        46     14       51

PRECIPITATION (IN)
  YESTERDAY        0.00          1.66 1961   0.04  -0.04     0.00
  MONTH TO DATE    0.07                      0.61  -0.54     0.39
  SINCE JUL 1      0.73                      1.43  -0.70     0.70
  SINCE JAN 1      4.31                      9.91  -5.60     3.61

DEGREE DAYS
 HEATING
  YESTERDAY        5                        19    -14       14
  MONTH TO DATE  270                       377   -107      267
  SINCE SEP 1    362                       661   -299      484
  SINCE JUL 1    362                       678   -316      484

 COOLING
  YESTERDAY        0                         0      0        0
  MONTH TO DATE   18                         0     18        4
  SINCE SEP 1    507                       239    268      333
  SINCE JAN 1   1687                       996    691     1565
..................................................................


WIND (MPH)
  HIGHEST WIND SPEED    26   HIGHEST WIND DIRECTION    NW (330)
  HIGHEST GUST SPEED    31   HIGHEST GUST DIRECTION    NW (330)
  AVERAGE WIND SPEED    12.2


SKY COVER
  POSSIBLE SUNSHINE  MM
  AVERAGE SKY COVER 0.0


WEATHER CONDITIONS
 THE FOLLOWING WEATHER WAS RECORDED YESTERDAY.
  NO SIGNIFICANT WEATHER WAS OBSERVED.


RELATIVE HUMIDITY (PERCENT)
 HIGHEST    14          1200 AM
 LOWEST      6           400 PM
 AVERAGE    10

..........................................................


THE SANDBERG CA CLIMATE NORMALS FOR TODAY
                         NORMAL    RECORD    YEAR
 MAXIMUM TEMPERATURE (F)   52        70      1953
 MINIMUM TEMPERATURE (F)   39        26      1948


SUNRISE AND SUNSET
NOVEMBER 26 2014......SUNRISE   639 AM PST   SUNSET   445 PM PST
NOVEMBER 27 2014......SUNRISE   640 AM PST   SUNSET   445 PM PST


-  INDICATES NEGATIVE NUMBERS.
R  INDICATES RECORD WAS SET OR TIED.
MM INDICATES DATA IS MISSING.
T  INDICATES TRACE AMOUNT.




$$
