000
CDUS46 KLOX 240902
CLISDB


CLIMATE REPORT
NATIONAL WEATHER SERVICE LOS ANGELES/OXNARD CA
202 AM PDT SUN SEP 24 2017


...................................

...THE SANDBERG CA CLIMATE SUMMARY FOR SEPTEMBER 23 2017...

CLIMATE NORMAL PERIOD 1981 TO 2010
CLIMATE RECORD PERIOD 1934 TO 2017


WEATHER ITEM   OBSERVED TIME   RECORD YEAR NORMAL DEPARTURE LAST
                VALUE   (LST)  VALUE       VALUE  FROM      YEAR
                                                  NORMAL
..................................................................
TEMPERATURE (F)
 YESTERDAY
  MAXIMUM         65    156 PM  93    1949  76    -11       67
  MINIMUM         46    418 AM  38    1986  58    -12       47
  AVERAGE         56                        67    -11       57

PRECIPITATION (IN)
  YESTERDAY        0.00          0.60 1958   0.00   0.00     0.00
  MONTH TO DATE    0.22                      0.11   0.11     0.00
  SINCE OCT 1     13.89                     12.27   1.62     6.93
  SINCE JAN 1     10.05                      8.64   1.41     5.23

DEGREE DAYS
 HEATING
  YESTERDAY        9                         3      6        8
  MONTH TO DATE   48                        37     11       33
  SINCE SEP 1     48                        37     11       33
  SINCE JUL 1     49                        54     -5       33

 COOLING
  YESTERDAY        0                         5     -5        0
  MONTH TO DATE  171                       157     14      169
  SINCE SEP 1    171                       157     14      169
  SINCE JAN 1   1643                       914    729     1513
..................................................................


WIND (MPH)
  HIGHEST WIND SPEED    24   HIGHEST WIND DIRECTION     N (340)
  HIGHEST GUST SPEED    31   HIGHEST GUST DIRECTION     N (340)
  AVERAGE WIND SPEED    13.8


SKY COVER
  POSSIBLE SUNSHINE  MM
  AVERAGE SKY COVER 0.0


WEATHER CONDITIONS
 THE FOLLOWING WEATHER WAS RECORDED YESTERDAY.
  NO SIGNIFICANT WEATHER WAS OBSERVED.


RELATIVE HUMIDITY (PERCENT)
 HIGHEST    66           700 AM
 LOWEST     34          1200 PM
 AVERAGE    50

..........................................................


THE SANDBERG CA CLIMATE NORMALS FOR TODAY
                         NORMAL    RECORD    YEAR
 MAXIMUM TEMPERATURE (F)   76        93      2015
 MINIMUM TEMPERATURE (F)   58        38      1934


SUNRISE AND SUNSET
SEPTEMBER 24 2017.....SUNRISE   645 AM PDT   SUNSET   648 PM PDT
SEPTEMBER 25 2017.....SUNRISE   645 AM PDT   SUNSET   647 PM PDT


-  INDICATES NEGATIVE NUMBERS.
R  INDICATES RECORD WAS SET OR TIED.
MM INDICATES DATA IS MISSING.
T  INDICATES TRACE AMOUNT.




$$
