000
CDUS46 KLOX 250906
CLISDB


CLIMATE REPORT
NATIONAL WEATHER SERVICE LOS ANGELES/OXNARD CA
106 AM PST SAT NOV 25 2017


...................................

...THE SANDBERG CA CLIMATE SUMMARY FOR NOVEMBER 24 2017...

CLIMATE NORMAL PERIOD 1981 TO 2010
CLIMATE RECORD PERIOD 1934 TO 2017


WEATHER ITEM   OBSERVED TIME   RECORD YEAR NORMAL DEPARTURE LAST
                VALUE   (LST)  VALUE       VALUE  FROM      YEAR
                                                  NORMAL
..................................................................
TEMPERATURE (F)
 YESTERDAY
  MAXIMUM         74R   209 PM  72    1995  52     22       55
  MINIMUM         56    659 AM  24    2010  40     16       40
  AVERAGE         65                        46     19       48

PRECIPITATION (IN)
  YESTERDAY        0.00          0.59 1965   0.03  -0.03     0.00
  MONTH TO DATE    0.04                      0.57  -0.53     0.64
  SINCE OCT 1      0.04                      1.17  -1.13     1.22
  SINCE JAN 1     10.09                      9.87   0.22     6.45

DEGREE DAYS
 HEATING
  YESTERDAY        0                        19    -19       17
  MONTH TO DATE  178                       358   -180      174
  SINCE SEP 1    313                       642   -329      326
  SINCE JUL 1    314                       659   -345      326

 COOLING
  YESTERDAY        0                         0      0        0
  MONTH TO DATE   13                         0     13       29
  SINCE SEP 1    338                       239     99      329
  SINCE JAN 1   1810                       996    814     1673
..................................................................


WIND (MPH)
  HIGHEST WIND SPEED    28   HIGHEST WIND DIRECTION     N (350)
  HIGHEST GUST SPEED    32   HIGHEST GUST DIRECTION     N (340)
  AVERAGE WIND SPEED    15.8


SKY COVER
  POSSIBLE SUNSHINE  MM
  AVERAGE SKY COVER 0.0


WEATHER CONDITIONS
 THE FOLLOWING WEATHER WAS RECORDED YESTERDAY.
  NO SIGNIFICANT WEATHER WAS OBSERVED.


RELATIVE HUMIDITY (PERCENT)
 HIGHEST    59           300 AM
 LOWEST     17          1100 AM
 AVERAGE    38

..........................................................


THE SANDBERG CA CLIMATE NORMALS FOR TODAY
                         NORMAL    RECORD    YEAR
 MAXIMUM TEMPERATURE (F)   52        76      1995
 MINIMUM TEMPERATURE (F)   40        24      1973


SUNRISE AND SUNSET
NOVEMBER 25 2017......SUNRISE   639 AM PST   SUNSET   445 PM PST
NOVEMBER 26 2017......SUNRISE   640 AM PST   SUNSET   445 PM PST


-  INDICATES NEGATIVE NUMBERS.
R  INDICATES RECORD WAS SET OR TIED.
MM INDICATES DATA IS MISSING.
T  INDICATES TRACE AMOUNT.




$$
