000
CDUS46 KLOX 200902
CLISDB


CLIMATE REPORT
NATIONAL WEATHER SERVICE LOS ANGELES/OXNARD CA
102 AM PST SAT DEC 20 2014


...................................

...THE SANDBERG CA CLIMATE SUMMARY FOR DECEMBER 19 2014...

CLIMATE NORMAL PERIOD 1981 TO 2010
CLIMATE RECORD PERIOD 1934 TO 2014


WEATHER ITEM   OBSERVED TIME   RECORD YEAR NORMAL DEPARTURE LAST
                VALUE   (LST)  VALUE       VALUE  FROM      YEAR
                                                  NORMAL
..................................................................
TEMPERATURE (F)
 YESTERDAY
  MAXIMUM         52   1157 AM  65    1950  47      5       45
  MINIMUM         40    655 AM  19    1967  36      4       35
  AVERAGE         46                        42      4       40

PRECIPITATION (IN)
  YESTERDAY        0.00          1.82 1938   0.08  -0.08     0.08
  MONTH TO DATE    4.25                      1.17   3.08     0.08
  SINCE JUL 1      5.02                      2.77   2.25     0.78
  SINCE JAN 1      8.60                     11.25  -2.65     3.69

DEGREE DAYS
 HEATING
  YESTERDAY       19                        23     -4       25
  MONTH TO DATE  315                       425   -110      376
  SINCE DEC 1    315                       425   -110      376
  SINCE JUL 1    705                      1204   -499      930

 COOLING
  YESTERDAY        0                         0      0        0
  MONTH TO DATE    0                         0      0        0
  SINCE DEC 1      0                         0      0        0
  SINCE JAN 1   1689                       998    691     1565
..................................................................


WIND (MPH)
  HIGHEST WIND SPEED    22   HIGHEST WIND DIRECTION    NW (330)
  HIGHEST GUST SPEED    26   HIGHEST GUST DIRECTION     N (340)
  AVERAGE WIND SPEED     7.3


SKY COVER
  POSSIBLE SUNSHINE  MM
  AVERAGE SKY COVER 0.0


WEATHER CONDITIONS
 THE FOLLOWING WEATHER WAS RECORDED YESTERDAY.
  NO SIGNIFICANT WEATHER WAS OBSERVED.


RELATIVE HUMIDITY (PERCENT)
 HIGHEST    83           900 PM
 LOWEST     54          1100 AM
 AVERAGE    69

..........................................................


THE SANDBERG CA CLIMATE NORMALS FOR TODAY
                         NORMAL    RECORD    YEAR
 MAXIMUM TEMPERATURE (F)   47        66      2004
 MINIMUM TEMPERATURE (F)   36        14      1968


SUNRISE AND SUNSET
DECEMBER 20 2014......SUNRISE   658 AM PST   SUNSET   447 PM PST
DECEMBER 21 2014......SUNRISE   658 AM PST   SUNSET   448 PM PST


-  INDICATES NEGATIVE NUMBERS.
R  INDICATES RECORD WAS SET OR TIED.
MM INDICATES DATA IS MISSING.
T  INDICATES TRACE AMOUNT.




$$
