000
CDUS46 KLOX 291007
CLISDB


CLIMATE REPORT
NATIONAL WEATHER SERVICE LOS ANGELES/OXNARD CA
306 AM PDT SUN MAR 29 2015


...................................

...THE SANDBERG CA CLIMATE SUMMARY FOR MARCH 28 2015...

CLIMATE NORMAL PERIOD 1981 TO 2010
CLIMATE RECORD PERIOD 1934 TO 2015


WEATHER ITEM   OBSERVED TIME   RECORD YEAR NORMAL DEPARTURE LAST
                VALUE   (LST)  VALUE       VALUE  FROM      YEAR
                                                  NORMAL
..................................................................
TEMPERATURE (F)
 YESTERDAY
  MAXIMUM         79R   110 PM  76    1969  56     23       62
  MINIMUM         57   1143 PM  22    1975  40     17       41
  AVERAGE         68                        48     20       52

PRECIPITATION (IN)
  YESTERDAY        0.00          3.38 1993   0.04  -0.04     0.00
  MONTH TO DATE    0.27                      1.60  -1.33     0.24
  SINCE OCT 1      6.81                     10.88  -4.07     3.85
  SINCE JAN 1      1.91                      7.25  -5.34     3.15

DEGREE DAYS
 HEATING
  YESTERDAY        0                        17    -17       13
  MONTH TO DATE  214                       519   -305      296
  SINCE MAR 1    214                       519   -305      296
  SINCE JUL 1   1845                      3278  -1433     2081

 COOLING
  YESTERDAY        3                         0      3        0
  MONTH TO DATE   23                         0     23        3
  SINCE MAR 1     23                         0     23        3
  SINCE JAN 1     26                         0     26       10
..................................................................


WIND (MPH)
  HIGHEST WIND SPEED    25   HIGHEST WIND DIRECTION    NW (330)
  HIGHEST GUST SPEED    33   HIGHEST GUST DIRECTION     N (340)
  AVERAGE WIND SPEED    11.1


SKY COVER
  POSSIBLE SUNSHINE  MM
  AVERAGE SKY COVER 0.0


WEATHER CONDITIONS
 THE FOLLOWING WEATHER WAS RECORDED YESTERDAY.
  NO SIGNIFICANT WEATHER WAS OBSERVED.


RELATIVE HUMIDITY (PERCENT)
 HIGHEST    51           500 AM
 LOWEST     12           100 PM
 AVERAGE    32

..........................................................


THE SANDBERG CA CLIMATE NORMALS FOR TODAY
                         NORMAL    RECORD    YEAR
 MAXIMUM TEMPERATURE (F)   56        76      1969
 MINIMUM TEMPERATURE (F)   40        23      1967


SUNRISE AND SUNSET
MARCH 29 2015.........SUNRISE   646 AM PDT   SUNSET   714 PM PDT
MARCH 30 2015.........SUNRISE   645 AM PDT   SUNSET   714 PM PDT


-  INDICATES NEGATIVE NUMBERS.
R  INDICATES RECORD WAS SET OR TIED.
MM INDICATES DATA IS MISSING.
T  INDICATES TRACE AMOUNT.




$$
