720
CDUS46 KLOX 281157
CLISDB


CLIMATE REPORT
NATIONAL WEATHER SERVICE LOS ANGELES/OXNARD CA
457 AM PDT FRI JUL 28 2017


...................................

...THE SANDBERG CA CLIMATE SUMMARY FOR JULY 27 2017...

CLIMATE NORMAL PERIOD 1981 TO 2010
CLIMATE RECORD PERIOD 1934 TO 2017


WEATHER ITEM   OBSERVED TIME   RECORD YEAR NORMAL DEPARTURE LAST
                VALUE   (LST)  VALUE       VALUE  FROM      YEAR
                                                  NORMAL
..................................................................
TEMPERATURE (F)
 YESTERDAY
  MAXIMUM         94   1236 PM 102    1934  86      8       98
  MINIMUM         69    513 AM  49    1941  65      4       78
  AVERAGE         82                        75      7       88

PRECIPITATION (IN)
  YESTERDAY        0.00          0.01 1952   0.00   0.00     0.00
  MONTH TO DATE    T                         0.02  -0.02     0.00
  SINCE OCT 1     12.79                     12.13   0.66     6.93
  SINCE JAN 1      8.95                      8.50   0.45     5.23

DEGREE DAYS
 HEATING
  YESTERDAY        0                         0      0        0
  MONTH TO DATE    0                         4     -4        0
  SINCE JUN 1     40                        88    -48       21
  SINCE JUL 1      0                         4     -4        0

 COOLING
  YESTERDAY       17                        10      7       23
  MONTH TO DATE  436                       245    191      348
  SINCE JUN 1    792                       376    416      719
  SINCE JAN 1    937                       421    516      800
..................................................................


WIND (MPH)
  HIGHEST WIND SPEED    23   HIGHEST WIND DIRECTION     N (340)
  HIGHEST GUST SPEED    30   HIGHEST GUST DIRECTION     N (340)
  AVERAGE WIND SPEED    11.5


SKY COVER
  POSSIBLE SUNSHINE  MM
  AVERAGE SKY COVER 0.0


WEATHER CONDITIONS
 THE FOLLOWING WEATHER WAS RECORDED YESTERDAY.
  NO SIGNIFICANT WEATHER WAS OBSERVED.


RELATIVE HUMIDITY (PERCENT)
 HIGHEST    57           300 AM
 LOWEST     13          1200 PM
 AVERAGE    35

..........................................................


THE SANDBERG CA CLIMATE NORMALS FOR TODAY
                         NORMAL    RECORD    YEAR
 MAXIMUM TEMPERATURE (F)   86       103      1995
 MINIMUM TEMPERATURE (F)   65        50      1941


SUNRISE AND SUNSET
JULY 28 2017..........SUNRISE   602 AM PDT   SUNSET   800 PM PDT
JULY 29 2017..........SUNRISE   603 AM PDT   SUNSET   759 PM PDT


-  INDICATES NEGATIVE NUMBERS.
R  INDICATES RECORD WAS SET OR TIED.
MM INDICATES DATA IS MISSING.
T  INDICATES TRACE AMOUNT.




$$
