000
CDUS46 KLOX 010913
CLISDB


CLIMATE REPORT
NATIONAL WEATHER SERVICE LOS ANGELES/OXNARD CA
212 AM PDT SUN MAY 1 2016


...................................

...THE SANDBERG CA CLIMATE SUMMARY FOR APRIL 30 2016...

CLIMATE NORMAL PERIOD 1981 TO 2010
CLIMATE RECORD PERIOD 1934 TO 2016


WEATHER ITEM   OBSERVED TIME   RECORD YEAR NORMAL DEPARTURE LAST
                VALUE   (LST)  VALUE       VALUE  FROM      YEAR
                                                  NORMAL
..................................................................
TEMPERATURE (F)
 YESTERDAY
  MAXIMUM         63    154 PM  81    2015  62      1       81
  MINIMUM         41    637 AM  26    1967  45     -4       61
  AVERAGE         52                        54     -2       71

PRECIPITATION (IN)
  YESTERDAY        0.02          1.70 1955   0.01   0.01     0.00
  MONTH TO DATE    0.47                      0.63  -0.16     0.21
  SINCE OCT 1      6.64                     11.64  -5.00     7.02
  SINCE JAN 1      4.94                      8.01  -3.07     2.12

DEGREE DAYS
 HEATING
  YESTERDAY       13                        12      1        0
  MONTH TO DATE  224                       446   -222      283
  SINCE MAR 1    609                      1016   -407      506
  SINCE JUL 1   2869                      3775   -906     2137

 COOLING
  YESTERDAY        0                         0      0        6
  MONTH TO DATE   18                         7     11       23
  SINCE MAR 1     19                         8     11       55
  SINCE JAN 1     19                         8     11       58
..................................................................


WIND (MPH)
  HIGHEST WIND SPEED    40   HIGHEST WIND DIRECTION     N (340)
  HIGHEST GUST SPEED    48   HIGHEST GUST DIRECTION     N (340)
  AVERAGE WIND SPEED    16.6


SKY COVER
  POSSIBLE SUNSHINE  MM
  AVERAGE SKY COVER 0.2


WEATHER CONDITIONS
 THE FOLLOWING WEATHER WAS RECORDED YESTERDAY.
  LIGHT RAIN
  FOG


RELATIVE HUMIDITY (PERCENT)
 HIGHEST    76           900 AM
 LOWEST     33           500 PM
 AVERAGE    55

..........................................................


THE SANDBERG CA CLIMATE NORMALS FOR TODAY
                         NORMAL    RECORD    YEAR
 MAXIMUM TEMPERATURE (F)   63        85      1947
 MINIMUM TEMPERATURE (F)   45        29      1964


SUNRISE AND SUNSET
MAY  1 2016...........SUNRISE   604 AM PDT   SUNSET   740 PM PDT
MAY  2 2016...........SUNRISE   603 AM PDT   SUNSET   741 PM PDT


-  INDICATES NEGATIVE NUMBERS.
R  INDICATES RECORD WAS SET OR TIED.
MM INDICATES DATA IS MISSING.
T  INDICATES TRACE AMOUNT.




$$
