000
CDUS46 KLOX 170915
CLISDB


CLIMATE REPORT
NATIONAL WEATHER SERVICE LOS ANGELES/OXNARD CA
112 AM PST TUE JAN 17 2017


...................................

...THE SANDBERG CA CLIMATE SUMMARY FOR JANUARY 16 2017...

CLIMATE NORMAL PERIOD 1981 TO 2010
CLIMATE RECORD PERIOD 1934 TO 2017


WEATHER ITEM   OBSERVED TIME   RECORD YEAR NORMAL DEPARTURE LAST
                VALUE   (LST)  VALUE       VALUE  FROM      YEAR
                                                  NORMAL
..................................................................
TEMPERATURE (F)
 YESTERDAY
  MAXIMUM         52    208 PM  65    2014  49      3       57
                                      1994
  MINIMUM         39   1128 PM  16    1987  37      2       42
  AVERAGE         46                        43      3       50

PRECIPITATION (IN)
  YESTERDAY        0.00          1.40 1973   0.08  -0.08     0.00
  MONTH TO DATE    1.26                      1.52  -0.26     1.89
  SINCE OCT 1      5.10                      5.15  -0.05     3.59
  SINCE JAN 1      1.26                      1.52  -0.26     1.89

DEGREE DAYS
 HEATING
  YESTERDAY       19                        22     -3       15
  MONTH TO DATE  348                       355     -7      374
  SINCE DEC 1    963                      1057    -94     1059
  SINCE JUL 1   1412                      1836   -424     1675

 COOLING
  YESTERDAY        0                         0      0        0
  MONTH TO DATE    0                         0      0        0
  SINCE DEC 1      0                         0      0        0
  SINCE JAN 1      0                         0      0        0
..................................................................


WIND (MPH)
  HIGHEST WIND SPEED    22   HIGHEST WIND DIRECTION     E (80)
  HIGHEST GUST SPEED    32   HIGHEST GUST DIRECTION     E (80)
  AVERAGE WIND SPEED    10.4


SKY COVER
  POSSIBLE SUNSHINE  MM
  AVERAGE SKY COVER 0.0


WEATHER CONDITIONS
 THE FOLLOWING WEATHER WAS RECORDED YESTERDAY.
  NO SIGNIFICANT WEATHER WAS OBSERVED.


RELATIVE HUMIDITY (PERCENT)
 HIGHEST    55           800 PM
 LOWEST     32           100 PM
 AVERAGE    44

..........................................................


THE SANDBERG CA CLIMATE NORMALS FOR TODAY
                         NORMAL    RECORD    YEAR
 MAXIMUM TEMPERATURE (F)   49        66      2014
 MINIMUM TEMPERATURE (F)   37        17      1949


SUNRISE AND SUNSET
JANUARY 17 2017.......SUNRISE   701 AM PST   SUNSET   509 PM PST
JANUARY 18 2017.......SUNRISE   701 AM PST   SUNSET   510 PM PST


-  INDICATES NEGATIVE NUMBERS.
R  INDICATES RECORD WAS SET OR TIED.
MM INDICATES DATA IS MISSING.
T  INDICATES TRACE AMOUNT.




$$
