000
CDUS46 KLOX 230915
CLISDB


CLIMATE REPORT
NATIONAL WEATHER SERVICE LOS ANGELES/OXNARD CA
215 AM PDT THU MAR 23 2017


...................................

...THE SANDBERG CA CLIMATE SUMMARY FOR MARCH 22 2017...

CLIMATE NORMAL PERIOD 1981 TO 2010
CLIMATE RECORD PERIOD 1934 TO 2017


WEATHER ITEM   OBSERVED TIME   RECORD YEAR NORMAL DEPARTURE LAST
                VALUE   (LST)  VALUE       VALUE  FROM      YEAR
                                                  NORMAL
..................................................................
TEMPERATURE (F)
 YESTERDAY
  MAXIMUM         50    155 PM  78    2004  55     -5       48
  MINIMUM         39   1159 PM  22    1952  40     -1       37
  AVERAGE         45                        47     -2       43

PRECIPITATION (IN)
  YESTERDAY        0.15          0.73 1992   0.04   0.11     0.02
  MONTH TO DATE    0.19                      1.34  -1.15     1.16
  SINCE OCT 1     12.50                     10.62   1.88     6.16
  SINCE JAN 1      8.66                      6.99   1.67     4.46

DEGREE DAYS
 HEATING
  YESTERDAY       20                        18      2       22
  MONTH TO DATE  194                       413   -219      253
  SINCE MAR 1    194                       413   -219      253
  SINCE JUL 1   2451                      3172   -721     2513

 COOLING
  YESTERDAY        0                         0      0        0
  MONTH TO DATE   16                         0     16        1
  SINCE MAR 1     16                         0     16        1
  SINCE JAN 1     16                         0     16        1
..................................................................


WIND (MPH)
  HIGHEST WIND SPEED    33   HIGHEST WIND DIRECTION     N (340)
  HIGHEST GUST SPEED    43   HIGHEST GUST DIRECTION     N (340)
  AVERAGE WIND SPEED    11.5


SKY COVER
  POSSIBLE SUNSHINE  MM
  AVERAGE SKY COVER 0.9


WEATHER CONDITIONS
 THE FOLLOWING WEATHER WAS RECORDED YESTERDAY.
  RAIN
  LIGHT RAIN
  FOG
  FOG W/VISIBILITY <= 1/4 MILE
  HAZE


RELATIVE HUMIDITY (PERCENT)
 HIGHEST   100           100 AM
 LOWEST     66          1200 PM
 AVERAGE    83

..........................................................


THE SANDBERG CA CLIMATE NORMALS FOR TODAY
                         NORMAL    RECORD    YEAR
 MAXIMUM TEMPERATURE (F)   55        75      1990
 MINIMUM TEMPERATURE (F)   40        25      2009
                                             1964


SUNRISE AND SUNSET
MARCH 23 2017.........SUNRISE   654 AM PDT   SUNSET   709 PM PDT
MARCH 24 2017.........SUNRISE   653 AM PDT   SUNSET   710 PM PDT


-  INDICATES NEGATIVE NUMBERS.
R  INDICATES RECORD WAS SET OR TIED.
MM INDICATES DATA IS MISSING.
T  INDICATES TRACE AMOUNT.




$$
