000
CDUS46 KLOX 300908
CLISDB


CLIMATE REPORT
NATIONAL WEATHER SERVICE LOS ANGELES/OXNARD CA
208 AM PDT MON MAY 30 2016


...................................

...THE SANDBERG CA CLIMATE SUMMARY FOR MAY 29 2016...

CLIMATE NORMAL PERIOD 1981 TO 2010
CLIMATE RECORD PERIOD 1934 TO 2016


WEATHER ITEM   OBSERVED TIME   RECORD YEAR NORMAL DEPARTURE LAST
                VALUE   (LST)  VALUE       VALUE  FROM      YEAR
                                                  NORMAL
..................................................................
TEMPERATURE (F)
 YESTERDAY
  MAXIMUM         78    207 PM  92    1984  71      7       89
  MINIMUM         61    522 AM  34    1988  52      9       61
  AVERAGE         70                        62      8       75

PRECIPITATION (IN)
  YESTERDAY        T             0.04 1945   0.01  -0.01     0.00
  MONTH TO DATE    0.29                      0.40  -0.11     0.26
  SINCE OCT 1      6.93                     12.04  -5.11     7.28
  SINCE JAN 1      5.23                      8.41  -3.18     2.38

DEGREE DAYS
 HEATING
  YESTERDAY        0                         6     -6        0
  MONTH TO DATE  175                       242    -67      245
  SINCE MAR 1    784                      1258   -474      751
  SINCE JUL 1   3044                      4017   -973     2382

 COOLING
  YESTERDAY        5                         2      3       10
  MONTH TO DATE   40                        34      6       31
  SINCE MAR 1     59                        42     17       86
  SINCE JAN 1     59                        42     17       89
..................................................................


WIND (MPH)
  HIGHEST WIND SPEED    26   HIGHEST WIND DIRECTION     N (340)
  HIGHEST GUST SPEED    34   HIGHEST GUST DIRECTION     N (350)
  AVERAGE WIND SPEED    16.4


SKY COVER
  POSSIBLE SUNSHINE  MM
  AVERAGE SKY COVER 0.0


WEATHER CONDITIONS
 THE FOLLOWING WEATHER WAS RECORDED YESTERDAY.
  LIGHT RAIN


RELATIVE HUMIDITY (PERCENT)
 HIGHEST    46          1200 AM
 LOWEST     23          1100 AM
 AVERAGE    35

..........................................................


THE SANDBERG CA CLIMATE NORMALS FOR TODAY
                         NORMAL    RECORD    YEAR
 MAXIMUM TEMPERATURE (F)   72        92      2001
 MINIMUM TEMPERATURE (F)   52        33      1935


SUNRISE AND SUNSET
MAY 30 2016...........SUNRISE   543 AM PDT   SUNSET   802 PM PDT
MAY 31 2016...........SUNRISE   543 AM PDT   SUNSET   803 PM PDT


-  INDICATES NEGATIVE NUMBERS.
R  INDICATES RECORD WAS SET OR TIED.
MM INDICATES DATA IS MISSING.
T  INDICATES TRACE AMOUNT.




$$
