000
CDUS43 KLMK 300629
CLISDF


CLIMATE REPORT
NATIONAL WEATHER SERVICE LOUISVILLE KY
229 AM EDT TUE SEP 30 2014


...................................

...THE LOUISVILLE KY CLIMATE SUMMARY FOR SEPTEMBER 29 2014...

CLIMATE NORMAL PERIOD 1981 TO 2010
CLIMATE RECORD PERIOD 1871 TO 2014


WEATHER ITEM   OBSERVED TIME   RECORD YEAR NORMAL DEPARTURE LAST
                VALUE   (LST)  VALUE       VALUE  FROM      YEAR
                                                  NORMAL
..................................................................
TEMPERATURE (F)
 YESTERDAY
  MAXIMUM         86    335 PM  99    1953  76     10       68
  MINIMUM         65    655 AM  38    1967  55     10       60
  AVERAGE         76                        66     10       64

PRECIPITATION (IN)
  YESTERDAY        0.00          2.33 1955   0.11  -0.11     0.04
  MONTH TO DATE    3.31                      2.94   0.37     2.70
  SINCE SEP 1      3.31                      2.94   0.37     2.70
  SINCE JAN 1     34.48                     34.16   0.32    34.51

SNOWFALL (IN)
  YESTERDAY        0.0          MM      MM   0.0    0.0      0.0
  MONTH TO DATE    0.0                       0.0    0.0      0.0
  SINCE SEP 1      0.0                       0.0    0.0      0.0
  SINCE JUL 1      0.0                       0.0    0.0      0.0
  SNOW DEPTH       0

DEGREE DAYS
 HEATING
  YESTERDAY        0                         3     -3        1
  MONTH TO DATE   13                        26    -13        6
  SINCE SEP 1     13                        26    -13        6
  SINCE JUL 1     13                        26    -13        6

 COOLING
  YESTERDAY       11                         3      8        0
  MONTH TO DATE  196                       207    -11      229
  SINCE SEP 1    196                       207    -11      229
  SINCE JAN 1   1588                      1564     24     1569
..................................................................


WIND (MPH)
  HIGHEST WIND SPEED    13   HIGHEST WIND DIRECTION     W (270)
  HIGHEST GUST SPEED    17   HIGHEST GUST DIRECTION    NW (310)
  AVERAGE WIND SPEED     3.8


SKY COVER
  POSSIBLE SUNSHINE  MM
  AVERAGE SKY COVER 0.2


WEATHER CONDITIONS
 THE FOLLOWING WEATHER WAS RECORDED YESTERDAY.
  NO SIGNIFICANT WEATHER WAS OBSERVED.


RELATIVE HUMIDITY (PERCENT)
 HIGHEST    81           500 AM
 LOWEST     30           300 PM
 AVERAGE    56

..........................................................


THE LOUISVILLE KY CLIMATE NORMALS FOR TODAY
                         NORMAL    RECORD    YEAR
 MAXIMUM TEMPERATURE (F)   76        94      1953
 MINIMUM TEMPERATURE (F)   54        33      1949


SUNRISE AND SUNSET
SEPTEMBER 30 2014.....SUNRISE   738 AM EDT   SUNSET   727 PM EDT
OCTOBER  1 2014.......SUNRISE   739 AM EDT   SUNSET   726 PM EDT


-  INDICATES NEGATIVE NUMBERS.
R  INDICATES RECORD WAS SET OR TIED.
MM INDICATES DATA IS MISSING.
T  INDICATES TRACE AMOUNT.




$$
