000
CDUS43 KLMK 232030
CLISDF


CLIMATE REPORT
NATIONAL WEATHER SERVICE LOUISVILLE KY
429 PM EDT WED AUG 23 2017


...................................

...THE LOUISVILLE KY CLIMATE SUMMARY FOR AUGUST 23 2017...
VALID TODAY AS OF 0400 PM LOCAL TIME.

CLIMATE NORMAL PERIOD 1981 TO 2010
CLIMATE RECORD PERIOD 1871 TO 2017


WEATHER ITEM   OBSERVED TIME   RECORD YEAR NORMAL DEPARTURE LAST
                VALUE   (LST)  VALUE       VALUE  FROM      YEAR
                                                  NORMAL
..................................................................
TEMPERATURE (F)
 TODAY
  MAXIMUM         83    257 PM  99    2007  88     -5       85
  MINIMUM         66    643 AM  51    1950  68     -2       64
  AVERAGE         75                        78     -3       75

PRECIPITATION (IN)
  TODAY            0.00          2.59 1942   0.10  -0.10     0.00
  MONTH TO DATE    3.93                      2.61   1.32     5.68
  SINCE JUN 1      9.98                     10.63  -0.65    14.58
  SINCE JAN 1     29.14                     30.50  -1.36    33.64

SNOWFALL (IN)
  TODAY            0.0          MM      MM   0.0    0.0      0.0
  MONTH TO DATE    0.0                       0.0    0.0      0.0
  SINCE JUN 1      0.0                       0.0    0.0      0.0
  SINCE JUL 1      0.0                       0.0    0.0      0.0
  SNOW DEPTH       0

DEGREE DAYS
 HEATING
  TODAY            0                         0      0        0
  MONTH TO DATE    0                         0      0        0
  SINCE JUN 1      0                         5     -5        0
  SINCE JUL 1      0                         0      0        0

 COOLING
  TODAY           10                        13     -3       10
  MONTH TO DATE  303                       317    -14      360
  SINCE JUN 1   1130                      1084     46     1264
  SINCE JAN 1   1422                      1258    164     1457
..................................................................


WIND (MPH)
  HIGHEST WIND SPEED    14   HIGHEST WIND DIRECTION     N (360)
  HIGHEST GUST SPEED    21   HIGHEST GUST DIRECTION     N (340)
  AVERAGE WIND SPEED     7.2


SKY COVER
  POSSIBLE SUNSHINE  MM
  AVERAGE SKY COVER 0.5


WEATHER CONDITIONS
 THE FOLLOWING WEATHER WAS RECORDED TODAY.
  NO SIGNIFICANT WEATHER WAS OBSERVED.


RELATIVE HUMIDITY (PERCENT)
 HIGHEST    87          1200 AM
 LOWEST     37           300 PM
 AVERAGE    62

..........................................................


THE LOUISVILLE KY CLIMATE NORMALS FOR TOMORROW
                         NORMAL    RECORD    YEAR
 MAXIMUM TEMPERATURE (F)   88        99      2007
 MINIMUM TEMPERATURE (F)   68        51      1952


SUNRISE AND SUNSET
AUGUST 23 2017........SUNRISE   705 AM EDT   SUNSET   825 PM EDT
AUGUST 24 2017........SUNRISE   706 AM EDT   SUNSET   824 PM EDT


-  INDICATES NEGATIVE NUMBERS.
R  INDICATES RECORD WAS SET OR TIED.
MM INDICATES DATA IS MISSING.
T  INDICATES TRACE AMOUNT.




$$
