000
CDUS43 KLMK 240627
CLISDF


CLIMATE REPORT
NATIONAL WEATHER SERVICE LOUISVILLE KY
227 AM EDT FRI OCT 24 2014


...................................

...THE LOUISVILLE KY CLIMATE SUMMARY FOR OCTOBER 23 2014...

CLIMATE NORMAL PERIOD 1981 TO 2010
CLIMATE RECORD PERIOD 1871 TO 2014


WEATHER ITEM   OBSERVED TIME   RECORD YEAR NORMAL DEPARTURE LAST
                VALUE   (LST)  VALUE       VALUE  FROM      YEAR
                                                  NORMAL
..................................................................
TEMPERATURE (F)
 YESTERDAY
  MAXIMUM         64    427 PM  86    1920  68     -4       52
  MINIMUM         40    709 AM  28    1997  47     -7       39
                                      1952
  AVERAGE         52                        57     -5       46

PRECIPITATION (IN)
  YESTERDAY        0.00          3.86 2007   0.11  -0.11      T
  MONTH TO DATE    3.22                      2.41   0.81     7.86
  SINCE SEP 1      6.53                      5.46   1.07    10.56
  SINCE JAN 1     37.70                     36.68   1.02    42.37

SNOWFALL (IN)
  YESTERDAY        0.0           1.2  1937   0.0    0.0      0.0
  MONTH TO DATE    0.0                       0.1   -0.1      0.0
  SINCE SEP 1      0.0                       0.1   -0.1      0.0
  SINCE JUL 1      0.0                       0.1   -0.1      0.0
  SNOW DEPTH       0

DEGREE DAYS
 HEATING
  YESTERDAY       13                         8      5       19
  MONTH TO DATE  127                       134     -7      118
  SINCE SEP 1    140                       164    -24      124
  SINCE JUL 1    140                       164    -24      124

 COOLING
  YESTERDAY        0                         1     -1        0
  MONTH TO DATE   25                        38    -13       53
  SINCE SEP 1    228                       248    -20      288
  SINCE JAN 1   1620                      1605     15     1628
..................................................................


WIND (MPH)
  HIGHEST WIND SPEED    15   HIGHEST WIND DIRECTION    SW (210)
  HIGHEST GUST SPEED    27   HIGHEST GUST DIRECTION    SE (130)
  AVERAGE WIND SPEED     6.2


SKY COVER
  POSSIBLE SUNSHINE  MM
  AVERAGE SKY COVER 0.5


WEATHER CONDITIONS
 THE FOLLOWING WEATHER WAS RECORDED YESTERDAY.
  FOG
  HAZE


RELATIVE HUMIDITY (PERCENT)
 HIGHEST    92           700 AM
 LOWEST     44           400 PM
 AVERAGE    68

..........................................................


THE LOUISVILLE KY CLIMATE NORMALS FOR TODAY
                         NORMAL    RECORD    YEAR
 MAXIMUM TEMPERATURE (F)   67        82      2010
                                             2000
                                             1975
 MINIMUM TEMPERATURE (F)   47        24      1981


SUNRISE AND SUNSET
OCTOBER 24 2014.......SUNRISE   801 AM EDT   SUNSET   653 PM EDT
OCTOBER 25 2014.......SUNRISE   802 AM EDT   SUNSET   652 PM EDT


-  INDICATES NEGATIVE NUMBERS.
R  INDICATES RECORD WAS SET OR TIED.
MM INDICATES DATA IS MISSING.
T  INDICATES TRACE AMOUNT.




$$
