000
CDUS46 KSEW 060828
CLISEA


CLIMATE REPORT
NATIONAL WEATHER SERVICE SEATTLE WA
128 AM PDT MON JUL 6 2015


...................................

...THE SEATTLE-TACOMA WA AIRPORT CLIMATE SUMMARY FOR JULY 5 2015...

CLIMATE NORMAL PERIOD 1981 TO 2010
CLIMATE RECORD PERIOD 1945 TO 2015


WEATHER ITEM   OBSERVED TIME   RECORD YEAR NORMAL DEPARTURE LAST
                VALUE   (LST)  VALUE       VALUE  FROM      YEAR
                                                  NORMAL
..................................................................
TEMPERATURE (F)
 YESTERDAY
  MAXIMUM         91R   341 PM  91    1958  74     17       76
  MINIMUM         62    456 AM  47    1952  55      7       56
                                      1951
  AVERAGE         77                        64     13       66

PRECIPITATION (IN)
  YESTERDAY        0.00          0.64 1961   0.03  -0.03     0.00
  MONTH TO DATE    0.00                      0.15  -0.15     0.00
  SINCE OCT 1     32.62                     34.56  -1.94    34.30
  SINCE JAN 1     16.24                     19.16  -2.92    27.31

DEGREE DAYS
 HEATING
  YESTERDAY        0                         2     -2        0
  MONTH TO DATE    0                        12    -12        1
  SINCE JUN 1     29                       156   -127       95
  SINCE JUL 1      0                        12    -12        1

 COOLING
  YESTERDAY       12                         2     10        1
  MONTH TO DATE   62                         6     56       19
  SINCE JUN 1    180                        27    153       30
  SINCE JAN 1    187                        33    154       45
..................................................................


WIND (MPH)
  RESULTANT WIND SPEED   2   RESULTANT WIND DIRECTION  NW (330)
  HIGHEST WIND SPEED    13   HIGHEST WIND DIRECTION     N (350)
  HIGHEST GUST SPEED    17   HIGHEST GUST DIRECTION    NW (330)
  AVERAGE WIND SPEED     4.6


SKY COVER
  AVERAGE SKY COVER 0.4


WEATHER CONDITIONS
 THE FOLLOWING WEATHER WAS RECORDED YESTERDAY.
  NO SIGNIFICANT WEATHER WAS OBSERVED.


RELATIVE HUMIDITY (PERCENT)
 HIGHEST    65           500 AM
 LOWEST     23           300 PM
 AVERAGE    44

..........................................................


THE SEATTLE-TACOMA WA AIRPORT CLIMATE NORMALS FOR TODAY
                         NORMAL    RECORD    YEAR
 MAXIMUM TEMPERATURE (F)   74        94      1960
 MINIMUM TEMPERATURE (F)   55        45      1949


SUNRISE AND SUNSET
JULY  6 2015..........SUNRISE   520 AM PDT   SUNSET   908 PM PDT
JULY  7 2015..........SUNRISE   520 AM PDT   SUNSET   908 PM PDT


-  INDICATES NEGATIVE NUMBERS.
R  INDICATES RECORD WAS SET OR TIED.
MM INDICATES DATA IS MISSING.
T  INDICATES TRACE AMOUNT.




$$
