000
CDUS46 KSEW 270122
CLISEA


CLIMATE REPORT
NATIONAL WEATHER SERVICE SEATTLE WA
521 PM PST WED NOV 26 2014


...................................

...THE SEATTLE-TACOMA WA AIRPORT CLIMATE SUMMARY FOR NOVEMBER 26 2014...
VALID TODAY AS OF 0500 PM LOCAL TIME.

CLIMATE NORMAL PERIOD 1981 TO 2010
CLIMATE RECORD PERIOD 1945 TO 2014


WEATHER ITEM   OBSERVED TIME   RECORD YEAR NORMAL DEPARTURE LAST
                VALUE   (LST)  VALUE       VALUE  FROM      YEAR
                                                  NORMAL
..................................................................
TEMPERATURE (F)
 TODAY
  MAXIMUM         58    459 PM  61    1949  48     10       54
  MINIMUM         54    640 AM  25    1952  38     16       37
  AVERAGE         56                        43     13       46

PRECIPITATION (IN)
  TODAY            0.01          1.34 2009   0.22  -0.21      T
  MONTH TO DATE    3.22                      5.69  -2.47     3.68
  SINCE OCT 1      9.97                      9.17   0.80     5.22
  SINCE JAN 1     42.09                     31.26  10.83    30.79

SNOWFALL (IN)
  TODAY            0.0           2.2  1964                   0.0
  MONTH TO DATE    0.0                                       0.0
  SINCE OCT 1      0.0                                       0.0
  SINCE JUL 1      0.0                                       0.0
  SNOW DEPTH       0

DEGREE DAYS
 HEATING
  TODAY            9                        22    -13       19
  MONTH TO DATE  469                       497    -28      436
  SINCE SEP 1    723                      1009   -286      937
  SINCE JUL 1    746                      1094   -348      952

 COOLING
  TODAY            0                         0      0        0
  MONTH TO DATE    0                         0      0        0
  SINCE SEP 1     46                        21     25       55
  SINCE JAN 1    369                       189    180      385
..................................................................


WIND (MPH)
  RESULTANT WIND SPEED  10   RESULTANT WIND DIRECTION   S (200)
  HIGHEST WIND SPEED    20   HIGHEST WIND DIRECTION    SW (210)
  HIGHEST GUST SPEED    26   HIGHEST GUST DIRECTION     S (200)
  AVERAGE WIND SPEED    10.4


SKY COVER
  AVERAGE SKY COVER 0.9


WEATHER CONDITIONS
 THE FOLLOWING WEATHER WAS RECORDED TODAY.
  NO SIGNIFICANT WEATHER WAS OBSERVED.


RELATIVE HUMIDITY (PERCENT)
 HIGHEST    93          1200 AM
 LOWEST     80          1000 AM
 AVERAGE    87

..........................................................


THE SEATTLE-TACOMA WA AIRPORT CLIMATE NORMALS FOR TOMORROW
                         NORMAL    RECORD    YEAR
 MAXIMUM TEMPERATURE (F)   48        58      2013
 MINIMUM TEMPERATURE (F)   38        19      1985


SUNRISE AND SUNSET
NOVEMBER 26 2014......SUNRISE   730 AM PST   SUNSET   423 PM PST
NOVEMBER 27 2014......SUNRISE   731 AM PST   SUNSET   423 PM PST


-  INDICATES NEGATIVE NUMBERS.
R  INDICATES RECORD WAS SET OR TIED.
MM INDICATES DATA IS MISSING.
T  INDICATES TRACE AMOUNT.




$$
