000
CDUS46 KSEW 250828
CLISEW


CLIMATE REPORT
NATIONAL WEATHER SERVICE SEATTLE WA
128 AM PDT FRI APR 25 2014


...................................

...THE SEATTLE WA WFO CLIMATE SUMMARY FOR APRIL 24 2014...

CLIMATE NORMAL PERIOD 1981 TO 2010
CLIMATE RECORD PERIOD 1986 TO 2014


WEATHER ITEM   OBSERVED TIME   RECORD YEAR     LAST
                VALUE   (LST)  VALUE           YEAR
....................................................
TEMPERATURE (F)
 YESTERDAY
  MAXIMUM         58        MM  72    2001    69
  MINIMUM         46        MM  34    2009    40
  AVERAGE         52                          55

PRECIPITATION (IN)
  YESTERDAY        0.19          0.29 2003     0.00
  MONTH TO DATE    3.29                        4.28
  SINCE OCT 1     26.71                       36.27
  SINCE JAN 1     20.86                       14.30

SNOWFALL (IN)
  YESTERDAY        0.0                         0.0
  MONTH TO DATE    0.0                         0.0
  SINCE OCT 1      2.9                         0.0
  SINCE JUL 1      2.9                         0.0
  SNOW DEPTH       0

DEGREE DAYS
 HEATING
  YESTERDAY       13                          10
  MONTH TO DATE  311                         363
  SINCE MAR 1    835                         901
  SINCE JUL 1   4099                        3948

 COOLING
  YESTERDAY        0                           0
  MONTH TO DATE    0                           0
  SINCE MAR 1      0                           0
  SINCE JAN 1      0                           0
....................................................


WIND (MPH)
  HIGHEST WIND SPEED    MM   HIGHEST WIND DIRECTION    MM
  HIGHEST GUST SPEED    MM   HIGHEST GUST DIRECTION    MM
  AVERAGE WIND SPEED    MM



WEATHER CONDITIONS
 THE FOLLOWING WEATHER WAS RECORDED YESTERDAY.
  LIGHT RAIN
  FOG






-  INDICATES NEGATIVE NUMBERS.
R  INDICATES RECORD WAS SET OR TIED.
MM INDICATES DATA IS MISSING.
T  INDICATES TRACE AMOUNT.




$$
