000
CDUS46 KMTR 260827
CLISFD


CLIMATE REPORT
NATIONAL WEATHER SERVICE SAN FRANCISCO BAY AREA
127 AM PDT SUN MAR 26 2017


...................................

...THE SAN FRANCISCO DWTN CA CLIMATE SUMMARY FOR MARCH 25 2017...

CLIMATE NORMAL PERIOD 1981 TO 2010
CLIMATE RECORD PERIOD 1850 TO 2017


WEATHER ITEM   OBSERVED TIME   RECORD YEAR NORMAL DEPARTURE LAST
                VALUE   (LST)  VALUE       VALUE  FROM      YEAR
                                                  NORMAL
..................................................................
TEMPERATURE (F)
 YESTERDAY
  MAXIMUM         60    343 PM  83    1952  62     -2       65
  MINIMUM         51    743 AM  38    1907  49      2       51
  AVERAGE         56                        55      1       58

PRECIPITATION (IN)
  YESTERDAY        0.00          1.00 1884   0.09  -0.09     0.00
  MONTH TO DATE    3.84                      2.78   1.06     6.83
  SINCE OCT 1     29.89                     20.58   9.31    21.45
  SINCE JAN 1     20.86                     11.74   9.12    14.84

DEGREE DAYS
 HEATING
  YESTERDAY        9                        MM     MM        7
  MONTH TO DATE  198                        MM     MM      191
  SINCE MAR 1    198                        MM     MM      191
  SINCE JUL 1   2045                        MM     MM     1516

 COOLING
  YESTERDAY        0                        MM     MM        0
  MONTH TO DATE    1                         0      1        0
  SINCE MAR 1      1                         0      1        0
  SINCE JAN 1      1                         0      1        3
..................................................................







THE SAN FRANCISCO DWTN CA CLIMATE NORMALS FOR TODAY
                         NORMAL    RECORD    YEAR
 MAXIMUM TEMPERATURE (F)   62        82      1923
 MINIMUM TEMPERATURE (F)   49        40      1907


SUNRISE AND SUNSET
MARCH 26 2017.........SUNRISE   704 AM PDT   SUNSET   728 PM PDT
MARCH 27 2017.........SUNRISE   702 AM PDT   SUNSET   728 PM PDT


-  INDICATES NEGATIVE NUMBERS.
R  INDICATES RECORD WAS SET OR TIED.
MM INDICATES DATA IS MISSING.
T  INDICATES TRACE AMOUNT.




$$
