000
CDUS46 KMTR 020826
CLISFD


CLIMATE REPORT
NATIONAL WEATHER SERVICE SAN FRANCISCO BAY AREA
126 AM PDT THU OCT 2 2014


...................................

...THE SAN FRANCISCO DWTN CA CLIMATE SUMMARY FOR OCTOBER 1 2014...

CLIMATE NORMAL PERIOD 1981 TO 2010
CLIMATE RECORD PERIOD 1850 TO 2014


WEATHER ITEM   OBSERVED TIME   RECORD YEAR NORMAL DEPARTURE LAST
                VALUE   (LST)  VALUE       VALUE  FROM      YEAR
                                                  NORMAL
..................................................................
TEMPERATURE (F)
 YESTERDAY
  MAXIMUM         82    243 PM  97    1980  70     12       68
  MINIMUM         59    543 AM  49    1950  55      4       54
  AVERAGE         71                        63      8       61

PRECIPITATION (IN)
  YESTERDAY        0.00          1.31 1926   0.01  -0.01     0.00
  MONTH TO DATE    0.00                      0.01  -0.01     0.00
  SINCE JUL 1      0.64                      0.28   0.36     0.43
  SINCE JAN 1     11.10                     14.82  -3.72     3.94

DEGREE DAYS
 HEATING
  YESTERDAY        0                        MM     MM        4
  MONTH TO DATE    0                        MM     MM        4
  SINCE SEP 1     31                        MM     MM       57
  SINCE JUL 1    161                        MM     MM      327

 COOLING
  YESTERDAY        6                        MM     MM        0
  MONTH TO DATE    6                         0      6        0
  SINCE SEP 1     32                         0     32       16
  SINCE JAN 1     99                         0     99       44
..................................................................







THE SAN FRANCISCO DWTN CA CLIMATE NORMALS FOR TODAY
                         NORMAL    RECORD    YEAR
 MAXIMUM TEMPERATURE (F)   70        96      1980
 MINIMUM TEMPERATURE (F)   55        49      1902


SUNRISE AND SUNSET
OCTOBER  2 2014.......SUNRISE   706 AM PDT   SUNSET   651 PM PDT
OCTOBER  3 2014.......SUNRISE   707 AM PDT   SUNSET   650 PM PDT


-  INDICATES NEGATIVE NUMBERS.
R  INDICATES RECORD WAS SET OR TIED.
MM INDICATES DATA IS MISSING.
T  INDICATES TRACE AMOUNT.




$$
