000
CDUS46 KMTR 280833
CLISFD


CLIMATE REPORT
NATIONAL WEATHER SERVICE SAN FRANCISCO BAY AREA
132 AM PDT THU AUG 28 2014


...................................

...THE SAN FRANCISCO DWTN CA CLIMATE SUMMARY FOR AUGUST 27 2014...

CLIMATE NORMAL PERIOD 1981 TO 2010
CLIMATE RECORD PERIOD 1850 TO 2014


WEATHER ITEM   OBSERVED TIME   RECORD YEAR NORMAL DEPARTURE LAST
                VALUE   (LST)  VALUE       VALUE  FROM      YEAR
                                                  NORMAL
..................................................................
TEMPERATURE (F)
 YESTERDAY
  MAXIMUM         69    143 PM  95    1993  69      0       69
  MINIMUM         59   1143 PM  49    1955  55      4       55
  AVERAGE         64                        62      2       62

PRECIPITATION (IN)
  YESTERDAY        0.00          0.06 1954   0.00   0.00     0.00
  MONTH TO DATE    0.01                      0.05  -0.04     0.04
  SINCE JUL 1      0.09                      0.05   0.04     0.04
  SINCE JAN 1     10.55                     14.59  -4.04     3.55

DEGREE DAYS
 HEATING
  YESTERDAY        1                        MM     MM        3
  MONTH TO DATE   54                        MM     MM      104
  SINCE JUN 1    279                        MM     MM      403
  SINCE JUL 1    128                        MM     MM      264

 COOLING
  YESTERDAY        0                        MM     MM        0
  MONTH TO DATE    0                         0      0        0
  SINCE JUN 1     17                         0     17       12
  SINCE JAN 1     66                         0     66       25
..................................................................







THE SAN FRANCISCO DWTN CA CLIMATE NORMALS FOR TODAY
                         NORMAL    RECORD    YEAR
 MAXIMUM TEMPERATURE (F)   69        96      2009
 MINIMUM TEMPERATURE (F)   55        49      1955


SUNRISE AND SUNSET
AUGUST 28 2014........SUNRISE   636 AM PDT   SUNSET   745 PM PDT
AUGUST 29 2014........SUNRISE   637 AM PDT   SUNSET   743 PM PDT


-  INDICATES NEGATIVE NUMBERS.
R  INDICATES RECORD WAS SET OR TIED.
MM INDICATES DATA IS MISSING.
T  INDICATES TRACE AMOUNT.




$$
