000
CDUS46 KMTR 280838
CLISFD


CLIMATE REPORT
NATIONAL WEATHER SERVICE SAN FRANCISCO BAY AREA
138 AM PDT WED JUN 28 2017


...................................

...THE SAN FRANCISCO DWTN CA CLIMATE SUMMARY FOR JUNE 27 2017...

CLIMATE NORMAL PERIOD 1981 TO 2010
CLIMATE RECORD PERIOD 1850 TO 2017


WEATHER ITEM   OBSERVED TIME   RECORD YEAR NORMAL DEPARTURE LAST
                VALUE   (LST)  VALUE       VALUE  FROM      YEAR
                                                  NORMAL
..................................................................
TEMPERATURE (F)
 YESTERDAY
  MAXIMUM         63    343 PM  94    1976  67     -4       67
  MINIMUM         56   1143 PM  48    1893  53      3       51
  AVERAGE         60                        60      0       59

PRECIPITATION (IN)
  YESTERDAY        0.00          0.14 1952   0.01  -0.01     0.00
  MONTH TO DATE    0.10                      0.16  -0.06     0.00
  SINCE OCT 1     32.33                     23.38   8.95    23.06
  SINCE JAN 1     23.30                     14.54   8.76    16.45

DEGREE DAYS
 HEATING
  YESTERDAY        5                        MM     MM        6
  MONTH TO DATE  118                        MM     MM      116
  SINCE JUN 1    118                        MM     MM      116
  SINCE JUL 1   2631                        MM     MM     2051

 COOLING
  YESTERDAY        0                        MM     MM        0
  MONTH TO DATE   15                         0     15        5
  SINCE JUN 1     15                         0     15        5
  SINCE JAN 1     23                         0     23       31
..................................................................







THE SAN FRANCISCO DWTN CA CLIMATE NORMALS FOR TODAY
                         NORMAL    RECORD    YEAR
 MAXIMUM TEMPERATURE (F)   67        88      1942
 MINIMUM TEMPERATURE (F)   53        48      1917


SUNRISE AND SUNSET
JUNE 28 2017..........SUNRISE   550 AM PDT   SUNSET   836 PM PDT
JUNE 29 2017..........SUNRISE   551 AM PDT   SUNSET   836 PM PDT


-  INDICATES NEGATIVE NUMBERS.
R  INDICATES RECORD WAS SET OR TIED.
MM INDICATES DATA IS MISSING.
T  INDICATES TRACE AMOUNT.




$$
