000
CDUS46 KMTR 310028
CLISFD


CLIMATE REPORT
NATIONAL WEATHER SERVICE SAN FRANCISCO BAY AREA
527 PM PDT SAT JUL 30 2016


...................................

...THE SAN FRANCISCO DWTN CA CLIMATE SUMMARY FOR JULY 30 2016...
VALID TODAY AS OF 0500 PM LOCAL TIME.

CLIMATE NORMAL PERIOD 1981 TO 2010
CLIMATE RECORD PERIOD 1850 TO 2016


WEATHER ITEM   OBSERVED TIME   RECORD YEAR NORMAL DEPARTURE LAST
                VALUE   (LST)  VALUE       VALUE  FROM      YEAR
                                                  NORMAL
..................................................................
TEMPERATURE (F)
 TODAY
  MAXIMUM         63    243 PM  99    1995  67     -4       68
  MINIMUM         54    543 AM  48    1893  55     -1       60
  AVERAGE         59                        61     -2       64

PRECIPITATION (IN)
  TODAY            0.00          0.03 1949   0.00   0.00     0.00
  MONTH TO DATE    0.02                      0.00   0.02     0.09
  SINCE OCT 1     23.08                     23.38  -0.30    17.64
  SINCE JAN 1     16.47                     14.54   1.93     3.19

DEGREE DAYS
 HEATING
  TODAY            6                        MM     MM        1
  MONTH TO DATE  163                        MM     MM       42
  SINCE JUN 1    303                        MM     MM      178
  SINCE JUL 1    163                        MM     MM       42

 COOLING
  TODAY            0                        MM     MM        0
  MONTH TO DATE    0                         0      0       19
  SINCE JUN 1      5                         0      5       21
  SINCE JAN 1     31                         0     31       35
..................................................................







THE SAN FRANCISCO DWTN CA CLIMATE NORMALS FOR TOMORROW
                         NORMAL    RECORD    YEAR
 MAXIMUM TEMPERATURE (F)   67        99      1993
 MINIMUM TEMPERATURE (F)   55        47      1893


SUNRISE AND SUNSET
JULY 30 2016..........SUNRISE   612 AM PDT   SUNSET   820 PM PDT
JULY 31 2016..........SUNRISE   613 AM PDT   SUNSET   819 PM PDT


-  INDICATES NEGATIVE NUMBERS.
R  INDICATES RECORD WAS SET OR TIED.
MM INDICATES DATA IS MISSING.
T  INDICATES TRACE AMOUNT.




$$
