000
CDUS46 KMTR 270042
CLISFD


CLIMATE REPORT
NATIONAL WEATHER SERVICE SAN FRANCISCO BAY AREA
542 PM PDT MON SEP 26 2016


...................................

...THE SAN FRANCISCO DWTN CA CLIMATE SUMMARY FOR SEPTEMBER 26 2016...
VALID TODAY AS OF 0500 PM LOCAL TIME.

CLIMATE NORMAL PERIOD 1981 TO 2010
CLIMATE RECORD PERIOD 1850 TO 2016


WEATHER ITEM   OBSERVED TIME   RECORD YEAR NORMAL DEPARTURE LAST
                VALUE   (LST)  VALUE       VALUE  FROM      YEAR
                                                  NORMAL
..................................................................
TEMPERATURE (F)
 TODAY
  MAXIMUM         91   1243 PM  94    1992  70     21       65
  MINIMUM         65    643 AM  48    1955  55     10       57
  AVERAGE         78                        63     15       61

PRECIPITATION (IN)
  TODAY            0.00          0.40 1972   0.01  -0.01     0.00
  MONTH TO DATE    0.00                      0.16  -0.16     0.04
  SINCE OCT 1     23.10                     23.60  -0.50    17.70
  SINCE JAN 1     16.49                     14.76   1.73     3.25

DEGREE DAYS
 HEATING
  TODAY            0                        MM     MM        4
  MONTH TO DATE   94                        MM     MM       33
  SINCE SEP 1     94                        MM     MM       33
  SINCE JUL 1    402                        MM     MM       92

 COOLING
  TODAY           13                        MM     MM        0
  MONTH TO DATE   44                         0     44       85
  SINCE SEP 1     44                         0     44       85
  SINCE JAN 1     75                         0     75      176
..................................................................







THE SAN FRANCISCO DWTN CA CLIMATE NORMALS FOR TOMORROW
                         NORMAL    RECORD    YEAR
 MAXIMUM TEMPERATURE (F)   70        93      2010
 MINIMUM TEMPERATURE (F)   55        48      1926


SUNRISE AND SUNSET
SEPTEMBER 26 2016.....SUNRISE   701 AM PDT   SUNSET   659 PM PDT
SEPTEMBER 27 2016.....SUNRISE   702 AM PDT   SUNSET   658 PM PDT


-  INDICATES NEGATIVE NUMBERS.
R  INDICATES RECORD WAS SET OR TIED.
MM INDICATES DATA IS MISSING.
T  INDICATES TRACE AMOUNT.




$$
