000
CDUS46 KMTR 010043
CLISFD


CLIMATE REPORT
NATIONAL WEATHER SERVICE SAN FRANCISCO BAY AREA
543 PM PDT TUE JUN 30 2015


...................................

...THE SAN FRANCISCO DWTN CA CLIMATE SUMMARY FOR JUNE 30 2015...
VALID TODAY AS OF 0500 PM LOCAL TIME.

CLIMATE NORMAL PERIOD 1981 TO 2010
CLIMATE RECORD PERIOD 1850 TO 2015


WEATHER ITEM   OBSERVED TIME   RECORD YEAR NORMAL DEPARTURE LAST
                VALUE   (LST)  VALUE       VALUE  FROM      YEAR
                                                  NORMAL
..................................................................
TEMPERATURE (F)
 TODAY
  MAXIMUM         75    243 PM  93    1927  67      8       73
  MINIMUM         56    343 AM  47    1908  54      2       56
  AVERAGE         66                        60      6       65

PRECIPITATION (IN)
  TODAY            0.00          0.02 1989   0.00   0.00     0.00
  MONTH TO DATE    0.12                      0.16  -0.04     0.01
  SINCE OCT 1     17.55                     23.38  -5.83    12.11
  SINCE JAN 1      3.10                     14.54 -11.44    10.46

DEGREE DAYS
 HEATING
  TODAY            0                        MM     MM        0
  MONTH TO DATE  112                        MM     MM      151
  SINCE JUN 1    112                        MM     MM      151
  SINCE JUL 1   1861                      2908  -1047     2404

 COOLING
  TODAY            1                        MM     MM        0
  MONTH TO DATE    2                        12    -10        1
  SINCE JUN 1      2                        12    -10        1
  SINCE JAN 1     16                        29    -13       50
..................................................................







THE SAN FRANCISCO DWTN CA CLIMATE NORMALS FOR TOMORROW
                         NORMAL    RECORD    YEAR
 MAXIMUM TEMPERATURE (F)   67        99      1985
 MINIMUM TEMPERATURE (F)   54        48      1908


SUNRISE AND SUNSET
JUNE 30 2015..........SUNRISE   551 AM PDT   SUNSET   836 PM PDT
JULY  1 2015..........SUNRISE   551 AM PDT   SUNSET   836 PM PDT


-  INDICATES NEGATIVE NUMBERS.
R  INDICATES RECORD WAS SET OR TIED.
MM INDICATES DATA IS MISSING.
T  INDICATES TRACE AMOUNT.




$$
