000
CDUS46 KMTR 240838
CLISFD


CLIMATE REPORT
NATIONAL WEATHER SERVICE SAN FRANCISCO BAY AREA
138 AM PDT MON APR 24 2017


...................................

...THE SAN FRANCISCO DWTN CA CLIMATE SUMMARY FOR APRIL 23 2017...

CLIMATE NORMAL PERIOD 1981 TO 2010
CLIMATE RECORD PERIOD 1850 TO 2017


WEATHER ITEM   OBSERVED TIME   RECORD YEAR NORMAL DEPARTURE LAST
                VALUE   (LST)  VALUE       VALUE  FROM      YEAR
                                                  NORMAL
..................................................................
TEMPERATURE (F)
 YESTERDAY
  MAXIMUM         60   1243 PM  87    1910  64     -4       62
  MINIMUM         52   1043 PM  43    1899  50      2       52
  AVERAGE         56                        57     -1       57

PRECIPITATION (IN)
  YESTERDAY        0.00          1.07 1983   0.04  -0.04     0.00
  MONTH TO DATE    2.22                      1.21   1.01     1.33
  SINCE OCT 1     32.20                     22.27   9.93    22.78
  SINCE JAN 1     23.17                     13.43   9.74    16.17

DEGREE DAYS
 HEATING
  YESTERDAY        9                        MM     MM        8
  MONTH TO DATE  171                        MM     MM      119
  SINCE MAR 1    410                        MM     MM      366
  SINCE JUL 1   2257                        MM     MM     1691

 COOLING
  YESTERDAY        0                        MM     MM        0
  MONTH TO DATE    0                         0      0       19
  SINCE MAR 1      1                         0      1       19
  SINCE JAN 1      1                         0      1       22
..................................................................







THE SAN FRANCISCO DWTN CA CLIMATE NORMALS FOR TODAY
                         NORMAL    RECORD    YEAR
 MAXIMUM TEMPERATURE (F)   64        85      1913
 MINIMUM TEMPERATURE (F)   50        40      2009


SUNRISE AND SUNSET
APRIL 24 2017.........SUNRISE   622 AM PDT   SUNSET   754 PM PDT
APRIL 25 2017.........SUNRISE   621 AM PDT   SUNSET   755 PM PDT


-  INDICATES NEGATIVE NUMBERS.
R  INDICATES RECORD WAS SET OR TIED.
MM INDICATES DATA IS MISSING.
T  INDICATES TRACE AMOUNT.




$$
