000
CDUS46 KMTR 230829
CLISFD


CLIMATE REPORT
NATIONAL WEATHER SERVICE SAN FRANCISCO BAY AREA
1229 AM PST SUN NOV 23 2014


...................................

...THE SAN FRANCISCO DWTN CA CLIMATE SUMMARY FOR NOVEMBER 22 2014...

CLIMATE NORMAL PERIOD 1981 TO 2010
CLIMATE RECORD PERIOD 1850 TO 2014


WEATHER ITEM   OBSERVED TIME   RECORD YEAR NORMAL DEPARTURE LAST
                VALUE   (LST)  VALUE       VALUE  FROM      YEAR
                                                  NORMAL
..................................................................
TEMPERATURE (F)
 YESTERDAY
  MAXIMUM         64    343 PM  76    1959  61      3       70
  MINIMUM         56   1143 PM  42    1931  49      7       56
  AVERAGE         60                        55      5       63

PRECIPITATION (IN)
  YESTERDAY        0.31          1.12 1865   0.12   0.19     0.00
  MONTH TO DATE    1.36                      2.17  -0.81     1.26
  SINCE JUL 1      2.46                      3.56  -1.10     1.69
  SINCE JAN 1     12.92                     18.10  -5.18     5.20

DEGREE DAYS
 HEATING
  YESTERDAY        5                        MM     MM        2
  MONTH TO DATE  101                        MM     MM      149
  SINCE SEP 1    188                        MM     MM      382
  SINCE JUL 1    318                        MM     MM      652

 COOLING
  YESTERDAY        0                        MM     MM        0
  MONTH TO DATE    2                         0      2        0
  SINCE SEP 1     96                         0     96       43
  SINCE JAN 1    163                         0    163       71
..................................................................







THE SAN FRANCISCO DWTN CA CLIMATE NORMALS FOR TODAY
                         NORMAL    RECORD    YEAR
 MAXIMUM TEMPERATURE (F)   61        75      1933
 MINIMUM TEMPERATURE (F)   49        39      1931


SUNRISE AND SUNSET
NOVEMBER 23 2014......SUNRISE   658 AM PST   SUNSET   454 PM PST
NOVEMBER 24 2014......SUNRISE   659 AM PST   SUNSET   453 PM PST


-  INDICATES NEGATIVE NUMBERS.
R  INDICATES RECORD WAS SET OR TIED.
MM INDICATES DATA IS MISSING.
T  INDICATES TRACE AMOUNT.




$$
