000
CDUS46 KOTX 140843
CLISFF


CLIMATE REPORT
NATIONAL WEATHER SERVICE SPOKANE, WA
142 AM PDT MON JUL 14 2014


...................................

...THE SPOKANE WA FELTS AIRPORT CLIMATE SUMMARY FOR JULY 13 2014...

CLIMATE NORMAL PERIOD 1981 TO 2010
CLIMATE RECORD PERIOD 9999 TO 9999


WEATHER ITEM   OBSERVED TIME   RECORD YEAR NORMAL DEPARTURE LAST
                VALUE   (LST)  VALUE       VALUE  FROM      YEAR
                                                  NORMAL
..................................................................
TEMPERATURE (F)
 YESTERDAY
  MAXIMUM         99    327 PM  MM      MM  85     14       80
  MINIMUM         61    446 AM  MM      MM  54      7       55
  AVERAGE         80                        70     10       68

PRECIPITATION (IN)
  YESTERDAY        0.00         MM      MM   0.03  -0.03     0.00
  MONTH TO DATE    0.00                      0.48  -0.48      T
  SINCE OCT 1     12.48                     15.90  -3.42    14.60
  SINCE JAN 1     10.20                      9.70   0.50     7.96

SNOWFALL (IN)
  YESTERDAY       MM            MM      MM  MM     MM       MM
  MONTH TO DATE   MM                        MM     MM       MM
  SINCE JUN 1     MM                        MM     MM       MM
  SINCE JUL 1     MM                        MM     MM       MM
  SNOW DEPTH      MM

DEGREE DAYS
 HEATING
  YESTERDAY        0                         1     -1        0
  MONTH TO DATE    0                        16    -16        0
  SINCE JUN 1     79                       134    -55      105
  SINCE JUL 1      0                        16    -16        0

 COOLING
  YESTERDAY       15                         5     10        3
  MONTH TO DATE  145                        56     89      107
  SINCE JUN 1    160                        96     64      164
  SINCE JAN 1    165                       103     62      190
..................................................................


WIND (MPH)
  HIGHEST WIND SPEED     9   HIGHEST WIND DIRECTION     N (350)
  HIGHEST GUST SPEED    13   HIGHEST GUST DIRECTION     N (10)
  AVERAGE WIND SPEED     2.3


SKY COVER
  POSSIBLE SUNSHINE  MM
  AVERAGE SKY COVER 0.0


WEATHER CONDITIONS
 THE FOLLOWING WEATHER WAS RECORDED YESTERDAY.
  NO SIGNIFICANT WEATHER WAS OBSERVED.


RELATIVE HUMIDITY (PERCENT)
 HIGHEST    72           200 AM
 LOWEST     13           600 PM
 AVERAGE    43

..........................................................


THE SPOKANE WA FELTS AIRPORT CLIMATE NORMALS FOR TODAY
                         NORMAL    RECORD    YEAR
 MAXIMUM TEMPERATURE (F)   86        MM        MM
 MINIMUM TEMPERATURE (F)   54        MM        MM


SUNRISE AND SUNSET
JULY 14 2014..........SUNRISE   506 AM PDT   SUNSET   844 PM PDT
JULY 15 2014..........SUNRISE   507 AM PDT   SUNSET   843 PM PDT


-  INDICATES NEGATIVE NUMBERS.
R  INDICATES RECORD WAS SET OR TIED.
MM INDICATES DATA IS MISSING.
T  INDICATES TRACE AMOUNT.




$$
