000
CDUS46 KOTX 270838
CLISFF


CLIMATE REPORT
NATIONAL WEATHER SERVICE SPOKANE, WA
133 AM PDT THU APR 27 2017


...................................

...THE SPOKANE WA FELTS AIRPORT CLIMATE SUMMARY FOR APRIL 26 2017...

CLIMATE NORMAL PERIOD 1981 TO 2010
CLIMATE RECORD PERIOD 9999 TO 9999


WEATHER ITEM   OBSERVED TIME   RECORD YEAR NORMAL DEPARTURE LAST
                VALUE   (LST)  VALUE       VALUE  FROM      YEAR
                                                  NORMAL
..................................................................
TEMPERATURE (F)
 YESTERDAY
  MAXIMUM         58   1250 PM  MM      MM  62     -4       66
  MINIMUM         41   1138 PM  MM      MM  37      4       43
  AVERAGE         50                        49      1       55

PRECIPITATION (IN)
  YESTERDAY        0.15         MM      MM   0.04   0.11     0.00
  MONTH TO DATE    1.80                      1.09   0.71     0.44
  SINCE OCT 1     19.51                     12.19   7.32    12.32
  SINCE JAN 1     10.42                      5.99   4.43     6.78

DEGREE DAYS
 HEATING
  YESTERDAY       15                        16     -1       10
  MONTH TO DATE  454                       473    -19      250
  SINCE MAR 1   1137                      1223    -86      893
  SINCE JUL 1   5733                      5794    -61     4798

 COOLING
  YESTERDAY        0                         0      0        0
  MONTH TO DATE    0                         0      0        5
  SINCE MAR 1      0                         0      0        5
  SINCE JAN 1      0                         0      0        5
..................................................................


WIND (MPH)
  HIGHEST WIND SPEED    23   HIGHEST WIND DIRECTION    SW (230)
  HIGHEST GUST SPEED    32   HIGHEST GUST DIRECTION    SW (230)
  AVERAGE WIND SPEED     9.1


SKY COVER
  POSSIBLE SUNSHINE  MM
  AVERAGE SKY COVER 0.9


WEATHER CONDITIONS
 THE FOLLOWING WEATHER WAS RECORDED YESTERDAY.
  THUNDERSTORM
  HEAVY RAIN
  LIGHT RAIN


RELATIVE HUMIDITY (PERCENT)
 HIGHEST   100           500 AM
 LOWEST     38           200 PM
 AVERAGE    69

..........................................................


THE SPOKANE WA FELTS AIRPORT CLIMATE NORMALS FOR TODAY
                         NORMAL    RECORD    YEAR
 MAXIMUM TEMPERATURE (F)   62        MM        MM
 MINIMUM TEMPERATURE (F)   37        MM        MM


SUNRISE AND SUNSET
APRIL 27 2017.........SUNRISE   538 AM PDT   SUNSET   757 PM PDT
APRIL 28 2017.........SUNRISE   536 AM PDT   SUNSET   758 PM PDT


-  INDICATES NEGATIVE NUMBERS.
R  INDICATES RECORD WAS SET OR TIED.
MM INDICATES DATA IS MISSING.
T  INDICATES TRACE AMOUNT.




$$
