000
CDUS46 KOTX 290831
CLISFF


CLIMATE REPORT
NATIONAL WEATHER SERVICE SPOKANE, WA
131 AM PDT SUN MAY 29 2016


...................................

...THE SPOKANE WA FELTS AIRPORT CLIMATE SUMMARY FOR MAY 28 2016...

CLIMATE NORMAL PERIOD 1981 TO 2010
CLIMATE RECORD PERIOD 9999 TO 9999


WEATHER ITEM   OBSERVED TIME   RECORD YEAR NORMAL DEPARTURE LAST
                VALUE   (LST)  VALUE       VALUE  FROM      YEAR
                                                  NORMAL
..................................................................
TEMPERATURE (F)
 YESTERDAY
  MAXIMUM         66    441 PM  MM      MM  70     -4       82
  MINIMUM         44    131 AM  MM      MM  46     -2       54
  AVERAGE         55                        58     -3       68

PRECIPITATION (IN)
  YESTERDAY        0.00         MM      MM   0.07  -0.07     0.35
  MONTH TO DATE    1.64                      1.53   0.11     1.23
  SINCE OCT 1     14.17                     13.87   0.30    12.38
  SINCE JAN 1      8.63                      7.67   0.96     7.65

SNOWFALL (IN)
  YESTERDAY       MM

DEGREE DAYS
 HEATING
  YESTERDAY       10                         7      3        0
  MONTH TO DATE  151                       299   -148      144
  SINCE MAR 1   1082                      1583   -501     1215
  SINCE JUL 1   4987                      6154  -1167     5033

 COOLING
  YESTERDAY        0                         0      0        3
  MONTH TO DATE   10                         0     10       19
  SINCE MAR 1     15                         0     15       19
  SINCE JAN 1     15                         0     15       19
..................................................................


WIND (MPH)
  HIGHEST WIND SPEED    17   HIGHEST WIND DIRECTION     S (200)
  HIGHEST GUST SPEED    22   HIGHEST GUST DIRECTION     S (160)
  AVERAGE WIND SPEED     7.0


SKY COVER
  POSSIBLE SUNSHINE  MM
  AVERAGE SKY COVER 0.3


WEATHER CONDITIONS
 THE FOLLOWING WEATHER WAS RECORDED YESTERDAY.
  NO SIGNIFICANT WEATHER WAS OBSERVED.


RELATIVE HUMIDITY (PERCENT)
 HIGHEST    68           900 PM
 LOWEST     34           200 PM
 AVERAGE    51

..........................................................


THE SPOKANE WA FELTS AIRPORT CLIMATE NORMALS FOR TODAY
                         NORMAL    RECORD    YEAR
 MAXIMUM TEMPERATURE (F)   70        MM        MM
 MINIMUM TEMPERATURE (F)   46        MM        MM


SUNRISE AND SUNSET
MAY 29 2016...........SUNRISE   457 AM PDT   SUNSET   837 PM PDT
MAY 30 2016...........SUNRISE   456 AM PDT   SUNSET   838 PM PDT


-  INDICATES NEGATIVE NUMBERS.
R  INDICATES RECORD WAS SET OR TIED.
MM INDICATES DATA IS MISSING.
T  INDICATES TRACE AMOUNT.




$$
