000
CDUS46 KOTX 310827
CLISFF


CLIMATE REPORT
NATIONAL WEATHER SERVICE SPOKANE, WA
122 AM PDT SUN AUG 31 2014


...................................

...THE SPOKANE WA FELTS AIRPORT CLIMATE SUMMARY FOR AUGUST 30 2014...

CLIMATE NORMAL PERIOD 1981 TO 2010
CLIMATE RECORD PERIOD 9999 TO 9999


WEATHER ITEM   OBSERVED TIME   RECORD YEAR NORMAL DEPARTURE LAST
                VALUE   (LST)  VALUE       VALUE  FROM      YEAR
                                                  NORMAL
..................................................................
TEMPERATURE (F)
 YESTERDAY
  MAXIMUM         76    248 PM   MM    MM   81     -5       83
  MINIMUM         57    635 AM   MM    MM   52      5       57
  AVERAGE         67                        66      1       70

PRECIPITATION (IN)
  YESTERDAY        0.00          MM    MM   0.03  -0.03     0.01
  MONTH TO DATE    0.48                     0.67  -0.19     1.72
  SINCE OCT 1     13.40                    16.91  -3.51    16.32
  SINCE JAN 1     11.12                    10.71   0.41     9.68

SNOWFALL (IN)
  YESTERDAY       MM             MM    MM    MM     MM       MM
  MONTH TO DATE   MM                         MM     MM       MM
  SINCE JUN 1     MM                         MM     MM       MM
  SINCE JUL 1     MM                         MM     MM       MM
  SNOW DEPTH      MM

DEGREE DAYS
 HEATING
  YESTERDAY        0                         2     -2        0
  MONTH TO DATE    0                        20    -20        5
  SINCE JUN 1     83                       159    -76      110
  SINCE JUL 1      4                        41    -37        5

 COOLING
  YESTERDAY        2                         3     -1        5
  MONTH TO DATE  241                       155     86      234
  SINCE JUN 1    600                       366    234      573
  SINCE JAN 1    605                       373    232      599
..................................................................


WIND (MPH)
  HIGHEST WIND SPEED    21   HIGHEST WIND DIRECTION    SW (230)
  HIGHEST GUST SPEED    26   HIGHEST GUST DIRECTION    SW (240)
  AVERAGE WIND SPEED     8.5


SKY COVER
  POSSIBLE SUNSHINE  MM
  AVERAGE SKY COVER 0.4


WEATHER CONDITIONS
 THE FOLLOWING WEATHER WAS RECORDED YESTERDAY.
  NO SIGNIFICANT WEATHER WAS OBSERVED.


RELATIVE HUMIDITY (PERCENT)
 HIGHEST    78          1100 PM
 LOWEST     25           300 PM
 AVERAGE    52

..........................................................


THE SPOKANE WA FELTS AIRPORT CLIMATE NORMALS FOR TODAY
                         NORMAL    RECORD    YEAR
 MAXIMUM TEMPERATURE (F)   80        MM        MM
 MINIMUM TEMPERATURE (F)   51        MM        MM


SUNRISE AND SUNSET
AUGUST 31 2014........SUNRISE   607 AM PDT   SUNSET   732 PM PDT
SEPTEMBER  1 2014.....SUNRISE   608 AM PDT   SUNSET   730 PM PDT


-  INDICATES NEGATIVE NUMBERS.
R  INDICATES RECORD WAS SET OR TIED.
MM INDICATES DATA IS MISSING.
T  INDICATES TRACE AMOUNT.

$$
