000
CDUS46 KOTX 240822
CLISFF


CLIMATE REPORT
NATIONAL WEATHER SERVICE SPOKANE, WA
121 AM PDT SUN JUL 24 2016


...................................

...THE SPOKANE WA FELTS AIRPORT CLIMATE SUMMARY FOR JULY 23 2016...

CLIMATE NORMAL PERIOD 1981 TO 2010
CLIMATE RECORD PERIOD 9999 TO 9999


WEATHER ITEM   OBSERVED TIME   RECORD YEAR NORMAL DEPARTURE LAST
                VALUE   (LST)  VALUE       VALUE  FROM      YEAR
                                                  NORMAL
..................................................................
TEMPERATURE (F)
 YESTERDAY
  MAXIMUM         80    512 PM  MM      MM  87     -7       85
  MINIMUM         53    143 AM  MM      MM  55     -2       54
  AVERAGE         67                        71     -4       70

PRECIPITATION (IN)
  YESTERDAY        0.00         MM      MM   0.02  -0.02     0.00
  MONTH TO DATE    1.27                      0.70   0.57     0.39
  SINCE OCT 1     16.24                     16.12   0.12    13.10
  SINCE JAN 1     10.70                      9.92   0.78     8.37

SNOWFALL (IN)
  YESTERDAY       MM

DEGREE DAYS
 HEATING
  YESTERDAY        0                         0      0        0
  MONTH TO DATE   11                        18     -7        0
  SINCE JUN 1     96                       136    -40       15
  SINCE JUL 1     11                        18     -7        0

 COOLING
  YESTERDAY        2                         7     -5        5
  MONTH TO DATE   68                       116    -48      262
  SINCE JUN 1    171                       156     15      486
  SINCE JAN 1    186                       163     23      524
..................................................................


WIND (MPH)
  HIGHEST WIND SPEED    14   HIGHEST WIND DIRECTION    SW (220)
  HIGHEST GUST SPEED    16   HIGHEST GUST DIRECTION    SW (220)
  AVERAGE WIND SPEED     4.6


SKY COVER
  POSSIBLE SUNSHINE  MM
  AVERAGE SKY COVER 0.1


WEATHER CONDITIONS
 THE FOLLOWING WEATHER WAS RECORDED YESTERDAY.
  FOG


RELATIVE HUMIDITY (PERCENT)
 HIGHEST   100           200 AM
 LOWEST     28           400 PM
 AVERAGE    64

..........................................................


THE SPOKANE WA FELTS AIRPORT CLIMATE NORMALS FOR TODAY
                         NORMAL    RECORD    YEAR
 MAXIMUM TEMPERATURE (F)   88        MM        MM
 MINIMUM TEMPERATURE (F)   55        MM        MM


SUNRISE AND SUNSET
JULY 24 2016..........SUNRISE   517 AM PDT   SUNSET   833 PM PDT
JULY 25 2016..........SUNRISE   519 AM PDT   SUNSET   832 PM PDT


-  INDICATES NEGATIVE NUMBERS.
R  INDICATES RECORD WAS SET OR TIED.
MM INDICATES DATA IS MISSING.
T  INDICATES TRACE AMOUNT.




$$
