159
CDUS46 KOTX 181006
CLISFF


CLIMATE REPORT
NATIONAL WEATHER SERVICE SPOKANE, WA
305 AM PDT WED OCT 18 2017


...................................

...THE SPOKANE WA FELTS AIRPORT CLIMATE SUMMARY FOR OCTOBER 17 2017...

CLIMATE NORMAL PERIOD 1981 TO 2010
CLIMATE RECORD PERIOD 9999 TO 9999


WEATHER ITEM   OBSERVED TIME   RECORD YEAR NORMAL DEPARTURE LAST
                VALUE   (LST)  VALUE       VALUE  FROM      YEAR
                                                  NORMAL
..................................................................
TEMPERATURE (F)
 YESTERDAY
  MAXIMUM         67    230 PM  MM      MM  59      8       54
  MINIMUM         36    512 AM  MM      MM  36      0       46
  AVERAGE         52                        48      4       50

PRECIPITATION (IN)
  YESTERDAY        0.00         MM      MM   0.04  -0.04     0.18
  MONTH TO DATE    0.54                      0.63  -0.09     3.08
  SINCE OCT 1      0.54                      0.63  -0.09     3.08
  SINCE JAN 1     14.77                     12.21   2.56    14.25

SNOWFALL (IN)
  YESTERDAY       MM

DEGREE DAYS
 HEATING
  YESTERDAY       13                        18     -5       15
  MONTH TO DATE  272                       241     31      235
  SINCE SEP 1    425                       406     19      363
  SINCE JUL 1    425                       452    -27      379

 COOLING
  YESTERDAY        0                         0      0        0
  MONTH TO DATE    0                         0      0        0
  SINCE SEP 1     81                        30     51        9
  SINCE JAN 1    753                       406    347      480
..................................................................


WIND (MPH)
  HIGHEST WIND SPEED    36   HIGHEST WIND DIRECTION    SW (240)
  HIGHEST GUST SPEED    47   HIGHEST GUST DIRECTION    SW (240)
  AVERAGE WIND SPEED    10.4


SKY COVER
  POSSIBLE SUNSHINE  MM
  AVERAGE SKY COVER 0.1


WEATHER CONDITIONS
 THE FOLLOWING WEATHER WAS RECORDED YESTERDAY.
  NO SIGNIFICANT WEATHER WAS OBSERVED.


RELATIVE HUMIDITY (PERCENT)
 HIGHEST    92           600 AM
 LOWEST     25           400 PM
 AVERAGE    59

..........................................................


THE SPOKANE WA FELTS AIRPORT CLIMATE NORMALS FOR TODAY
                         NORMAL    RECORD    YEAR
 MAXIMUM TEMPERATURE (F)   58        MM        MM
 MINIMUM TEMPERATURE (F)   36        MM        MM


SUNRISE AND SUNSET
OCTOBER 18 2017.......SUNRISE   713 AM PDT   SUNSET   555 PM PDT
OCTOBER 19 2017.......SUNRISE   715 AM PDT   SUNSET   553 PM PDT


-  INDICATES NEGATIVE NUMBERS.
R  INDICATES RECORD WAS SET OR TIED.
MM INDICATES DATA IS MISSING.
T  INDICATES TRACE AMOUNT.




$$
