000
CDUS46 KOTX 260831
CLISFF


CLIMATE REPORT
NATIONAL WEATHER SERVICE SPOKANE, WA
128 AM PDT TUE MAY 26 2015


...................................

...THE SPOKANE WA FELTS AIRPORT CLIMATE SUMMARY FOR MAY 25 2015...

CLIMATE NORMAL PERIOD 1981 TO 2010
CLIMATE RECORD PERIOD 9999 TO 9999


WEATHER ITEM   OBSERVED TIME   RECORD YEAR NORMAL DEPARTURE LAST
                VALUE   (LST)  VALUE       VALUE  FROM      YEAR
                                                  NORMAL
..................................................................
TEMPERATURE (F)
 YESTERDAY
  MAXIMUM         66    216 PM  MM      MM  70     -4       72
  MINIMUM         55   1159 PM  MM      MM  45     10       50
  AVERAGE         61                        57      4       61

PRECIPITATION (IN)
  YESTERDAY        0.10         MM      MM   0.06   0.04     0.00
  MONTH TO DATE    0.70                      1.34  -0.64     0.86
  SINCE OCT 1     11.85                     13.68  -1.83     9.78
  SINCE JAN 1      7.12                      7.48  -0.36     7.50

SNOWFALL (IN)
  YESTERDAY       MM

DEGREE DAYS
 HEATING
  YESTERDAY        4                         8     -4        4
  MONTH TO DATE  136                       276   -140      172
  SINCE MAR 1   1207                      1560   -353     1414
  SINCE JUL 1   5025                      6131  -1106     6093

 COOLING
  YESTERDAY        0                         0      0        0
  MONTH TO DATE   16                         0     16        5
  SINCE MAR 1     16                         0     16        5
  SINCE JAN 1     16                         0     16        5
..................................................................


WIND (MPH)
  HIGHEST WIND SPEED    16   HIGHEST WIND DIRECTION    SE (120)
  HIGHEST GUST SPEED    20   HIGHEST GUST DIRECTION    NW (330)
  AVERAGE WIND SPEED     5.0


SKY COVER
  POSSIBLE SUNSHINE  MM
  AVERAGE SKY COVER 0.8


WEATHER CONDITIONS
 THE FOLLOWING WEATHER WAS RECORDED YESTERDAY.
  THUNDERSTORM
  HEAVY RAIN
  LIGHT RAIN
  FOG


RELATIVE HUMIDITY (PERCENT)
 HIGHEST    86          1000 PM
 LOWEST     56           200 PM
 AVERAGE    71

..........................................................


THE SPOKANE WA FELTS AIRPORT CLIMATE NORMALS FOR TODAY
                         NORMAL    RECORD    YEAR
 MAXIMUM TEMPERATURE (F)   70        MM        MM
 MINIMUM TEMPERATURE (F)   45        MM        MM


SUNRISE AND SUNSET
MAY 26 2015...........SUNRISE   500 AM PDT   SUNSET   833 PM PDT
MAY 27 2015...........SUNRISE   459 AM PDT   SUNSET   834 PM PDT


-  INDICATES NEGATIVE NUMBERS.
R  INDICATES RECORD WAS SET OR TIED.
MM INDICATES DATA IS MISSING.
T  INDICATES TRACE AMOUNT.




$$
