000
CDUS43 KSGF 222226
CLISGF


CLIMATE REPORT
NATIONAL WEATHER SERVICE SPRINGFIELD MO
525 PM CDT WED OCT 22 2014


...................................

...THE SPRINGFIELD MO CLIMATE SUMMARY FOR OCTOBER 22 2014...
VALID TODAY AS OF 0500 PM LOCAL TIME.

CLIMATE NORMAL PERIOD 1981 TO 2010
CLIMATE RECORD PERIOD 1888 TO 2014


WEATHER ITEM   OBSERVED TIME   RECORD YEAR NORMAL DEPARTURE LAST
                VALUE   (LST)  VALUE       VALUE  FROM      YEAR
                                                  NORMAL
..................................................................
TEMPERATURE (F)
 TODAY
  MAXIMUM         73    219 PM  84    1963  67      6       65
                                      1899
  MINIMUM         50    635 AM  25    1982  45      5       35
  AVERAGE         62                        56      6       50

PRECIPITATION (IN)
  TODAY            0.00          1.64 1951   0.13  -0.13     0.00
  MONTH TO DATE    7.22                      2.55   4.67     3.64
  SINCE SEP 1     12.22                      7.16   5.06     5.82
  SINCE JAN 1     34.19                     37.27  -3.08    43.97

SNOWFALL (IN)
  TODAY            0.0
  MONTH TO DATE    0.0
  SINCE SEP 1      0.0
  SINCE JUL 1      0.0
  SNOW DEPTH       0

DEGREE DAYS
 HEATING
  TODAY            3                        10     -7       15
  MONTH TO DATE  129                       153    -24      167
  SINCE SEP 1    160                       206    -46      181
  SINCE JUL 1    160                       208    -48      181

 COOLING
  TODAY            0                         0      0        0
  MONTH TO DATE   29                        27      2       44
  SINCE SEP 1    208                       200      8      274
  SINCE JAN 1   1454                      1386     68     1417
..................................................................


WIND (MPH)
  HIGHEST WIND SPEED    22   HIGHEST WIND DIRECTION    SE (150)
  HIGHEST GUST SPEED    27   HIGHEST GUST DIRECTION    SE (150)


SKY COVER
  AVERAGE SKY COVER 0.0


WEATHER CONDITIONS
 THE FOLLOWING WEATHER WAS RECORDED TODAY.
  NO SIGNIFICANT WEATHER WAS OBSERVED.


RELATIVE HUMIDITY (PERCENT)
 HIGHEST    77          1200 AM
 LOWEST     44           400 PM
 AVERAGE    61

..........................................................


THE SPRINGFIELD MO CLIMATE NORMALS FOR TOMORROW
                         NORMAL    RECORD    YEAR
 MAXIMUM TEMPERATURE (F)   67        88      1939
 MINIMUM TEMPERATURE (F)   45        24      1937


SUNRISE AND SUNSET
OCTOBER 22 2014.......SUNRISE   728 AM CDT   SUNSET   627 PM CDT
OCTOBER 23 2014.......SUNRISE   729 AM CDT   SUNSET   626 PM CDT


-  INDICATES NEGATIVE NUMBERS.
R  INDICATES RECORD WAS SET OR TIED.
MM INDICATES DATA IS MISSING.
T  INDICATES TRACE AMOUNT.




$$
