000
CDUS43 KSGF 180627
CLISGF


CLIMATE REPORT
NATIONAL WEATHER SERVICE SPRINGFIELD MO
126 AM CDT WED OCT 18 2017


...................................

...THE SPRINGFIELD MO CLIMATE SUMMARY FOR OCTOBER 17 2017...

CLIMATE NORMAL PERIOD 1981 TO 2010
CLIMATE RECORD PERIOD 1888 TO 2017


WEATHER ITEM   OBSERVED TIME   RECORD YEAR NORMAL DEPARTURE LAST
                VALUE   (LST)  VALUE       VALUE  FROM      YEAR
                                                  NORMAL
..................................................................
TEMPERATURE (F)
 YESTERDAY
  MAXIMUM         71    400 PM  89    1964  69      2       87
  MINIMUM         43    338 AM  25    1976  46     -3       68
  AVERAGE         57                        58     -1       78

PRECIPITATION (IN)
  YESTERDAY        0.00          1.46 1981   0.11  -0.11     0.00
  MONTH TO DATE    1.04                      1.94  -0.90     2.60
  SINCE SEP 1      1.63                      6.55  -4.92     6.49
  SINCE JAN 1     44.21                     36.66   7.55    32.11

SNOWFALL (IN)
  YESTERDAY        0.0
  MONTH TO DATE    0.0
  SINCE SEP 1      0.0
  SINCE JUL 1      0.0
  SNOW DEPTH       0

DEGREE DAYS
 HEATING
  YESTERDAY        8                         8      0        0
  MONTH TO DATE   56                       108    -52       53
  SINCE SEP 1     64                       161    -97       67
  SINCE JUL 1     64                       163    -99       67

 COOLING
  YESTERDAY        0                         1     -1       13
  MONTH TO DATE   82                        23     59       62
  SINCE SEP 1    300                       196    104      328
  SINCE JAN 1   1458                      1382     76     1760
..................................................................


WIND (MPH)
  HIGHEST WIND SPEED    17   HIGHEST WIND DIRECTION     S (180)
  HIGHEST GUST SPEED    24   HIGHEST GUST DIRECTION     S (200)
  AVERAGE WIND SPEED     8.9


SKY COVER
  AVERAGE SKY COVER 0.0


WEATHER CONDITIONS
 THE FOLLOWING WEATHER WAS RECORDED YESTERDAY.
  NO SIGNIFICANT WEATHER WAS OBSERVED.


RELATIVE HUMIDITY (PERCENT)
 HIGHEST    89           100 AM
 LOWEST     34           200 PM
 AVERAGE    62

..........................................................


THE SPRINGFIELD MO CLIMATE NORMALS FOR TODAY
                         NORMAL    RECORD    YEAR
 MAXIMUM TEMPERATURE (F)   68        87      2005
 MINIMUM TEMPERATURE (F)   46        25      1948


SUNRISE AND SUNSET
OCTOBER 18 2017.......SUNRISE   724 AM CDT   SUNSET   632 PM CDT
OCTOBER 19 2017.......SUNRISE   725 AM CDT   SUNSET   631 PM CDT


-  INDICATES NEGATIVE NUMBERS.
R  INDICATES RECORD WAS SET OR TIED.
MM INDICATES DATA IS MISSING.
T  INDICATES TRACE AMOUNT.




$$
