000
CDUS43 KSGF 280625
CLISGF


CLIMATE REPORT
NATIONAL WEATHER SERVICE SPRINGFIELD MO
125 AM CDT TUE JUL 28 2015


...................................

...THE SPRINGFIELD MO CLIMATE SUMMARY FOR JULY 27 2015...

CLIMATE NORMAL PERIOD 1981 TO 2010
CLIMATE RECORD PERIOD 1888 TO 2015


WEATHER ITEM   OBSERVED TIME   RECORD YEAR NORMAL DEPARTURE LAST
                VALUE   (LST)  VALUE       VALUE  FROM      YEAR
                                                  NORMAL
..................................................................
TEMPERATURE (F)
 YESTERDAY
  MAXIMUM         94    211 PM 102    2012  90      4       95
                                      1986
  MINIMUM         75    529 AM  52    2004  68      7       67
  AVERAGE         85                        79      6       81

PRECIPITATION (IN)
  YESTERDAY        0.00          1.42 1979   0.10  -0.10     0.00
  MONTH TO DATE    9.21                      3.29   5.92     2.25
  SINCE JUN 1     13.99                      8.14   5.85     8.48
  SINCE JAN 1     29.39                     26.17   3.22    19.96

SNOWFALL (IN)
  YESTERDAY        0.0
  MONTH TO DATE    0.0
  SINCE JUN 1      0.0
  SINCE JUL 1      0.0
  SNOW DEPTH       0

DEGREE DAYS
 HEATING
  YESTERDAY        0                         0      0        0
  MONTH TO DATE    0                         0      0        0
  SINCE JUN 1      1                         9     -8        0
  SINCE JUL 1      0                         0      0        0

 COOLING
  YESTERDAY       20                        14      6       16
  MONTH TO DATE  396                       355     41      265
  SINCE JUN 1    746                       618    128      559
  SINCE JAN 1    888                       733    155      752
..................................................................


WIND (MPH)
  HIGHEST WIND SPEED    12   HIGHEST WIND DIRECTION     S (180)
  HIGHEST GUST SPEED    15   HIGHEST GUST DIRECTION    SE (150)
  AVERAGE WIND SPEED     6.6


SKY COVER
  AVERAGE SKY COVER 0.1


WEATHER CONDITIONS
 THE FOLLOWING WEATHER WAS RECORDED YESTERDAY.
  NO SIGNIFICANT WEATHER WAS OBSERVED.


RELATIVE HUMIDITY (PERCENT)
 HIGHEST    94           600 AM
 LOWEST     46           200 PM
 AVERAGE    70

..........................................................


THE SPRINGFIELD MO CLIMATE NORMALS FOR TODAY
                         NORMAL    RECORD    YEAR
 MAXIMUM TEMPERATURE (F)   90       102      1986
 MINIMUM TEMPERATURE (F)   68        53      1994


SUNRISE AND SUNSET
JULY 28 2015..........SUNRISE   615 AM CDT   SUNSET   825 PM CDT
JULY 29 2015..........SUNRISE   616 AM CDT   SUNSET   824 PM CDT


-  INDICATES NEGATIVE NUMBERS.
R  INDICATES RECORD WAS SET OR TIED.
MM INDICATES DATA IS MISSING.
T  INDICATES TRACE AMOUNT.




$$
