000
CDUS43 KSGF 120627
CLISGF


CLIMATE REPORT
NATIONAL WEATHER SERVICE SPRINGFIELD MO
1226 AM CST TUE DEC 12 2017


...................................

...THE SPRINGFIELD MO CLIMATE SUMMARY FOR DECEMBER 11 2017...

CLIMATE NORMAL PERIOD 1981 TO 2010
CLIMATE RECORD PERIOD 1888 TO 2017


WEATHER ITEM   OBSERVED TIME   RECORD YEAR NORMAL DEPARTURE LAST
                VALUE   (LST)  VALUE       VALUE  FROM      YEAR
                                                  NORMAL
..................................................................
TEMPERATURE (F)
 YESTERDAY
  MAXIMUM         61    150 PM  73    1949  46     15       49
  MINIMUM         30    251 AM   0    1962  26      4       38
  AVERAGE         46                        36     10       44

PRECIPITATION (IN)
  YESTERDAY        0.00          1.07 1965   0.10  -0.10     0.09
  MONTH TO DATE    0.05                      1.23  -1.18     0.26
  SINCE DEC 1      0.05                      1.23  -1.18     0.26
  SINCE JAN 1     46.08                     43.76   2.32    35.89

SNOWFALL (IN)
  YESTERDAY        0.0
  MONTH TO DATE    0.0
  SINCE DEC 1      0.0
  SINCE JUL 1      0.0
  SNOW DEPTH       0

DEGREE DAYS
 HEATING
  YESTERDAY       19                        29    -10       21
  MONTH TO DATE  250                       306    -56      329
  SINCE DEC 1    250                       306    -56      329
  SINCE JUL 1    934                      1185   -251      845

 COOLING
  YESTERDAY        0                         0      0        0
  MONTH TO DATE    0                         0      0        0
  SINCE DEC 1      0                         0      0        0
  SINCE JAN 1   1467                      1389     78     1808
..................................................................


WIND (MPH)
  HIGHEST WIND SPEED    31   HIGHEST WIND DIRECTION     N (350)
  HIGHEST GUST SPEED    40   HIGHEST GUST DIRECTION     N (340)
  AVERAGE WIND SPEED    14.2


SKY COVER
  AVERAGE SKY COVER 0.1


WEATHER CONDITIONS
 THE FOLLOWING WEATHER WAS RECORDED YESTERDAY.
  NO SIGNIFICANT WEATHER WAS OBSERVED.


RELATIVE HUMIDITY (PERCENT)
 HIGHEST    69           300 AM
 LOWEST     19          1200 PM
 AVERAGE    44

..........................................................


THE SPRINGFIELD MO CLIMATE NORMALS FOR TODAY
                         NORMAL    RECORD    YEAR
 MAXIMUM TEMPERATURE (F)   45        74      1889
 MINIMUM TEMPERATURE (F)   25        -5      1962


SUNRISE AND SUNSET
DECEMBER 12 2017......SUNRISE   718 AM CST   SUNSET   457 PM CST
DECEMBER 13 2017......SUNRISE   719 AM CST   SUNSET   457 PM CST


-  INDICATES NEGATIVE NUMBERS.
R  INDICATES RECORD WAS SET OR TIED.
MM INDICATES DATA IS MISSING.
T  INDICATES TRACE AMOUNT.




$$
