000
CDUS45 KBYZ 280931
CLISHR


CLIMATE REPORT
NATIONAL WEATHER SERVICE BILLINGS MT
331 AM MDT THU AUG 28 2014


...................................

...THE SHERIDAN WY CLIMATE SUMMARY FOR AUGUST 27 2014...

CLIMATE NORMAL PERIOD 1981 TO 2010
CLIMATE RECORD PERIOD 1907 TO 2014


WEATHER ITEM   OBSERVED TIME   RECORD YEAR NORMAL DEPARTURE LAST
                VALUE   (LST)  VALUE       VALUE  FROM      YEAR
                                                  NORMAL
..................................................................
TEMPERATURE (F)
 YESTERDAY
  MAXIMUM         85    149 PM  99    1937  84      1       92
  MINIMUM         46    536 AM  35    1976  49     -3       63
  AVERAGE         66                        66      0       78

PRECIPITATION (IN)
  YESTERDAY        0.00          0.97 1956   0.03  -0.03      T
  MONTH TO DATE    0.89                      0.61   0.28     0.05
  SINCE OCT 1     14.67                     12.62   2.05    12.53
  SINCE JAN 1     10.91                      9.94   0.97     9.99

SNOWFALL (IN)
  YESTERDAY       MM             0.0  2000   0.0   MM       MM
  MONTH TO DATE   MM                         0.0   MM       MM
  SINCE JUN 1     MM                         T     MM       MM
  SINCE JUL 1     MM                         0.0   MM       MM
  SNOW DEPTH      MM

DEGREE DAYS
 HEATING
  YESTERDAY        0                         2     -2        0
  MONTH TO DATE   34                        25      9        0
  SINCE JUN 1    225                       200     25      121
  SINCE JUL 1     43                        51     -8        1

 COOLING
  YESTERDAY        1                         3     -2       13
  MONTH TO DATE  124                       147    -23      192
  SINCE JUN 1    307                       375    -68      462
  SINCE JAN 1    315                       379    -64      470
..................................................................


WIND (MPH)
  HIGHEST WIND SPEED    16   HIGHEST WIND DIRECTION    SE (140)
  HIGHEST GUST SPEED    20   HIGHEST GUST DIRECTION    SE (140)
  AVERAGE WIND SPEED     2.4


SKY COVER
  POSSIBLE SUNSHINE  MM
  AVERAGE SKY COVER 0.1


WEATHER CONDITIONS
 THE FOLLOWING WEATHER WAS RECORDED YESTERDAY.
  NO SIGNIFICANT WEATHER WAS OBSERVED.


RELATIVE HUMIDITY (PERCENT)
 HIGHEST    93           400 AM
 LOWEST     31           200 PM
 AVERAGE    62

..........................................................


THE SHERIDAN WY CLIMATE NORMALS FOR TODAY
                         NORMAL    RECORD    YEAR
 MAXIMUM TEMPERATURE (F)   83       100      1924
 MINIMUM TEMPERATURE (F)   49        31      1911


SUNRISE AND SUNSET
AUGUST 28 2014........SUNRISE   626 AM MDT   SUNSET   752 PM MDT
AUGUST 29 2014........SUNRISE   627 AM MDT   SUNSET   750 PM MDT


-  INDICATES NEGATIVE NUMBERS.
R  INDICATES RECORD WAS SET OR TIED.
MM INDICATES DATA IS MISSING.
T  INDICATES TRACE AMOUNT.




$$
