000
CDUS45 KBYZ 242324
CLISHR


CLIMATE REPORT
NATIONAL WEATHER SERVICE BILLINGS MT
423 PM MST TUE JAN 24 2017


...................................

...THE SHERIDAN WY CLIMATE SUMMARY FOR JANUARY 24 2017...
VALID TODAY AS OF 0400 PM LOCAL TIME.

CLIMATE NORMAL PERIOD 1981 TO 2010
CLIMATE RECORD PERIOD 1907 TO 2017


WEATHER ITEM   OBSERVED TIME   RECORD YEAR NORMAL DEPARTURE LAST
                VALUE   (LST)  VALUE       VALUE  FROM      YEAR
                                                  NORMAL
..................................................................
TEMPERATURE (F)
 TODAY
  MAXIMUM         22   1155 AM  69    2005  37    -15       41
  MINIMUM         17    409 PM -29    1929  12      5       29
  AVERAGE         20                        24     -4       35

PRECIPITATION (IN)
  TODAY            0.19          0.45 1946   0.02   0.17     0.03
  MONTH TO DATE    0.54                      0.42   0.12     0.40
  SINCE OCT 1      4.27                      3.10   1.17     2.55
  SINCE JAN 1      0.54                      0.42   0.12     0.40

DEGREE DAYS
 HEATING
  TODAY           45                        41      4       30
  MONTH TO DATE 1246                       993    253      950
  SINCE DEC 1   2774                      2298    476     2163
  SINCE JUL 1   4251                      4176     75     3715

 COOLING
  TODAY            0                         0      0        0
  MONTH TO DATE    0                         0      0        0
  SINCE DEC 1      0                         0      0        0
  SINCE JAN 1      0                         0      0        0
..................................................................


WIND (MPH)
  HIGHEST WIND SPEED    13   HIGHEST WIND DIRECTION    NW (310)
  HIGHEST GUST SPEED    15   HIGHEST GUST DIRECTION    NW (300)
  AVERAGE WIND SPEED     5.7


SKY COVER
  POSSIBLE SUNSHINE  MM
  AVERAGE SKY COVER 1.0


WEATHER CONDITIONS
 THE FOLLOWING WEATHER WAS RECORDED TODAY.
  LIGHT SNOW
  FOG
  HAZE


RELATIVE HUMIDITY (PERCENT)
 HIGHEST    91          1200 AM
 LOWEST     77           200 PM
 AVERAGE    84

..........................................................


THE SHERIDAN WY CLIMATE NORMALS FOR TOMORROW
                         NORMAL    RECORD    YEAR
 MAXIMUM TEMPERATURE (F)   37        60      2002
 MINIMUM TEMPERATURE (F)   12       -30      1940


SUNRISE AND SUNSET
JANUARY 24 2017.......SUNRISE   735 AM MST   SUNSET   506 PM MST
JANUARY 25 2017.......SUNRISE   734 AM MST   SUNSET   507 PM MST


-  INDICATES NEGATIVE NUMBERS.
R  INDICATES RECORD WAS SET OR TIED.
MM INDICATES DATA IS MISSING.
T  INDICATES TRACE AMOUNT.




$$
