633
CDUS45 KBYZ 282223
CLISHR


CLIMATE REPORT
NATIONAL WEATHER SERVICE BILLINGS MT
423 PM MDT WED JUN 28 2017


...................................

...THE SHERIDAN WY CLIMATE SUMMARY FOR JUNE 28 2017...
VALID TODAY AS OF 0400 PM LOCAL TIME.

CLIMATE NORMAL PERIOD 1981 TO 2010
CLIMATE RECORD PERIOD 1907 TO 2017


WEATHER ITEM   OBSERVED TIME   RECORD YEAR NORMAL DEPARTURE LAST
                VALUE   (LST)  VALUE       VALUE  FROM      YEAR
                                                  NORMAL
..................................................................
TEMPERATURE (F)
 TODAY
  MAXIMUM         83    214 PM 103    1919  82      1       89
  MINIMUM         47    446 AM  36    2000  50     -3       51
  AVERAGE         65                        66     -1       70

PRECIPITATION (IN)
  TODAY            0.00          0.59 1918   0.05  -0.05     0.00
  MONTH TO DATE    1.03                      2.03  -1.00     0.37
  SINCE OCT 1     16.73                     10.74   5.99     9.98
  SINCE JAN 1     13.00                      8.06   4.94     7.83

DEGREE DAYS
 HEATING
  TODAY            0                         2     -2        0
  MONTH TO DATE   65                       144    -79       16
  SINCE JUN 1     65                       144    -79       16
  SINCE JUL 1   7288                      7638   -350     6456

 COOLING
  TODAY            0                         3     -3        5
  MONTH TO DATE   34                        41     -7      107
  SINCE JUN 1     34                        41     -7      107
  SINCE JAN 1     34                        45    -11      109
..................................................................


WIND (MPH)
  HIGHEST WIND SPEED    16   HIGHEST WIND DIRECTION    SE (150)
  HIGHEST GUST SPEED    21   HIGHEST GUST DIRECTION    SE (140)
  AVERAGE WIND SPEED     4.9


SKY COVER
  POSSIBLE SUNSHINE  MM
  AVERAGE SKY COVER 0.2


WEATHER CONDITIONS
 THE FOLLOWING WEATHER WAS RECORDED TODAY.
  NO SIGNIFICANT WEATHER WAS OBSERVED.


RELATIVE HUMIDITY (PERCENT)
 HIGHEST    89          1200 AM
 LOWEST     28           200 PM
 AVERAGE    59

..........................................................


THE SHERIDAN WY CLIMATE NORMALS FOR TOMORROW
                         NORMAL    RECORD    YEAR
 MAXIMUM TEMPERATURE (F)   82       104      2002
 MINIMUM TEMPERATURE (F)   50        35      1908


SUNRISE AND SUNSET
JUNE 28 2017..........SUNRISE   525 AM MDT   SUNSET   858 PM MDT
JUNE 29 2017..........SUNRISE   525 AM MDT   SUNSET   858 PM MDT


-  INDICATES NEGATIVE NUMBERS.
R  INDICATES RECORD WAS SET OR TIED.
MM INDICATES DATA IS MISSING.
T  INDICATES TRACE AMOUNT.




$$
