000
CDUS45 KBYZ 270935
CLISHR


CLIMATE REPORT
NATIONAL WEATHER SERVICE BILLINGS MT
333 AM MDT WED MAY 27 2015


...................................

...THE SHERIDAN WY CLIMATE SUMMARY FOR MAY 26 2015...

CLIMATE NORMAL PERIOD 1981 TO 2010
CLIMATE RECORD PERIOD 1907 TO 2015


WEATHER ITEM   OBSERVED TIME   RECORD YEAR NORMAL DEPARTURE LAST
                VALUE   (LST)  VALUE       VALUE  FROM      YEAR
                                                  NORMAL
..................................................................
TEMPERATURE (F)
 YESTERDAY
  MAXIMUM         70   1213 PM  94    1934  70      0       85
  MINIMUM         38    455 AM  30    1932  41     -3       44
  AVERAGE         54                        55     -1       65

PRECIPITATION (IN)
  YESTERDAY        T             0.61 2013   0.08  -0.08     0.00
  MONTH TO DATE    4.35                      1.97   2.38     1.58
  SINCE OCT 1     10.30                      8.33   1.97    10.42
  SINCE JAN 1      7.91                      5.65   2.26     6.66

DEGREE DAYS
 HEATING
  YESTERDAY       11                        10      1        0
  MONTH TO DATE  408                       347     61      346
  SINCE MAR 1   1727                      1913   -186     1963
  SINCE JUL 1   6957                      7448   -491     7713

 COOLING
  YESTERDAY        0                         0      0        0
  MONTH TO DATE    0                         0      0        0
  SINCE MAR 1      0                         0      0        0
  SINCE JAN 1      0                         0      0        0
..................................................................


WIND (MPH)
  HIGHEST WIND SPEED    22   HIGHEST WIND DIRECTION    NW (310)
  HIGHEST GUST SPEED    27   HIGHEST GUST DIRECTION    NW (310)
  AVERAGE WIND SPEED     4.5


SKY COVER
  POSSIBLE SUNSHINE  MM
  AVERAGE SKY COVER 0.3


WEATHER CONDITIONS
 THE FOLLOWING WEATHER WAS RECORDED YESTERDAY.
  THUNDERSTORM
  FOG


RELATIVE HUMIDITY (PERCENT)
 HIGHEST   100           500 AM
 LOWEST     45          1100 AM
 AVERAGE    73

..........................................................


THE SHERIDAN WY CLIMATE NORMALS FOR TODAY
                         NORMAL    RECORD    YEAR
 MAXIMUM TEMPERATURE (F)   70        93      1934
 MINIMUM TEMPERATURE (F)   41        29      1965


SUNRISE AND SUNSET
MAY 27 2015...........SUNRISE   529 AM MDT   SUNSET   842 PM MDT
MAY 28 2015...........SUNRISE   528 AM MDT   SUNSET   843 PM MDT


-  INDICATES NEGATIVE NUMBERS.
R  INDICATES RECORD WAS SET OR TIED.
MM INDICATES DATA IS MISSING.
T  INDICATES TRACE AMOUNT.




$$
