000
CDUS45 KBYZ 302229
CLISHR


CLIMATE REPORT
NATIONAL WEATHER SERVICE BILLINGS MT
428 PM MDT SUN APR 30 2017


...................................

...THE SHERIDAN WY CLIMATE SUMMARY FOR APRIL 30 2017...
VALID TODAY AS OF 0400 PM LOCAL TIME.

CLIMATE NORMAL PERIOD 1981 TO 2010
CLIMATE RECORD PERIOD 1907 TO 2017


WEATHER ITEM   OBSERVED TIME   RECORD YEAR NORMAL DEPARTURE LAST
                VALUE   (LST)  VALUE       VALUE  FROM      YEAR
                                                  NORMAL
..................................................................
TEMPERATURE (F)
 TODAY
  MAXIMUM         59    134 PM  84    1926  62     -3       53
  MINIMUM         23    429 AM  10    1950  34    -11       39
  AVERAGE         41                        48     -7       46

PRECIPITATION (IN)
  TODAY            0.00          1.17 2003   0.07  -0.07      T
  MONTH TO DATE    4.60                      1.60   3.00     3.36
  SINCE OCT 1     13.46                      6.36   7.10     8.55
  SINCE JAN 1      9.73                      3.68   6.05     6.40

DEGREE DAYS
 HEATING
  TODAY           24                        17      7       19
  MONTH TO DATE  611                       642    -31      547
  SINCE MAR 1   1346                      1566   -220     1317
  SINCE JUL 1   6868                      7101   -233     6063

 COOLING
  TODAY            0                         0      0        0
  MONTH TO DATE    0                         0      0        0
  SINCE MAR 1      0                         0      0        0
  SINCE JAN 1      0                         0      0        0
..................................................................


WIND (MPH)
  HIGHEST WIND SPEED    10   HIGHEST WIND DIRECTION    SW (210)
  HIGHEST GUST SPEED    13   HIGHEST GUST DIRECTION     S (190)
  AVERAGE WIND SPEED     2.5


SKY COVER
  POSSIBLE SUNSHINE  MM
  AVERAGE SKY COVER 0.2


WEATHER CONDITIONS
 THE FOLLOWING WEATHER WAS RECORDED TODAY.
  NO SIGNIFICANT WEATHER WAS OBSERVED.


RELATIVE HUMIDITY (PERCENT)
 HIGHEST    81           100 AM
 LOWEST     32          1200 PM
 AVERAGE    57

..........................................................


THE SHERIDAN WY CLIMATE NORMALS FOR TOMORROW
                         NORMAL    RECORD    YEAR
 MAXIMUM TEMPERATURE (F)   62        84      1981
                                             1955
 MINIMUM TEMPERATURE (F)   34        18      1950


SUNRISE AND SUNSET
APRIL 30 2017.........SUNRISE   559 AM MDT   SUNSET   812 PM MDT
MAY  1 2017...........SUNRISE   557 AM MDT   SUNSET   813 PM MDT


-  INDICATES NEGATIVE NUMBERS.
R  INDICATES RECORD WAS SET OR TIED.
MM INDICATES DATA IS MISSING.
T  INDICATES TRACE AMOUNT.




$$
