440
CDUS45 KBYZ 112323
CLISHR


CLIMATE REPORT
NATIONAL WEATHER SERVICE BILLINGS MT
423 PM MST MON DEC 11 2017


...................................

...THE SHERIDAN WY CLIMATE SUMMARY FOR DECEMBER 11 2017...
VALID TODAY AS OF 0400 PM LOCAL TIME.

CLIMATE NORMAL PERIOD 1981 TO 2010
CLIMATE RECORD PERIOD 1907 TO 2017


WEATHER ITEM   OBSERVED TIME   RECORD YEAR NORMAL DEPARTURE LAST
                VALUE   (LST)  VALUE       VALUE  FROM      YEAR
                                                  NORMAL
..................................................................
TEMPERATURE (F)
 TODAY
  MAXIMUM         50    220 PM  68    1939  35     15       37
  MINIMUM         29    243 AM -24    1932  11     18        3
  AVERAGE         40                        23     17       20

PRECIPITATION (IN)
  TODAY            0.00          0.33 1916   0.02  -0.02     0.00
  MONTH TO DATE    0.02                      0.22  -0.20     0.21
  SINCE OCT 1      1.90                      2.34  -0.44     2.94
  SINCE JAN 1     17.68                     13.82   3.86    16.16

DEGREE DAYS
 HEATING
  TODAY           25                        42    -17       45
  MONTH TO DATE  316                       452   -136      527
  SINCE DEC 1    316                       452   -136      527
  SINCE JUL 1   2106                      2330   -224     2004

 COOLING
  TODAY            0                         0      0        0
  MONTH TO DATE    0                         0      0        0
  SINCE DEC 1      0                         0      0        0
  SINCE JAN 1    481                       419     62      549
..................................................................


WIND (MPH)
  HIGHEST WIND SPEED    20   HIGHEST WIND DIRECTION    NW (310)
  HIGHEST GUST SPEED    23   HIGHEST GUST DIRECTION    NW (320)
  AVERAGE WIND SPEED     8.3


SKY COVER
  POSSIBLE SUNSHINE  MM
  AVERAGE SKY COVER 0.0


WEATHER CONDITIONS
 THE FOLLOWING WEATHER WAS RECORDED TODAY.
  NO SIGNIFICANT WEATHER WAS OBSERVED.


RELATIVE HUMIDITY (PERCENT)
 HIGHEST    47           600 AM
 LOWEST     26          1100 AM
 AVERAGE    37

..........................................................


THE SHERIDAN WY CLIMATE NORMALS FOR TOMORROW
                         NORMAL    RECORD    YEAR
 MAXIMUM TEMPERATURE (F)   35        66      1924
                                             1921
 MINIMUM TEMPERATURE (F)   10       -24      1922


SUNRISE AND SUNSET
DECEMBER 11 2017......SUNRISE   735 AM MST   SUNSET   427 PM MST
DECEMBER 12 2017......SUNRISE   736 AM MST   SUNSET   427 PM MST


-  INDICATES NEGATIVE NUMBERS.
R  INDICATES RECORD WAS SET OR TIED.
MM INDICATES DATA IS MISSING.
T  INDICATES TRACE AMOUNT.




$$
