000
CDUS45 KBYZ 191035
CLISHR


CLIMATE REPORT
NATIONAL WEATHER SERVICE BILLINGS MT
333 AM MST FRI DEC 19 2014


...................................

...THE SHERIDAN WY CLIMATE SUMMARY FOR DECEMBER 18 2014...

CLIMATE NORMAL PERIOD 1981 TO 2010
CLIMATE RECORD PERIOD 1907 TO 2014


WEATHER ITEM   OBSERVED TIME   RECORD YEAR NORMAL DEPARTURE LAST
                VALUE   (LST)  VALUE       VALUE  FROM      YEAR
                                                  NORMAL
..................................................................
TEMPERATURE (F)
 YESTERDAY
  MAXIMUM         41    331 PM  68    1988  34      7       57
  MINIMUM         10    646 AM -33    1924  10      0       23
  AVERAGE         26                        22      4       40

PRECIPITATION (IN)
  YESTERDAY        0.00          0.25        0.02  -0.02     0.00
  MONTH TO DATE    0.29                      0.34  -0.05     0.67
  SINCE OCT 1      1.94                      2.46  -0.52     3.31
  SINCE JAN 1     14.64                     13.94   0.70    17.56

DEGREE DAYS
 HEATING
  YESTERDAY       39                        43     -4       25
  MONTH TO DATE  642                       751   -109      892
  SINCE DEC 1    642                       751   -109      892
  SINCE JUL 1   2468                      2629   -161     2697

 COOLING
  YESTERDAY        0                         0      0        0
  MONTH TO DATE    0                         0      0        0
  SINCE DEC 1      0                         0      0        0
  SINCE JAN 1    346                       419    -73      592
..................................................................


WIND (MPH)
  HIGHEST WIND SPEED     9   HIGHEST WIND DIRECTION     S (190)
  HIGHEST GUST SPEED    10   HIGHEST GUST DIRECTION     S (190)
  AVERAGE WIND SPEED     2.4


SKY COVER
  POSSIBLE SUNSHINE  MM
  AVERAGE SKY COVER 0.0


WEATHER CONDITIONS
 THE FOLLOWING WEATHER WAS RECORDED YESTERDAY.
  NO SIGNIFICANT WEATHER WAS OBSERVED.


RELATIVE HUMIDITY (PERCENT)
 HIGHEST    92           100 AM
 LOWEST     46           300 PM
 AVERAGE    69

..........................................................


THE SHERIDAN WY CLIMATE NORMALS FOR TODAY
                         NORMAL    RECORD    YEAR
 MAXIMUM TEMPERATURE (F)   34        62      2004
 MINIMUM TEMPERATURE (F)   10       -25      1924


SUNRISE AND SUNSET
DECEMBER 19 2014......SUNRISE   741 AM MST   SUNSET   429 PM MST
DECEMBER 20 2014......SUNRISE   742 AM MST   SUNSET   429 PM MST


-  INDICATES NEGATIVE NUMBERS.
R  INDICATES RECORD WAS SET OR TIED.
MM INDICATES DATA IS MISSING.
T  INDICATES TRACE AMOUNT.




$$
