000
CDUS45 KBYZ 022222
CLISHR


CLIMATE REPORT
NATIONAL WEATHER SERVICE BILLINGS MT
421 PM MDT THU JUL 2 2015


...................................

...THE SHERIDAN WY CLIMATE SUMMARY FOR JULY 2 2015...
VALID TODAY AS OF 0400 PM LOCAL TIME.

CLIMATE NORMAL PERIOD 1981 TO 2010
CLIMATE RECORD PERIOD 1907 TO 2015


WEATHER ITEM   OBSERVED TIME   RECORD YEAR NORMAL DEPARTURE LAST
                VALUE   (LST)  VALUE       VALUE  FROM      YEAR
                                                  NORMAL
..................................................................
TEMPERATURE (F)
 TODAY
  MAXIMUM         85    251 PM 102    1990  84      1       82
  MINIMUM         55    452 AM  36    1915  51      4       42
  AVERAGE         70                        67      3       62

PRECIPITATION (IN)
  TODAY            0.00          1.40 1939   0.04  -0.04     0.00
  MONTH TO DATE    0.00                      0.08  -0.08     0.00
  SINCE OCT 1     14.42                     10.91   3.51    12.77
  SINCE JAN 1     12.03                      8.23   3.80     9.01

DEGREE DAYS
 HEATING
  TODAY            0                         2     -2        3
  MONTH TO DATE    0                         4     -4        7
  SINCE JUN 1     44                       153   -109      189
  SINCE JUL 1      0                         4     -4        7

 COOLING
  TODAY            5                         4      1        0
  MONTH TO DATE   13                         8      5        0
  SINCE JUN 1     92                        54     38        8
  SINCE JAN 1     92                        58     34       16
..................................................................


WIND (MPH)
  HIGHEST WIND SPEED    14   HIGHEST WIND DIRECTION     N (340)
  HIGHEST GUST SPEED    19   HIGHEST GUST DIRECTION     W (290)
  AVERAGE WIND SPEED     5.8


SKY COVER
  POSSIBLE SUNSHINE  MM
  AVERAGE SKY COVER 0.2


WEATHER CONDITIONS
 THE FOLLOWING WEATHER WAS RECORDED TODAY.
  NO SIGNIFICANT WEATHER WAS OBSERVED.


RELATIVE HUMIDITY (PERCENT)
 HIGHEST    93           400 AM
 LOWEST     34           300 PM
 AVERAGE    64

..........................................................


THE SHERIDAN WY CLIMATE NORMALS FOR TOMORROW
                         NORMAL    RECORD    YEAR
 MAXIMUM TEMPERATURE (F)   84       103      1936
 MINIMUM TEMPERATURE (F)   51        36      1921


SUNRISE AND SUNSET
JULY  2 2015..........SUNRISE   526 AM MDT   SUNSET   857 PM MDT
JULY  3 2015..........SUNRISE   527 AM MDT   SUNSET   857 PM MDT


-  INDICATES NEGATIVE NUMBERS.
R  INDICATES RECORD WAS SET OR TIED.
MM INDICATES DATA IS MISSING.
T  INDICATES TRACE AMOUNT.




$$
